{"id":6746,"date":"2021-04-26T13:09:25","date_gmt":"2021-04-26T11:09:25","guid":{"rendered":"https:\/\/agora.xtec.cat\/iessantfeliu\/?page_id=6746"},"modified":"2024-10-01T10:58:52","modified_gmt":"2024-10-01T08:58:52","slug":"politica-de-qualitat","status":"publish","type":"page","link":"https:\/\/agora.xtec.cat\/iessantfeliu\/politica-de-qualitat\/","title":{"rendered":"Pol\u00edtica de Qualitat"},"content":{"rendered":"<p><b>Pol\u00edtica de Qualitat<\/b><\/p>\n<p>L\u2019 Institut de Sant Feliu de Gu\u00edxols ent\u00e9n la qualitat com un dels objectiu principals en la gesti\u00f3 del centre per tal de garantir les expectatives i necessitats dels grups d\u2019inter\u00e8s basant-se en la comunicaci\u00f3 i transpar\u00e8ncia, en la gesti\u00f3 dels processos del centre definits al mapa de processos.<\/p>\n<p>Per aquest motiu, l&#8217;Institut de Sant Feliu de Gu\u00edxols, ha implementant a partir del curs 2021-22 un Sistema de Gesti\u00f3 de Qualitat basat en la Norma ISO 9001:2015 d\u2019acord amb els objectius planificats al PdD i concretats a la PGA, amb abast als ensenyaments de Formaci\u00f3 Professional i a la gesti\u00f3 del centre, cercant un model de gesti\u00f3 de millora cont\u00ednua i aspirant a l\u2019excel\u00b7l\u00e8ncia dels resultats educatius.<\/p>\n<p>Aquest comprom\u00eds afecta a l\u2019organitzaci\u00f3 del centre i concretament en Cicles formatius, estudis que abasta aquest sistema de gesti\u00f3 de qualitat mitjan\u00e7ant:<\/p>\n<ul>\n<li>La sensibilitzaci\u00f3 del personal en la detecci\u00f3 i satisfacci\u00f3 dels requisits i necessitats dels clients.<\/li>\n<li>Establiment, aprovaci\u00f3 i difusi\u00f3 de la pol\u00edtica de qualitat<\/li>\n<li>Revisi\u00f3 peri\u00f2dica del sistema de gesti\u00f3 de qualitat basant-se en la millora cont\u00ednua<\/li>\n<li>Mantenir una organitzaci\u00f3 que garanteixi l\u2019ensenyament i aprenentatge.<\/li>\n<li>Establir un sistema de comunicaci\u00f3 que permeti transpar\u00e8ncia i acc\u00e9s a la informaci\u00f3.<\/li>\n<\/ul>\n<p>Tal com es preveu en l&#8217;aplicaci\u00f3 de la Norma UNE-EN ISO 9001:2015, s&#8217;exclou el cap\u00edtol 8.3 Disseny i desenvolupament del servei ja que, per la naturalesa de l&#8217;organitzaci\u00f3 i del seu servei, no hi ha disseny de servei donat que \u00e9s el Departament d\u2019Ensenyament qui estableix les directrius d\u2019aquest.<\/p>\n<p><b>La visi\u00f3<\/b><\/p>\n<p>El nostre horitz\u00f3. L\u2019aspiraci\u00f3.<\/p>\n<p>L\u2019Institut de Sant Feliu de Gu\u00edxols volem ser un centre excel\u00b7lent: en doc\u00e8ncia; en oferta formativa, acad\u00e8mica i professional; en la oferta de pluriling\u00fcisme; en el domini i \u00fas de les tecnologies, la programaci\u00f3 i la rob\u00f2tica; en orientaci\u00f3 i organitzaci\u00f3; en implicaci\u00f3, detecci\u00f3 i satisfacci\u00f3 de les necessitats l\u00edcites de tota la comunitat educativa; en l\u2019atenci\u00f3 a la diversitat; en l\u2019acollida dels agents relacionats i implicats; i en la relaci\u00f3 i integraci\u00f3 amb l\u2019entorn.<\/p>\n<p>Aspirem a preparar homes i dones amb un esperit cr\u00edtic, obert, cooperador i democr\u00e0tic amb un profund sentit \u00e8tic i responsable que els ajudi a ser \u00fatils a la societat.<\/p>\n<p>&nbsp;<\/p>\n<p><b>La missi\u00f3<\/b><\/p>\n<p>Qui som? Qu\u00e8 pretenem? El comprom\u00eds<\/p>\n<p>Som un centre p\u00fablic que formem la ciutadania de dem\u00e0, preparat per a un m\u00f3n canviant, respectu\u00f3s amb els altres i l\u2019entorn, amb ganes d\u2019aprendre i col\u00b7laborar, coneixedor de la cultura i la llengua catalana, amb capacitat per assumir reptes socials, acad\u00e8mics i professionals.<\/p>\n<p>Pret\u00e9n consolidar tots els projectes pedag\u00f2gics i d\u2019innovaci\u00f3 per encetar-ne de nous. Volem actualitzar les metodologies pedag\u00f2giques en el nou paradigma de les tecnologies de l\u2019aprenentatge i de la comunicaci\u00f3 i el treball cooperatiu. \u00c9s per aix\u00f2 que cal mantenir els cercles de qualitat derivats de l\u2019avaluaci\u00f3 interna. Tamb\u00e9 hem de potenciar els canals de participaci\u00f3 dels alumnes i de les seves fam\u00edlies en la vida quotidiana per refor\u00e7ar-ne el sentiment de pertinen\u00e7a i la cohesi\u00f3 social.<\/p>\n<p>Volem ser un centre arrelat a la poblaci\u00f3, innovador, amb visi\u00f3 de futur i un referent de qualitat educativa que potenci\u00ed les habilitats comunicatives en catal\u00e0, castell\u00e0 i angl\u00e8s, les compet\u00e8ncies del segle XXI i capdavanter en l\u2019\u00fas de les TIC per afavorir l\u2019\u00e8xit i l\u2019excel\u00b7l\u00e8ncia en els resultats a partir de l\u2019equitat i la inclusi\u00f3 i del desenvolupament de les potencialitats de cada alumne.<\/p>\n<p>&nbsp;<\/p>\n<p><b>Els valors<\/b><\/p>\n<p>L\u2019 Institut es defineix com a integrador, laic, comprom\u00e8s amb la llengua i la cultura catalana i respectu\u00f3s amb totes les cultures i ideologies en el marc de la conviv\u00e8ncia democr\u00e0tica.<\/p>\n<p>Els valors que inspiren la nostra tasca s\u00f3n: integritat, igualtat, respecte a un mateix i als altres, esfor\u00e7, responsabilitat, efic\u00e0cia, efici\u00e8ncia i rigor. Volem que tota la comunitat educativa se senti a gust i implicada en aquesta gran tasca.<\/p>\n<p>&nbsp;<\/p>\n<p><a href=\"https:\/\/drive.google.com\/file\/d\/1IUcoEprVQMm0n3EApdeIyw2NiKOOUspa\/view?usp=sharing\">Visualitzar certificat ISO 900<\/a><\/p>\n<p><span style=\"color: #333333;\">\u00daltima revisi\u00f3: 1\/10\/2024<\/span><span style=\"color: #333333;\"><br \/>\n<\/span><\/p>\n<p><span style=\"color: #333333;\">Xavi Rio N\u00fa\u00f1ez\u00a0<\/span><\/p>\n<p><span style=\"color: #333333;\">Director<\/span><\/p>\n<p>&nbsp;<\/p>\n","protected":false},"excerpt":{"rendered":"<p>Pol\u00edtica de Qualitat<br \/>\nL\u2019 Institut de Sant Feliu de Gu\u00edxols ent\u00e9n la qualitat com un dels objectiu principals en la gesti\u00f3 del centre per tal de garantir les expectatives i necessitats dels grups d\u2019inter\u00e8s basant-se en la comunicaci\u00f3 i transpar\u00e8ncia, en la gesti\u00f3 dels processos del&hellip;  <a href=\"https:\/\/agora.xtec.cat\/iessantfeliu\/politica-de-qualitat\/\" title=\"Read Pol\u00edtica de Qualitat\">Llegeix m\u00e9s\u00bb<\/a><\/p>\n","protected":false},"author":1,"featured_media":0,"parent":0,"menu_order":0,"comment_status":"closed","ping_status":"closed","template":"","meta":{"_bbp_topic_count":0,"_bbp_reply_count":0,"_bbp_total_topic_count":0,"_bbp_total_reply_count":0,"_bbp_voice_count":0,"_bbp_anonymous_reply_count":0,"_bbp_topic_count_hidden":0,"_bbp_reply_count_hidden":0,"_bbp_forum_subforum_count":0,"footnotes":""},"class_list":["post-6746","page","type-page","status-publish","hentry"],"post_mailing_queue_ids":[],"_links":{"self":[{"href":"https:\/\/agora.xtec.cat\/iessantfeliu\/wp-json\/wp\/v2\/pages\/6746","targetHints":{"allow":["GET"]}}],"collection":[{"href":"https:\/\/agora.xtec.cat\/iessantfeliu\/wp-json\/wp\/v2\/pages"}],"about":[{"href":"https:\/\/agora.xtec.cat\/iessantfeliu\/wp-json\/wp\/v2\/types\/page"}],"author":[{"embeddable":true,"href":"https:\/\/agora.xtec.cat\/iessantfeliu\/wp-json\/wp\/v2\/users\/1"}],"replies":[{"embeddable":true,"href":"https:\/\/agora.xtec.cat\/iessantfeliu\/wp-json\/wp\/v2\/comments?post=6746"}],"version-history":[{"count":5,"href":"https:\/\/agora.xtec.cat\/iessantfeliu\/wp-json\/wp\/v2\/pages\/6746\/revisions"}],"predecessor-version":[{"id":12183,"href":"https:\/\/agora.xtec.cat\/iessantfeliu\/wp-json\/wp\/v2\/pages\/6746\/revisions\/12183"}],"wp:attachment":[{"href":"https:\/\/agora.xtec.cat\/iessantfeliu\/wp-json\/wp\/v2\/media?parent=6746"}],"curies":[{"name":"wp","href":"https:\/\/api.w.org\/{rel}","templated":true}]}}