{"id":376,"date":"2015-05-19T17:04:36","date_gmt":"2015-05-19T16:04:36","guid":{"rendered":"http:\/\/agora.xtec.cat\/iessantfeliu\/?page_id=376"},"modified":"2023-06-21T10:16:01","modified_gmt":"2023-06-21T08:16:01","slug":"escola-empresa","status":"publish","type":"page","link":"https:\/\/agora.xtec.cat\/iessantfeliu\/escola-empresa\/","title":{"rendered":"Borsa de Treball"},"content":{"rendered":"<p>La borsa de treball del nostre Institut \u00e9s el desenvolupament d\u2019una iniciativa per tal de facilitar la inserci\u00f3 laboral als seus alumnes i exalumnes i alhora oferir a les empreses una bona alternativa per a la selecci\u00f3 de personal.<br \/>\nLes empreses poden cobrir les seves vacants ofertant-les a la nostra web on els alumnes podran consultar-les.<br \/>\nLa borsa de treball ofereix el servei gratu\u00eft de preselecci\u00f3 dels candidats que m\u00e9s s\u2019ajustin als perfils sol\u2022licitats, donat el coneixement que tenim d\u2019ells en l\u2019\u00e0mbit personal i professional.<\/p>\n<p>Per a m\u00e9s informaci\u00f3<\/p>\n<p><a href=\"mailto:borsadetreball@isantfeliu.net\">borsadetreball@isantfeliu.net<\/a><\/p>\n<p>&nbsp;<\/p>\n","protected":false},"excerpt":{"rendered":"<p>La borsa de treball del nostre Institut \u00e9s el desenvolupament d\u2019una iniciativa per tal de facilitar la inserci\u00f3 laboral als seus alumnes i exalumnes i alhora oferir a les empreses una bona alternativa per a la selecci\u00f3 de personal.<br \/>\nLes empreses poden cobrir les seves vacants&hellip;  <a href=\"https:\/\/agora.xtec.cat\/iessantfeliu\/escola-empresa\/\" title=\"Read Borsa de Treball\">Llegeix m\u00e9s\u00bb<\/a><\/p>\n","protected":false},"author":1,"featured_media":0,"parent":0,"menu_order":40,"comment_status":"closed","ping_status":"closed","template":"","meta":{"_bbp_topic_count":0,"_bbp_reply_count":0,"_bbp_total_topic_count":0,"_bbp_total_reply_count":0,"_bbp_voice_count":0,"_bbp_anonymous_reply_count":0,"_bbp_topic_count_hidden":0,"_bbp_reply_count_hidden":0,"_bbp_forum_subforum_count":0,"footnotes":""},"class_list":["post-376","page","type-page","status-publish","hentry"],"post_mailing_queue_ids":[],"_links":{"self":[{"href":"https:\/\/agora.xtec.cat\/iessantfeliu\/wp-json\/wp\/v2\/pages\/376","targetHints":{"allow":["GET"]}}],"collection":[{"href":"https:\/\/agora.xtec.cat\/iessantfeliu\/wp-json\/wp\/v2\/pages"}],"about":[{"href":"https:\/\/agora.xtec.cat\/iessantfeliu\/wp-json\/wp\/v2\/types\/page"}],"author":[{"embeddable":true,"href":"https:\/\/agora.xtec.cat\/iessantfeliu\/wp-json\/wp\/v2\/users\/1"}],"replies":[{"embeddable":true,"href":"https:\/\/agora.xtec.cat\/iessantfeliu\/wp-json\/wp\/v2\/comments?post=376"}],"version-history":[{"count":1,"href":"https:\/\/agora.xtec.cat\/iessantfeliu\/wp-json\/wp\/v2\/pages\/376\/revisions"}],"predecessor-version":[{"id":10310,"href":"https:\/\/agora.xtec.cat\/iessantfeliu\/wp-json\/wp\/v2\/pages\/376\/revisions\/10310"}],"wp:attachment":[{"href":"https:\/\/agora.xtec.cat\/iessantfeliu\/wp-json\/wp\/v2\/media?parent=376"}],"curies":[{"name":"wp","href":"https:\/\/api.w.org\/{rel}","templated":true}]}}