{"id":3678,"date":"2018-10-23T15:35:01","date_gmt":"2018-10-23T13:35:01","guid":{"rendered":"http:\/\/agora.xtec.cat\/iessantfeliu\/?page_id=3678"},"modified":"2019-02-01T12:15:34","modified_gmt":"2019-02-01T11:15:34","slug":"fll-2019-into-orbit","status":"publish","type":"page","link":"https:\/\/agora.xtec.cat\/iessantfeliu\/fll\/fll-2019-into-orbit\/","title":{"rendered":"FLL 2019 &#8211; El Repte"},"content":{"rendered":"<p id=\"docs-internal-guid-7dbdd7aa-7fff-d99a-4f67-1ed1c8751a26\" dir=\"ltr\" style=\"line-height: 1.38; margin-top: 0pt; margin-bottom: 0pt; text-align: justify;\"><span style=\"font-size: 11pt; font-family: Arial; color: #000000; background-color: transparent; font-weight: 400; font-style: normal; font-variant: normal; text-decoration: none; vertical-align: baseline; white-space: pre-wrap;\"><img loading=\"lazy\" decoding=\"async\" class=\" wp-image-4108 alignleft\" src=\"https:\/\/agora.xtec.cat\/iessantfeliu\/wp-content\/uploads\/usu232\/2019\/01\/FLL-Into-Orbit-lOGO-300x187.png\" alt=\"\" width=\"194\" height=\"121\" srcset=\"https:\/\/agora.xtec.cat\/iessantfeliu\/wp-content\/uploads\/usu232\/2019\/01\/FLL-Into-Orbit-lOGO-300x187.png 300w, https:\/\/agora.xtec.cat\/iessantfeliu\/wp-content\/uploads\/usu232\/2019\/01\/FLL-Into-Orbit-lOGO.png 398w\" sizes=\"auto, (max-width: 194px) 100vw, 194px\" \/>Aquest any, en el concurs de la First Lego League, la proposta per la qual hem de treballar, \u00e9s l\u2019espai. Concretament ens demanen que busquem un problema i una soluci\u00f3 tecnol\u00f2gica, per els problemes ocasionats a l\u2019espai, com ara, la brossa espacial, els problemes f\u00edsics (atrofiament, caiguda del ritme card\u00edac, problemes en l\u2019ADN..) dels astronautes, viure a l\u2019estaci\u00f3 espacial internacional, i altres problemes, que es poden ocasionar com per exemple, el temps d\u2019estada en una nau espacial.<\/span><\/p>\n<p dir=\"ltr\">\n<p dir=\"ltr\"><strong><span style=\"color: #ff6600;\">EQUIP TARONJA<\/span><\/strong><\/p>\n<p dir=\"ltr\" style=\"line-height: 1.38; margin-top: 0pt; margin-bottom: 0pt; text-align: justify;\"><span style=\"font-size: 11pt; font-family: Arial; color: #000000; background-color: transparent; font-weight: 400; font-style: normal; font-variant: normal; text-decoration: none; vertical-align: baseline; white-space: pre-wrap;\">En el nostre cas, l\u2019equip taronja, hem decidit que el nostre problema ser\u00e0 els problemes f\u00edsics dels astronautes, en concret, l&#8217; atrofiament. Un problema que ho causa una llarga est\u00e0ncia a l\u2019espai degut al poc exercici f\u00edsic que fan en la seva visita a l\u2019espai. <\/span><\/p>\n<p dir=\"ltr\" style=\"line-height: 1.38; margin-top: 0pt; margin-bottom: 0pt; text-align: justify;\"><span style=\"font-size: 11pt; font-family: Arial; color: #000000; background-color: transparent; font-weight: 400; font-style: normal; font-variant: normal; text-decoration: none; vertical-align: baseline; white-space: pre-wrap;\">La nostra soluci\u00f3 ha estat fer un tipus de aparell que controla i monitoritza les constants vitals de l\u2019astronauta a trav\u00e9s d\u2019una aplicaci\u00f3 des de la Terra, i aix\u00ed saber com actuar en el cas de problemes que puguin ser ocasionats a l\u2019espai. Tamb\u00e9, apart de poder comunicar a l\u2019astronauta el millor pel seu estat de salut, podrem saber com actuar un cop torni a la Terra per evitar possibles problemes futurs en la seva salut. Aquest aparell, per ajudar a l\u2019astronauta, anir\u00e0 equipat en un dels bra\u00e7os del seu vestit espacial, aix\u00ed ell tamb\u00e9 sap les seves constants vitals. <\/span><\/p>\n<p dir=\"ltr\">\n\n\t\t<style type=\"text\/css\">\n\t\t\t#gallery-1 {\n\t\t\t\tmargin: auto;\n\t\t\t}\n\t\t\t#gallery-1 .gallery-item {\n\t\t\t\tfloat: left;\n\t\t\t\tmargin-top: 10px;\n\t\t\t\ttext-align: center;\n\t\t\t\twidth: 50%;\n\t\t\t}\n\t\t\t#gallery-1 img {\n\t\t\t\tborder: 2px solid #cfcfcf;\n\t\t\t}\n\t\t\t#gallery-1 .gallery-caption {\n\t\t\t\tmargin-left: 0;\n\t\t\t}\n\t\t\t\/* see gallery_shortcode() in wp-includes\/media.php *\/\n\t\t<\/style>\n\t\t<div id='gallery-1' class='gallery galleryid-3678 gallery-columns-2 gallery-size-medium'><dl class='gallery-item'>\n\t\t\t<dt class='gallery-icon portrait'>\n\t\t\t\t<a href='https:\/\/agora.xtec.cat\/iessantfeliu\/wp-content\/uploads\/usu232\/2019\/01\/FLL-Into-Orbit-vestit-1.jpg'><img loading=\"lazy\" decoding=\"async\" width=\"168\" height=\"300\" src=\"https:\/\/agora.xtec.cat\/iessantfeliu\/wp-content\/uploads\/usu232\/2019\/01\/FLL-Into-Orbit-vestit-1-168x300.jpg\" class=\"attachment-medium size-medium\" alt=\"\" srcset=\"https:\/\/agora.xtec.cat\/iessantfeliu\/wp-content\/uploads\/usu232\/2019\/01\/FLL-Into-Orbit-vestit-1-168x300.jpg 168w, https:\/\/agora.xtec.cat\/iessantfeliu\/wp-content\/uploads\/usu232\/2019\/01\/FLL-Into-Orbit-vestit-1.jpg 421w\" sizes=\"auto, (max-width: 168px) 100vw, 168px\" \/><\/a>\n\t\t\t<\/dt><\/dl><dl class='gallery-item'>\n\t\t\t<dt class='gallery-icon landscape'>\n\t\t\t\t<a href='https:\/\/agora.xtec.cat\/iessantfeliu\/wp-content\/uploads\/usu232\/2019\/01\/FLL-Into-Orbit-vestit2-1.jpg'><img loading=\"lazy\" decoding=\"async\" width=\"300\" height=\"168\" src=\"https:\/\/agora.xtec.cat\/iessantfeliu\/wp-content\/uploads\/usu232\/2019\/01\/FLL-Into-Orbit-vestit2-1-300x168.jpg\" class=\"attachment-medium size-medium\" alt=\"\" srcset=\"https:\/\/agora.xtec.cat\/iessantfeliu\/wp-content\/uploads\/usu232\/2019\/01\/FLL-Into-Orbit-vestit2-1-300x168.jpg 300w, https:\/\/agora.xtec.cat\/iessantfeliu\/wp-content\/uploads\/usu232\/2019\/01\/FLL-Into-Orbit-vestit2-1.jpg 750w\" sizes=\"auto, (max-width: 300px) 100vw, 300px\" \/><\/a>\n\t\t\t<\/dt><\/dl><br style=\"clear: both\" \/>\n\t\t<\/div>\n\n<p dir=\"ltr\">\n<strong><span style=\"color: #003366;\">EQUIP BLAU<\/span><\/strong><\/p>\n<p>Vam pensar en els problemes que i poden haver al espai i vam trobar que uns dels problemes m\u00e9s habituals que poden haver a l\u2019espai, que \u00e9s el de la brossa espacial.<\/p>\n<p>La brossa espacial pot ser qualsevol cosa creada pel ser hum\u00e0 que vaga sense rumb per l\u2019espai. Un exemple de brossa espacial, podria ser un sat\u00e8l\u00b7lit que ha deixat de funcionar i ha desorbitat.<\/p>\n<p>La soluci\u00f3 que hem proposat \u00e9s la seg\u00fcent:<\/p>\n<p>Com a soluci\u00f3, hem creat un robot, el qual t\u00e9 la capacitat d\u2019esquivar la brossa espacial mitjan\u00e7ant uns sensors d\u2019ultrasons o una app que controla el robot mitjan\u00e7ant un joystick.<\/p>\n<p>L\u2019app ha estat creada amb App Inventor 2. Els sensors han estat calibrats amb Arduinoblocks. Hem creat trossos de brossa espacial amb l\u2019sketchup i les hem impr\u00e9s amb la impressora 3D. \u00a0Despr\u00e9s vam col\u00b7locar els trossos de brossa espacial impresos a la maqueta on posarem en pr\u00e0ctica la soluci\u00f3, \u00e9s a dir el recorregut que far\u00e0 el robot programat.<\/p>\n<p>Amb l&#8217; Scratch hem fet una mena de videojoc amb tres nivells en el qual per passar de nivell has de esquivar tota la brossa espacial i sumar una puntuaci\u00f3.<\/p>\n<p><img loading=\"lazy\" decoding=\"async\" class=\"aligncenter size-medium wp-image-4184\" src=\"https:\/\/agora.xtec.cat\/iessantfeliu\/wp-content\/uploads\/usu232\/2019\/02\/robot-300x224.jpg\" alt=\"\" width=\"300\" height=\"224\" srcset=\"https:\/\/agora.xtec.cat\/iessantfeliu\/wp-content\/uploads\/usu232\/2019\/02\/robot-300x224.jpg 300w, https:\/\/agora.xtec.cat\/iessantfeliu\/wp-content\/uploads\/usu232\/2019\/02\/robot-768x574.jpg 768w, https:\/\/agora.xtec.cat\/iessantfeliu\/wp-content\/uploads\/usu232\/2019\/02\/robot-1024x766.jpg 1024w, https:\/\/agora.xtec.cat\/iessantfeliu\/wp-content\/uploads\/usu232\/2019\/02\/robot-200x150.jpg 200w\" sizes=\"auto, (max-width: 300px) 100vw, 300px\" \/><\/p>\n","protected":false},"excerpt":{"rendered":"<p>Aquest any, en el concurs de la First Lego League, la proposta per la qual hem de treballar, \u00e9s l\u2019espai. Concretament ens demanen que busquem un problema i una soluci\u00f3 tecnol\u00f2gica, per els problemes ocasionats a l\u2019espai, com ara, la brossa espacial, els problemes f\u00edsics&hellip;  <a href=\"https:\/\/agora.xtec.cat\/iessantfeliu\/fll\/fll-2019-into-orbit\/\" title=\"Read FLL 2019 &#8211; El Repte\">Llegeix m\u00e9s\u00bb<\/a><\/p>\n","protected":false},"author":1,"featured_media":0,"parent":2803,"menu_order":0,"comment_status":"closed","ping_status":"closed","template":"page-templates\/side-menu.php","meta":{"_bbp_topic_count":0,"_bbp_reply_count":0,"_bbp_total_topic_count":0,"_bbp_total_reply_count":0,"_bbp_voice_count":0,"_bbp_anonymous_reply_count":0,"_bbp_topic_count_hidden":0,"_bbp_reply_count_hidden":0,"_bbp_forum_subforum_count":0,"footnotes":""},"class_list":["post-3678","page","type-page","status-publish","hentry"],"post_mailing_queue_ids":[],"_links":{"self":[{"href":"https:\/\/agora.xtec.cat\/iessantfeliu\/wp-json\/wp\/v2\/pages\/3678","targetHints":{"allow":["GET"]}}],"collection":[{"href":"https:\/\/agora.xtec.cat\/iessantfeliu\/wp-json\/wp\/v2\/pages"}],"about":[{"href":"https:\/\/agora.xtec.cat\/iessantfeliu\/wp-json\/wp\/v2\/types\/page"}],"author":[{"embeddable":true,"href":"https:\/\/agora.xtec.cat\/iessantfeliu\/wp-json\/wp\/v2\/users\/1"}],"replies":[{"embeddable":true,"href":"https:\/\/agora.xtec.cat\/iessantfeliu\/wp-json\/wp\/v2\/comments?post=3678"}],"version-history":[{"count":3,"href":"https:\/\/agora.xtec.cat\/iessantfeliu\/wp-json\/wp\/v2\/pages\/3678\/revisions"}],"predecessor-version":[{"id":4185,"href":"https:\/\/agora.xtec.cat\/iessantfeliu\/wp-json\/wp\/v2\/pages\/3678\/revisions\/4185"}],"up":[{"embeddable":true,"href":"https:\/\/agora.xtec.cat\/iessantfeliu\/wp-json\/wp\/v2\/pages\/2803"}],"wp:attachment":[{"href":"https:\/\/agora.xtec.cat\/iessantfeliu\/wp-json\/wp\/v2\/media?parent=3678"}],"curies":[{"name":"wp","href":"https:\/\/api.w.org\/{rel}","templated":true}]}}