{"id":2974,"date":"2018-03-03T16:44:18","date_gmt":"2018-03-03T15:44:18","guid":{"rendered":"http:\/\/agora.xtec.cat\/iessantfeliu\/?page_id=2974"},"modified":"2018-03-03T16:49:26","modified_gmt":"2018-03-03T15:49:26","slug":"clautic-2015-16-repte-2","status":"publish","type":"page","link":"https:\/\/agora.xtec.cat\/iessantfeliu\/clautic-league\/clautic-2015-16\/clautic-2015-16-repte-2\/","title":{"rendered":"ClauTIC 2015-16 &#8211; Repte 2"},"content":{"rendered":"<h4>2n Repte: Atleta Ol\u00edmpic<\/h4>\n<div>\n<p dir=\"ltr\"><span style=\"font-size: medium;\"><span lang=\"ca\">Una de les primeres coses que ens v\u00e9 al cap quan pensem en l&#8217;Antiga Gr\u00e8cia s\u00f3n els Jocs Ol\u00edmpics.<br \/>\n<\/span><\/span><\/p>\n<p dir=\"ltr\"><span style=\"font-size: medium;\"><span lang=\"ca\">De fet , els Jocs Ol\u00edmpics de l&#8217;antiguitat, eren una mica diferents dels actuals. Aquest repte i el seg\u00fcent tenen a veure amb aquests jocs. <b>ENDAVANT ATLETES !!<\/b><br \/>\n<\/span><\/span><\/p>\n<h6 dir=\"ltr\"><span style=\"font-size: medium;\"><span lang=\"ca\"><b>EL REPTE<\/b><br \/>\n<\/span><\/span><\/h6>\n<p dir=\"ltr\"><span style=\"font-size: medium;\"><span lang=\"ca\">El nostre heroi vol ser atleta i una de les disciplines en qu\u00e8 vol destacar \u00e9s en els AGONES ATL\u00c8TICS ( format per quatre tipus de proves : Carreres, Salt de longitud, llan\u00e7ament de disc i llan\u00e7ament de javelina ) .<br \/>\n<\/span><\/span><\/p>\n<p dir=\"ltr\"><span style=\"font-size: medium;\"><span lang=\"ca\">En aquest repte practicarem el llan\u00e7ament de javelina.<\/span><\/span><\/p>\n<h6 dir=\"ltr\"><span style=\"font-size: medium;\"><span lang=\"ca\"><b>OBJECTIU<\/b><\/span><\/span><\/h6>\n<p dir=\"ltr\"><span style=\"font-size: medium;\"><span lang=\"ca\"><b> <\/b> Llan\u00e7ar la javelina el m\u00e9s lluny possibl<\/span><\/span>e<\/p>\n<h4><a name=\"TOC-REPTE-ACONSEGUIT-Dist-ncia:-154cm-\"><\/a><span style=\"font-size: xx-large;\"><b>REPTE ACONSEGUIT! Dist\u00e0ncia: 154cm!<\/b><\/span><\/h4>\n<p>&nbsp;<br \/>\n<iframe loading=\"lazy\" width=\"560\" height=\"315\" src=\"https:\/\/www.youtube.com\/embed\/8udgNCuZ4oY\" frameborder=\"0\" allow=\"autoplay; encrypted-media\" allowfullscreen><\/iframe>\n<\/div>\n","protected":false},"excerpt":{"rendered":"<p>2n Repte: Atleta Ol\u00edmpic<\/p>\n<p>Una de les primeres coses que ens v\u00e9 al cap quan pensem en l&#8217;Antiga Gr\u00e8cia s\u00f3n els Jocs Ol\u00edmpics.<\/p>\n<p>De fet , els Jocs Ol\u00edmpics de l&#8217;antiguitat, eren una mica diferents dels actuals. Aquest repte i el seg\u00fcent tenen a veure amb aquests&hellip;  <a href=\"https:\/\/agora.xtec.cat\/iessantfeliu\/clautic-league\/clautic-2015-16\/clautic-2015-16-repte-2\/\" title=\"Read ClauTIC 2015-16 &#8211; Repte 2\">Llegeix m\u00e9s\u00bb<\/a><\/p>\n","protected":false},"author":1,"featured_media":0,"parent":2970,"menu_order":0,"comment_status":"closed","ping_status":"closed","template":"page-templates\/side-menu.php","meta":{"_bbp_topic_count":0,"_bbp_reply_count":0,"_bbp_total_topic_count":0,"_bbp_total_reply_count":0,"_bbp_voice_count":0,"_bbp_anonymous_reply_count":0,"_bbp_topic_count_hidden":0,"_bbp_reply_count_hidden":0,"_bbp_forum_subforum_count":0,"footnotes":""},"class_list":["post-2974","page","type-page","status-publish","hentry"],"post_mailing_queue_ids":[],"_links":{"self":[{"href":"https:\/\/agora.xtec.cat\/iessantfeliu\/wp-json\/wp\/v2\/pages\/2974","targetHints":{"allow":["GET"]}}],"collection":[{"href":"https:\/\/agora.xtec.cat\/iessantfeliu\/wp-json\/wp\/v2\/pages"}],"about":[{"href":"https:\/\/agora.xtec.cat\/iessantfeliu\/wp-json\/wp\/v2\/types\/page"}],"author":[{"embeddable":true,"href":"https:\/\/agora.xtec.cat\/iessantfeliu\/wp-json\/wp\/v2\/users\/1"}],"replies":[{"embeddable":true,"href":"https:\/\/agora.xtec.cat\/iessantfeliu\/wp-json\/wp\/v2\/comments?post=2974"}],"version-history":[{"count":2,"href":"https:\/\/agora.xtec.cat\/iessantfeliu\/wp-json\/wp\/v2\/pages\/2974\/revisions"}],"predecessor-version":[{"id":2987,"href":"https:\/\/agora.xtec.cat\/iessantfeliu\/wp-json\/wp\/v2\/pages\/2974\/revisions\/2987"}],"up":[{"embeddable":true,"href":"https:\/\/agora.xtec.cat\/iessantfeliu\/wp-json\/wp\/v2\/pages\/2970"}],"wp:attachment":[{"href":"https:\/\/agora.xtec.cat\/iessantfeliu\/wp-json\/wp\/v2\/media?parent=2974"}],"curies":[{"name":"wp","href":"https:\/\/api.w.org\/{rel}","templated":true}]}}