{"id":2970,"date":"2018-03-03T16:43:18","date_gmt":"2018-03-03T15:43:18","guid":{"rendered":"http:\/\/agora.xtec.cat\/iessantfeliu\/?page_id=2970"},"modified":"2018-03-03T16:45:55","modified_gmt":"2018-03-03T15:45:55","slug":"clautic-2015-16","status":"publish","type":"page","link":"https:\/\/agora.xtec.cat\/iessantfeliu\/clautic-league\/clautic-2015-16\/","title":{"rendered":"ClauTIC 2015-16"},"content":{"rendered":"<div class=\"sites-layout-tile sites-tile-name-header\">\n<div dir=\"ltr\">\n<h4><span style=\"font-size: x-large;\">CLAUTIC LEAGUE 2015-16\u00a0 ANTIGA GR\u00c8CIA<\/span><\/h4>\n<\/div>\n<\/div>\n<div dir=\"ltr\">\n<div>\n<div>\n<div>\n<div>\n<div><\/div>\n<p>Nosaltres som l&#8217; iSantFeliu Team que participa a la ClauTIC 2015-16.<\/p>\n<\/div>\n<p>Som alumnes de 3r d&#8217;ESO que cursem l&#8217;optativa de Rob\u00f2tica a l&#8217;institut Sant Feliu de Gu\u00edxols.<\/p>\n<\/div>\n<p>Aquest any la tem\u00e0tica del concurs \u00e9s l&#8217;antiga Gr\u00e8cia.<\/p>\n<\/div>\n<p>A la dreta podeu veure com \u00e9s el taulell d&#8217;aquest any. Podem veure un mapa de Gr\u00e8cia, amb 4 dels D\u00e9us mes importants ( Zeus, Nept\u00fa, Artemisa i Atenea ), el vell\u00f3 d&#8217;or, una zona a on es realitzen proves ol\u00edmpiques i moltes altres coses!<\/p>\n<\/div>\n<p>Quines sorpreses i reptes ens trobarem durant el concurs!<\/p>\n<div><\/div>\n<\/div>\n<div dir=\"ltr\">\n<div><a href=\"https:\/\/sites.google.com\/a\/isantfeliu.net\/isantfeliuteamclauticleague\/presentacio-2015-16\/lona_grecia_600.jpg?attredirects=0\"><img decoding=\"async\" src=\"https:\/\/sites.google.com\/a\/isantfeliu.net\/isantfeliuteamclauticleague\/_\/rsrc\/1447876418481\/presentacio-2015-16\/lona_grecia_600.jpg\" border=\"0\" \/><\/a><\/div>\n<\/div>\n<p>&nbsp;<\/p>\n","protected":false},"excerpt":{"rendered":"<p>CLAUTIC LEAGUE 2015-16\u00a0 ANTIGA GR\u00c8CIA<\/p>\n<p>Nosaltres som l&#8217; iSantFeliu Team que participa a la ClauTIC 2015-16.<\/p>\n<p>Som alumnes de 3r d&#8217;ESO que cursem l&#8217;optativa de Rob\u00f2tica a l&#8217;institut Sant Feliu de Gu\u00edxols.<\/p>\n<p>Aquest any la tem\u00e0tica del concurs \u00e9s l&#8217;antiga Gr\u00e8cia.<\/p>\n<p>A la dreta podeu veure com \u00e9s el&hellip;  <a href=\"https:\/\/agora.xtec.cat\/iessantfeliu\/clautic-league\/clautic-2015-16\/\" title=\"Read ClauTIC 2015-16\">Llegeix m\u00e9s\u00bb<\/a><\/p>\n","protected":false},"author":1,"featured_media":0,"parent":2937,"menu_order":0,"comment_status":"closed","ping_status":"closed","template":"page-templates\/side-menu.php","meta":{"_bbp_topic_count":0,"_bbp_reply_count":0,"_bbp_total_topic_count":0,"_bbp_total_reply_count":0,"_bbp_voice_count":0,"_bbp_anonymous_reply_count":0,"_bbp_topic_count_hidden":0,"_bbp_reply_count_hidden":0,"_bbp_forum_subforum_count":0,"footnotes":""},"class_list":["post-2970","page","type-page","status-publish","hentry"],"post_mailing_queue_ids":[],"_links":{"self":[{"href":"https:\/\/agora.xtec.cat\/iessantfeliu\/wp-json\/wp\/v2\/pages\/2970","targetHints":{"allow":["GET"]}}],"collection":[{"href":"https:\/\/agora.xtec.cat\/iessantfeliu\/wp-json\/wp\/v2\/pages"}],"about":[{"href":"https:\/\/agora.xtec.cat\/iessantfeliu\/wp-json\/wp\/v2\/types\/page"}],"author":[{"embeddable":true,"href":"https:\/\/agora.xtec.cat\/iessantfeliu\/wp-json\/wp\/v2\/users\/1"}],"replies":[{"embeddable":true,"href":"https:\/\/agora.xtec.cat\/iessantfeliu\/wp-json\/wp\/v2\/comments?post=2970"}],"version-history":[{"count":2,"href":"https:\/\/agora.xtec.cat\/iessantfeliu\/wp-json\/wp\/v2\/pages\/2970\/revisions"}],"predecessor-version":[{"id":2984,"href":"https:\/\/agora.xtec.cat\/iessantfeliu\/wp-json\/wp\/v2\/pages\/2970\/revisions\/2984"}],"up":[{"embeddable":true,"href":"https:\/\/agora.xtec.cat\/iessantfeliu\/wp-json\/wp\/v2\/pages\/2937"}],"wp:attachment":[{"href":"https:\/\/agora.xtec.cat\/iessantfeliu\/wp-json\/wp\/v2\/media?parent=2970"}],"curies":[{"name":"wp","href":"https:\/\/api.w.org\/{rel}","templated":true}]}}