{"id":2951,"date":"2018-03-03T16:03:14","date_gmt":"2018-03-03T15:03:14","guid":{"rendered":"http:\/\/agora.xtec.cat\/iessantfeliu\/?page_id=2951"},"modified":"2018-03-03T17:10:43","modified_gmt":"2018-03-03T16:10:43","slug":"clautic-2014-15-repte-5","status":"publish","type":"page","link":"https:\/\/agora.xtec.cat\/iessantfeliu\/clautic-league\/clautic-2014-15\/clautic-2014-15-repte-5\/","title":{"rendered":"ClauTIC 2014-15 &#8211; Repte 5"},"content":{"rendered":"<h4 lang=\"ca\">5\u00e8 Repte: Aconseguim mat\u00e8ries<\/h4>\n<h6><b>OBJECTIU<\/b><\/h6>\n<p>Aconseguir intercanviar or per primeres mat\u00e8ries. L\u2019objectiu \u00e9s aconseguir el m\u00e0xim nombre de mat\u00e8ries amb el menor temps possible, sumar el m\u00e0xim nombre de punts.<\/p>\n<h6>\n<b>MATERIAL<\/b><\/h6>\n<h6>En aquesta prova necessiteu:<\/p>\n<p>&#8211; 3 c\u00e0psules daurades que s\u2019han de posar amb el robot (a sobre el robot, tocant el robot o a la base)<br \/>\n&#8211; 1 c\u00e0psula vermella (a dins del cercle que posa Cavalls)<br \/>\n-1 c\u00e0psula verda (a dins del cercle d\u2019oli d\u2019oliva i fusta)<br \/>\n&#8211; 1 c\u00e0psula grisa (a dins del cercle d\u2019oli d\u2019oliva i fusta)<br \/>\n&#8211; El robot amb els sensors que creieu necessaris.<\/p>\n<p><b>PUNTUACI\u00d3<\/b><\/h6>\n<p>En aquesta prova es puntua per mat\u00e8ries aconseguides i per intercanvi correcte. Llegiu la seg\u00fcent taula:<\/p>\n<p>&#8211; Cavalls (c\u00e0psula vermella): 3 punts<br \/>\n&#8211; Oli d\u2019oliva (c\u00e0psula verda): 2 punts<br \/>\n&#8211; Fusta (c\u00e0psula grisa): 1 punt<br \/>\n&#8211; Deixar en el moment de l\u2019intercanvi, la moneda d\u2019or a dins del cercle correcte (2 punts per a cada moneda) \u2013 si despr\u00e9s es mou, no passa res.<\/p>\n<p><iframe loading=\"lazy\" src=\"https:\/\/www.youtube.com\/embed\/QbHhJVn2AD0\" width=\"560\" height=\"315\" frameborder=\"0\" allowfullscreen=\"allowfullscreen\"><\/iframe><\/p>\n","protected":false},"excerpt":{"rendered":"<p>5\u00e8 Repte: Aconseguim mat\u00e8ries<br \/>\nOBJECTIU<br \/>\nAconseguir intercanviar or per primeres mat\u00e8ries. L\u2019objectiu \u00e9s aconseguir el m\u00e0xim nombre de mat\u00e8ries amb el menor temps possible, sumar el m\u00e0xim nombre de punts.<\/p>\n<p>MATERIAL<br \/>\nEn aquesta prova necessiteu:<br \/>\n&#8211; 3 c\u00e0psules daurades que s\u2019han de posar amb el robot (a sobre el robot,&hellip;  <a href=\"https:\/\/agora.xtec.cat\/iessantfeliu\/clautic-league\/clautic-2014-15\/clautic-2014-15-repte-5\/\" title=\"Read ClauTIC 2014-15 &#8211; Repte 5\">Llegeix m\u00e9s\u00bb<\/a><\/p>\n","protected":false},"author":1,"featured_media":0,"parent":2940,"menu_order":0,"comment_status":"closed","ping_status":"closed","template":"page-templates\/side-menu.php","meta":{"_bbp_topic_count":0,"_bbp_reply_count":0,"_bbp_total_topic_count":0,"_bbp_total_reply_count":0,"_bbp_voice_count":0,"_bbp_anonymous_reply_count":0,"_bbp_topic_count_hidden":0,"_bbp_reply_count_hidden":0,"_bbp_forum_subforum_count":0,"footnotes":""},"class_list":["post-2951","page","type-page","status-publish","hentry"],"post_mailing_queue_ids":[],"_links":{"self":[{"href":"https:\/\/agora.xtec.cat\/iessantfeliu\/wp-json\/wp\/v2\/pages\/2951","targetHints":{"allow":["GET"]}}],"collection":[{"href":"https:\/\/agora.xtec.cat\/iessantfeliu\/wp-json\/wp\/v2\/pages"}],"about":[{"href":"https:\/\/agora.xtec.cat\/iessantfeliu\/wp-json\/wp\/v2\/types\/page"}],"author":[{"embeddable":true,"href":"https:\/\/agora.xtec.cat\/iessantfeliu\/wp-json\/wp\/v2\/users\/1"}],"replies":[{"embeddable":true,"href":"https:\/\/agora.xtec.cat\/iessantfeliu\/wp-json\/wp\/v2\/comments?post=2951"}],"version-history":[{"count":3,"href":"https:\/\/agora.xtec.cat\/iessantfeliu\/wp-json\/wp\/v2\/pages\/2951\/revisions"}],"predecessor-version":[{"id":2994,"href":"https:\/\/agora.xtec.cat\/iessantfeliu\/wp-json\/wp\/v2\/pages\/2951\/revisions\/2994"}],"up":[{"embeddable":true,"href":"https:\/\/agora.xtec.cat\/iessantfeliu\/wp-json\/wp\/v2\/pages\/2940"}],"wp:attachment":[{"href":"https:\/\/agora.xtec.cat\/iessantfeliu\/wp-json\/wp\/v2\/media?parent=2951"}],"curies":[{"name":"wp","href":"https:\/\/api.w.org\/{rel}","templated":true}]}}