{"id":2945,"date":"2018-03-03T16:02:27","date_gmt":"2018-03-03T15:02:27","guid":{"rendered":"http:\/\/agora.xtec.cat\/iessantfeliu\/?page_id=2945"},"modified":"2018-03-03T16:28:12","modified_gmt":"2018-03-03T15:28:12","slug":"clautic-2014-15-repte-2","status":"publish","type":"page","link":"https:\/\/agora.xtec.cat\/iessantfeliu\/clautic-league\/clautic-2014-15\/clautic-2014-15-repte-2\/","title":{"rendered":"ClauTIC 2014-15 &#8211; Repte 2"},"content":{"rendered":"<h5>2n Repte: Atleta Ol\u00edmpic<\/h5>\n<div>\n<p dir=\"ltr\"><span lang=\"ca\">Una de les primeres coses que ens v\u00e9 al cap quan pensem en l&#8217;Antiga Gr\u00e8cia s\u00f3n els Jocs Ol\u00edmpics.<br \/>\n<\/span><\/p>\n<p dir=\"ltr\"><span lang=\"ca\">De fet , els Jocs Ol\u00edmpics de l&#8217;antiguitat, eren una mica diferents dels actuals. Aquest repte i el seg\u00fcent tenen a veure amb aquests jocs. ENDAVANT ATLETES !!<br \/>\n<\/span><\/p>\n<h6 dir=\"ltr\"><span lang=\"ca\">EL REPTE :<br \/>\n<\/span><\/h6>\n<p dir=\"ltr\"><span lang=\"ca\">El nostre heroi vol ser atleta i una de les disciplines en qu\u00e8 vol destacar \u00e9s en els AGONES ATL\u00c8TICS ( format per quatre tipus de proves : Carreres, Salt de longitud, llan\u00e7ament de disc i llan\u00e7ament de javelina ) .<br \/>\n<\/span><\/p>\n<p dir=\"ltr\"><span lang=\"ca\">En aquest repte practicarem el llan\u00e7ament de javelina.<\/span><\/p>\n<h6 dir=\"ltr\"><span lang=\"ca\">OBJECTIU:<\/span><\/h6>\n<p dir=\"ltr\"><span lang=\"ca\"> Llan\u00e7ar la javelina el m\u00e9s lluny possibl<\/span>e<\/p>\n<h3><a name=\"TOC-REPTE-ACONSEGUIT-Dist-ncia:-154cm-\"><\/a>REPTE ACONSEGUIT! Dist\u00e0ncia: 154cm!<\/h3>\n<p><iframe loading=\"lazy\" title=\"Repte 2 Robot\" width=\"500\" height=\"281\" src=\"https:\/\/www.youtube.com\/embed\/gAWY0nl_wNA?feature=oembed\" frameborder=\"0\" allow=\"accelerometer; autoplay; clipboard-write; encrypted-media; gyroscope; picture-in-picture; web-share\" referrerpolicy=\"strict-origin-when-cross-origin\" allowfullscreen><\/iframe><\/p>\n<\/div>\n","protected":false},"excerpt":{"rendered":"<p>2n Repte: Atleta Ol\u00edmpic<\/p>\n<p>Una de les primeres coses que ens v\u00e9 al cap quan pensem en l&#8217;Antiga Gr\u00e8cia s\u00f3n els Jocs Ol\u00edmpics.<\/p>\n<p>De fet , els Jocs Ol\u00edmpics de l&#8217;antiguitat, eren una mica diferents dels actuals. Aquest repte i el seg\u00fcent tenen a veure amb aquests&hellip;  <a href=\"https:\/\/agora.xtec.cat\/iessantfeliu\/clautic-league\/clautic-2014-15\/clautic-2014-15-repte-2\/\" title=\"Read ClauTIC 2014-15 &#8211; Repte 2\">Llegeix m\u00e9s\u00bb<\/a><\/p>\n","protected":false},"author":1,"featured_media":0,"parent":2940,"menu_order":0,"comment_status":"closed","ping_status":"closed","template":"page-templates\/side-menu.php","meta":{"_bbp_topic_count":0,"_bbp_reply_count":0,"_bbp_total_topic_count":0,"_bbp_total_reply_count":0,"_bbp_voice_count":0,"_bbp_anonymous_reply_count":0,"_bbp_topic_count_hidden":0,"_bbp_reply_count_hidden":0,"_bbp_forum_subforum_count":0,"footnotes":""},"class_list":["post-2945","page","type-page","status-publish","hentry"],"post_mailing_queue_ids":[],"_links":{"self":[{"href":"https:\/\/agora.xtec.cat\/iessantfeliu\/wp-json\/wp\/v2\/pages\/2945","targetHints":{"allow":["GET"]}}],"collection":[{"href":"https:\/\/agora.xtec.cat\/iessantfeliu\/wp-json\/wp\/v2\/pages"}],"about":[{"href":"https:\/\/agora.xtec.cat\/iessantfeliu\/wp-json\/wp\/v2\/types\/page"}],"author":[{"embeddable":true,"href":"https:\/\/agora.xtec.cat\/iessantfeliu\/wp-json\/wp\/v2\/users\/1"}],"replies":[{"embeddable":true,"href":"https:\/\/agora.xtec.cat\/iessantfeliu\/wp-json\/wp\/v2\/comments?post=2945"}],"version-history":[{"count":3,"href":"https:\/\/agora.xtec.cat\/iessantfeliu\/wp-json\/wp\/v2\/pages\/2945\/revisions"}],"predecessor-version":[{"id":2960,"href":"https:\/\/agora.xtec.cat\/iessantfeliu\/wp-json\/wp\/v2\/pages\/2945\/revisions\/2960"}],"up":[{"embeddable":true,"href":"https:\/\/agora.xtec.cat\/iessantfeliu\/wp-json\/wp\/v2\/pages\/2940"}],"wp:attachment":[{"href":"https:\/\/agora.xtec.cat\/iessantfeliu\/wp-json\/wp\/v2\/media?parent=2945"}],"curies":[{"name":"wp","href":"https:\/\/api.w.org\/{rel}","templated":true}]}}