{"id":2865,"date":"2018-03-01T23:26:52","date_gmt":"2018-03-01T22:26:52","guid":{"rendered":"http:\/\/agora.xtec.cat\/iessantfeliu\/?page_id=2865"},"modified":"2018-03-02T11:48:50","modified_gmt":"2018-03-02T10:48:50","slug":"fll-2015-missions-robot","status":"publish","type":"page","link":"https:\/\/agora.xtec.cat\/iessantfeliu\/fll\/fll-2015-el-repte\/fll-2015-missions-robot\/","title":{"rendered":"FLL 2015 &#8211; Missions Robot"},"content":{"rendered":"<p>&nbsp;<\/p>\n<table border=\"1\" cellspacing=\"0\">\n<tbody>\n<tr>\n<td>\n<div><\/div>\n<div><\/div>\n<div><\/div>\n<div><\/div>\n<div><\/div>\n<div><a href=\"https:\/\/docs.google.com\/a\/alumnes.isantfeliu.net\/file\/d\/0B-2SWTonYaBLWU9McFRpMXZxcUE\/edit?usp=drive_web\"><img decoding=\"async\" src=\"https:\/\/drive.google.com\/uc?id=0B-2SWTonYaBLWU9McFRpMXZxcUE\" border=\"0\" \/><\/a><\/div>\n<\/td>\n<td>\u00a0<u>Missi\u00f3 1<\/u><\/p>\n<div><a href=\"https:\/\/docs.google.com\/a\/alumnes.isantfeliu.net\/file\/d\/0Bwa86rrdWECJRlpxMk5uc1BOUGM\/edit?usp=drive_web\"><img decoding=\"async\" src=\"https:\/\/drive.google.com\/uc?id=0Bwa86rrdWECJRlpxMk5uc1BOUGM\" border=\"0\" \/><\/a><\/div>\n<\/td>\n<td><b><i>\u00a0Apertura de les portes:<\/i><\/b><br \/>\nLa porta s&#8217;ha d&#8217;obrir baixant la maneta15 punts.<\/td>\n<\/tr>\n<tr>\n<td>\n<div><\/div>\n<div><\/div>\n<div><\/div>\n<div><\/div>\n<div><\/div>\n<div><a href=\"https:\/\/docs.google.com\/a\/alumnes.isantfeliu.net\/file\/d\/0B-2SWTonYaBLZUc0eDJJZDNyOGs\/edit?usp=drive_web\"><img decoding=\"async\" src=\"https:\/\/drive.google.com\/uc?id=0B-2SWTonYaBLZUc0eDJJZDNyOGs\" border=\"0\" \/><\/a><\/div>\n<\/td>\n<td>\u00a0<u>Missi\u00f3 2<br \/>\n<\/u><\/p>\n<div><a href=\"https:\/\/docs.google.com\/a\/alumnes.isantfeliu.net\/file\/d\/0BxVmBq1BMDTGNnBDbkNaUXoweGM\/edit?usp=drive_web\"><img decoding=\"async\" src=\"https:\/\/drive.google.com\/uc?id=0BxVmBq1BMDTGNnBDbkNaUXoweGM\" border=\"0\" \/><\/a><\/div>\n<\/td>\n<td>\u00a0<b><i>Acc\u00e9s al n\u00favol:<\/i><\/b><br \/>\nInsertar la clau i la targeta s&#8217;aixeca30 punts<\/td>\n<\/tr>\n<tr>\n<td>\n<div><\/div>\n<div><\/div>\n<div><\/div>\n<div><\/div>\n<div><\/div>\n<div><a href=\"https:\/\/docs.google.com\/a\/alumnes.isantfeliu.net\/file\/d\/0B-2SWTonYaBLWU9McFRpMXZxcUE\/edit?usp=drive_web\"><img decoding=\"async\" src=\"https:\/\/drive.google.com\/uc?id=0B-2SWTonYaBLWU9McFRpMXZxcUE\" border=\"0\" \/><\/a><\/div>\n<\/td>\n<td><u>Missi\u00f3 3<br \/>\n<\/u><\/p>\n<div><a href=\"https:\/\/docs.google.com\/a\/alumnes.isantfeliu.net\/file\/d\/0BxVmBq1BMDTGaEJpTXNMQ3BEbGc\/edit?usp=drive_web\"><img decoding=\"async\" src=\"https:\/\/drive.google.com\/uc?id=0BxVmBq1BMDTGaEJpTXNMQ3BEbGc\" border=\"0\" \/><\/a><\/div>\n<\/td>\n<td>\u00a0<b><i>Aprenentatge comunitari:<br \/>\n<\/i><\/b>\u00a0S&#8217;ha d&#8217;aixecar l&#8217;anella.<\/p>\n<div>\n<div class=\"sites-embed-align-left-wrapping-off\">\n<div class=\"sites-embed-border-on sites-embed\">\n<h4 class=\"sites-embed-title\">V\u00eddeo de YouTube<\/h4>\n<div class=\"sites-embed-content sites-embed-type-youtube\"><iframe loading=\"lazy\" class=\"youtube-player\" title=\"YouTube video player\" src=\"https:\/\/www.youtube.com\/embed\/J8lcI3glZQQ?rel=0&amp;wmode=opaque\" width=\"480\" height=\"270\" frameborder=\"0\" allowfullscreen=\"allowfullscreen\" data-mce-fragment=\"1\"><\/iframe><\/div>\n<\/div>\n<\/div>\n<\/div>\n<p>25 punts<\/td>\n<\/tr>\n<tr>\n<td>\n<div><a href=\"https:\/\/sites.google.com\/a\/isantfeliu.net\/isantfeliuteamfirstlegoleague\/FLL-World-Class\/misions-del-robot\/incorrecte.jpg?attredirects=0\"><img decoding=\"async\" src=\"https:\/\/sites.google.com\/a\/isantfeliu.net\/isantfeliuteamfirstlegoleague\/_\/rsrc\/1478782801517\/FLL-World-Class\/misions-del-robot\/incorrecte.jpg\" border=\"0\" \/><\/a><\/div>\n<\/td>\n<td><u>Missi\u00f3 4<br \/>\n<\/u><\/p>\n<div><a href=\"https:\/\/docs.google.com\/a\/alumnes.isantfeliu.net\/file\/d\/0BxVmBq1BMDTGdHJfa0JUNkF6eDA\/edit?usp=drive_web\"><img decoding=\"async\" src=\"https:\/\/drive.google.com\/uc?id=0BxVmBq1BMDTGdHJfa0JUNkF6eDA\" border=\"0\" \/><\/a><\/div>\n<p>&nbsp;<\/p>\n<p>&nbsp;<\/td>\n<td>\u00a0<b>Search engine: <\/b>Empenyer la barra per fer girar les aspes del mol\u00ed i poder obtenir un color per despr\u00e9s agafar l&#8217;anella del color que hagi sortit,<\/p>\n<p>15 punts (empenyer la pe\u00e7a)<br \/>\n60 punts (treure la pe\u00e7a del color correcte)<\/p>\n<div><\/div>\n<p>75 punts (punts totals)<\/td>\n<\/tr>\n<tr>\n<td>\n<div><\/div>\n<div><\/div>\n<div><\/div>\n<div><\/div>\n<div><\/div>\n<div><\/div>\n<div><\/div>\n<div><a href=\"https:\/\/docs.google.com\/a\/alumnes.isantfeliu.net\/file\/d\/0B-2SWTonYaBLWU9McFRpMXZxcUE\/edit?usp=drive_web\"><img decoding=\"async\" src=\"https:\/\/drive.google.com\/uc?id=0B-2SWTonYaBLWU9McFRpMXZxcUE\" border=\"0\" \/><\/a><\/div>\n<\/td>\n<td><u>Missi\u00f3 5<\/u><\/p>\n<p>&nbsp;<\/p>\n<div><a href=\"https:\/\/docs.google.com\/a\/alumnes.isantfeliu.net\/file\/d\/0BxVmBq1BMDTGYjlHQ21qa1M2NEU\/edit?usp=drive_web\"><img loading=\"lazy\" decoding=\"async\" src=\"https:\/\/drive.google.com\/uc?id=0BxVmBq1BMDTGYjlHQ21qa1M2NEU\" width=\"320\" height=\"240\" border=\"0\" \/><\/a><\/div>\n<p>&nbsp;<\/p>\n<p>&nbsp;<\/td>\n<td>\u00a0<b><i>Fent servir els sentits correctes:<\/i><\/b><br \/>\nCaptar si hem deslli\u00e7at l&#8217;objecte per poder desboloquejar i agafar l&#8217;anella.<\/p>\n<div>\n<div class=\"sites-embed-align-left-wrapping-off\">\n<div class=\"sites-embed-border-on sites-embed\">\n<h4 class=\"sites-embed-title\">V\u00eddeo de YouTube<\/h4>\n<div class=\"sites-embed-content sites-embed-type-youtube\"><iframe loading=\"lazy\" class=\"youtube-player\" title=\"YouTube video player\" src=\"https:\/\/www.youtube.com\/embed\/HMRiE3sCfzI?rel=0&amp;wmode=opaque\" width=\"480\" height=\"270\" frameborder=\"0\" allowfullscreen=\"allowfullscreen\" data-mce-fragment=\"1\"><\/iframe><\/div>\n<\/div>\n<\/div>\n<\/div>\n<p>40 punts<\/p>\n<div><\/div>\n<\/td>\n<\/tr>\n<tr>\n<td>\n<div><a href=\"https:\/\/sites.google.com\/a\/isantfeliu.net\/isantfeliuteamfirstlegoleague\/FLL-World-Class\/misions-del-robot\/incorrecte.jpg?attredirects=0\"><img decoding=\"async\" src=\"https:\/\/sites.google.com\/a\/isantfeliu.net\/isantfeliuteamfirstlegoleague\/_\/rsrc\/1478782801517\/FLL-World-Class\/misions-del-robot\/incorrecte.jpg\" border=\"0\" \/><\/a><\/div>\n<\/td>\n<td><u>Missi\u00f3 6<br \/>\n<\/u><\/p>\n<div><a href=\"https:\/\/sites.google.com\/a\/isantfeliu.net\/isantfeliuteamfirstlegoleague\/FLL-World-Class\/misions-del-robot\/pensant.JPG?attredirects=0\"><img decoding=\"async\" src=\"https:\/\/sites.google.com\/a\/isantfeliu.net\/isantfeliuteamfirstlegoleague\/_\/rsrc\/1478782801517\/FLL-World-Class\/misions-del-robot\/pensant.JPG\" border=\"0\" \/><\/a><\/div>\n<\/td>\n<td>\u00a0<i><b>Pensant fora la caixa:<\/b><\/i>\u00a0Treure la &#8220;idea&#8221; de la caixa (si la idea est\u00e0 amb la bombeta abaix puntuaci\u00f3 1, si est\u00e0 amb la bombeta adalt, puntuaci\u00f3 2).<\/p>\n<p>Puntuaci\u00f3 1: 25 punts<br \/>\nPuntuaci\u00f3 2: 40 punts<\/td>\n<\/tr>\n<tr>\n<td>\n<div><\/div>\n<div><\/div>\n<div><\/div>\n<div><\/div>\n<div><\/div>\n<div><a href=\"https:\/\/docs.google.com\/a\/alumnes.isantfeliu.net\/file\/d\/0B-2SWTonYaBLWU9McFRpMXZxcUE\/edit?usp=drive_web\"><img decoding=\"async\" src=\"https:\/\/drive.google.com\/uc?id=0B-2SWTonYaBLWU9McFRpMXZxcUE\" border=\"0\" \/><\/a><\/div>\n<\/td>\n<td><u>Missi\u00f3 7<br \/>\n<\/u><\/p>\n<div><a href=\"https:\/\/docs.google.com\/a\/alumnes.isantfeliu.net\/file\/d\/0BxVmBq1BMDTGVFRPXzdjWDkxMk0\/edit?usp=drive_web\"><img decoding=\"async\" src=\"https:\/\/drive.google.com\/uc?id=0BxVmBq1BMDTGVFRPXzdjWDkxMk0\" border=\"0\" \/><\/a><\/div>\n<\/td>\n<td>\u00a0<i><b>Comunicaci\u00f3 a dist\u00e0ncia \/ aprenentatge:<\/b><\/i><span style=\"font-family: arial,sans,sans-serif;\"> El robot ha de despla\u00e7ar el desl+\u00a0durant el partit.<\/span><\/p>\n<div>\n<div class=\"sites-embed-align-left-wrapping-off\">\n<div class=\"sites-embed-border-on sites-embed\">\n<h4 class=\"sites-embed-title\">V\u00eddeo de YouTube<\/h4>\n<div class=\"sites-embed-content sites-embed-type-youtube\"><iframe loading=\"lazy\" class=\"youtube-player\" title=\"YouTube video player\" src=\"https:\/\/www.youtube.com\/embed\/f6VKoHHBiFU?rel=0&amp;wmode=opaque\" width=\"480\" height=\"270\" frameborder=\"0\" allowfullscreen=\"allowfullscreen\" data-mce-fragment=\"1\"><\/iframe><\/div>\n<\/div>\n<\/div>\n<\/div>\n<p><span style=\"font-family: arial,sans,sans-serif;\">40 punts<\/span><\/td>\n<\/tr>\n<tr>\n<td>\n<div><a href=\"https:\/\/sites.google.com\/a\/isantfeliu.net\/isantfeliuteamfirstlegoleague\/FLL-World-Class\/misions-del-robot\/incorrecte.jpg?attredirects=0\"><img decoding=\"async\" src=\"https:\/\/sites.google.com\/a\/isantfeliu.net\/isantfeliuteamfirstlegoleague\/_\/rsrc\/1478782801517\/FLL-World-Class\/misions-del-robot\/incorrecte.jpg\" border=\"0\" \/><\/a><\/div>\n<\/td>\n<td><u>Missi\u00f3 8<br \/>\n<\/u><\/p>\n<div><a href=\"https:\/\/docs.google.com\/a\/alumnes.isantfeliu.net\/file\/d\/0BxVmBq1BMDTGLTkxM0xzeElDTHc\/edit?usp=drive_web\"><img decoding=\"async\" src=\"https:\/\/drive.google.com\/uc?id=0BxVmBq1BMDTGLTkxM0xzeElDTHc\" border=\"0\" \/><\/a><\/div>\n<\/td>\n<td><b><i>\u00a0<\/i><\/b><b><i>Robotics competition:<\/i><\/b>\u00a0 Hem de ficar una pe\u00e7a i aquesta ha de fer moure un moviment i aix\u00f2 far\u00e0 que la &#8220;Grua &#8221; deixi anar una anella.<\/p>\n<p>25 punts (col\u00b7locar la pe\u00e7a)<br \/>\n55 punts (col\u00b7locar la pe\u00e7a i fer caure l&#8217;anella)<\/td>\n<\/tr>\n<tr>\n<td>\n<div><a href=\"https:\/\/sites.google.com\/a\/isantfeliu.net\/isantfeliuteamfirstlegoleague\/FLL-World-Class\/misions-del-robot\/incorrecte.jpg?attredirects=0\"><img decoding=\"async\" src=\"https:\/\/sites.google.com\/a\/isantfeliu.net\/isantfeliuteamfirstlegoleague\/_\/rsrc\/1478782801517\/FLL-World-Class\/misions-del-robot\/incorrecte.jpg\" border=\"0\" \/><\/a><\/div>\n<\/td>\n<td><u>Missi\u00f3 9<\/u><\/p>\n<p>&nbsp;<\/p>\n<div><a href=\"https:\/\/sites.google.com\/a\/isantfeliu.net\/isantfeliuteamfirstlegoleague\/FLL-World-Class\/misions-del-robot\/porteria.JPG?attredirects=0\"><img loading=\"lazy\" decoding=\"async\" src=\"https:\/\/sites.google.com\/a\/isantfeliu.net\/isantfeliuteamfirstlegoleague\/_\/rsrc\/1478782801517\/FLL-World-Class\/misions-del-robot\/porteria.JPG?height=150&amp;width=200\" width=\"200\" height=\"150\" border=\"0\" \/><\/a><\/div>\n<p><u><br \/>\n<\/u><\/td>\n<td>\u00a0<b><i>Esports:<\/i><\/b>\u00a0Fer un llan\u00e7ament (puntuaci\u00f3 1) fer un llan\u00e7ament i marcar un gol (puntuaci\u00f3 2).<\/p>\n<p>Puntuaci\u00f3 1: 30 punts (xutar pilota)<br \/>\nPuntuaci\u00f3 2: 60 punts (xutar i fer gol)<\/td>\n<\/tr>\n<tr>\n<td>\n<div><\/div>\n<div><\/div>\n<div><\/div>\n<div><a href=\"https:\/\/docs.google.com\/a\/alumnes.isantfeliu.net\/file\/d\/0B-2SWTonYaBLWU9McFRpMXZxcUE\/edit?usp=drive_web\"><img decoding=\"async\" src=\"https:\/\/drive.google.com\/uc?id=0B-2SWTonYaBLWU9McFRpMXZxcUE\" border=\"0\" \/><\/a><\/div>\n<\/td>\n<td><u>Missi\u00f3 10<br \/>\n<\/u><\/p>\n<div><a href=\"https:\/\/docs.google.com\/a\/alumnes.isantfeliu.net\/file\/d\/0Bwa86rrdWECJR0stMDFXVWI2UVk\/edit?usp=drive_web\"><img decoding=\"async\" src=\"https:\/\/drive.google.com\/uc?id=0Bwa86rrdWECJR0stMDFXVWI2UVk\" border=\"0\" \/><\/a><\/div>\n<p>&nbsp;<\/p>\n<p>&nbsp;<\/td>\n<td><i><b>\u00a0<\/b><\/i><i><b>Ingenieria inversa:<\/b><\/i> portar el cistella la base-puntuaci\u00f3 1, construir un model id\u00e8ntic al de l&#8217;equip rival puntuaci\u00f3 2.<\/p>\n<p>Puntuaci\u00f3 1: 30 punts (portar el cistell a la base)<br \/>\nPuntuaci\u00f3 2: 45 punts (si es construeix model id\u00e8ntic al del oponent i portar el cistell a la base)<\/td>\n<\/tr>\n<tr>\n<td>\n<div><\/div>\n<div><\/div>\n<div><\/div>\n<div><\/div>\n<div><a href=\"https:\/\/docs.google.com\/a\/alumnes.isantfeliu.net\/file\/d\/0B-2SWTonYaBLWU9McFRpMXZxcUE\/edit?usp=drive_web\"><img decoding=\"async\" src=\"https:\/\/drive.google.com\/uc?id=0B-2SWTonYaBLWU9McFRpMXZxcUE\" border=\"0\" \/><\/a><\/div>\n<\/td>\n<td><u>Missi\u00f3 11<br \/>\n<\/u><\/p>\n<div><a href=\"https:\/\/docs.google.com\/a\/alumnes.isantfeliu.net\/file\/d\/0Bwa86rrdWECJSF95SHVmMzNWSDA\/edit?usp=drive_web\"><img decoding=\"async\" src=\"https:\/\/drive.google.com\/uc?id=0Bwa86rrdWECJSF95SHVmMzNWSDA\" border=\"0\" \/><\/a><\/div>\n<p>&nbsp;<\/p>\n<p>&nbsp;<\/td>\n<td>\u00a0Adaptant-se a les condicions: girar 90\u00ba la pe\u00e7a al sentit contrari de les agulles del rellotge<\/p>\n<div>\n<div class=\"sites-embed-align-left-wrapping-off\">\n<div class=\"sites-embed-border-on sites-embed\">\n<h4 class=\"sites-embed-title\">condicions cambiants<\/h4>\n<div class=\"sites-embed-content sites-embed-type-youtube\"><iframe loading=\"lazy\" class=\"youtube-player\" title=\"YouTube video player\" src=\"https:\/\/www.youtube.com\/embed\/3ptP_v6ua3A?rel=0&amp;wmode=opaque\" width=\"480\" height=\"270\" frameborder=\"0\" allowfullscreen=\"allowfullscreen\" data-mce-fragment=\"1\"><\/iframe><\/div>\n<\/div>\n<\/div>\n<\/div>\n<p>15 punts<\/td>\n<\/tr>\n<tr>\n<td>\n<div>\n<div><\/div>\n<div><\/div>\n<div><\/div>\n<div><\/div>\n<div><\/div>\n<div><a href=\"https:\/\/docs.google.com\/a\/alumnes.isantfeliu.net\/file\/d\/0B-2SWTonYaBLWU9McFRpMXZxcUE\/edit?usp=drive_web\"><img decoding=\"async\" src=\"https:\/\/drive.google.com\/uc?id=0B-2SWTonYaBLWU9McFRpMXZxcUE\" border=\"0\" \/><\/a><\/div>\n<\/div>\n<\/td>\n<td><u>Missi\u00f3 12<br \/>\n<\/u><\/p>\n<div><a href=\"https:\/\/docs.google.com\/a\/alumnes.isantfeliu.net\/file\/d\/0Bwa86rrdWECJTVI0WklZMUJOM0E\/edit?usp=drive_web\"><img loading=\"lazy\" decoding=\"async\" src=\"https:\/\/drive.google.com\/uc?id=0Bwa86rrdWECJTVI0WklZMUJOM0E\" width=\"170\" height=\"200\" border=\"0\" \/><\/a><\/div>\n<p>&nbsp;<\/p>\n<p>&nbsp;<\/td>\n<td>\u00a0Comprom\u00eds: Fer moure la pe\u00e7a groga i girar el mol\u00ed 90\u00ba<\/p>\n<div>\n<div class=\"sites-embed-align-left-wrapping-off\">\n<div class=\"sites-embed-border-on sites-embed\">\n<h4 class=\"sites-embed-title\">V\u00eddeo de YouTube<\/h4>\n<div class=\"sites-embed-content sites-embed-type-youtube\"><iframe loading=\"lazy\" class=\"youtube-player\" title=\"YouTube video player\" src=\"https:\/\/www.youtube.com\/embed\/6-r4LIvV5jw?rel=0&amp;wmode=opaque\" width=\"480\" height=\"270\" frameborder=\"0\" allowfullscreen=\"allowfullscreen\" data-mce-fragment=\"1\"><\/iframe><\/div>\n<\/div>\n<\/div>\n<\/div>\n<p>Puntuaci\u00f3 1: 20 punts (moure la pe\u00e7a groga)<br \/>\nPuntuaci\u00f3 2: Cada 90\u00ba girats, el 10% dels punts totals aconseguits.<\/td>\n<\/tr>\n<tr>\n<td>\n<div><a href=\"https:\/\/sites.google.com\/a\/isantfeliu.net\/isantfeliuteamfirstlegoleague\/FLL-World-Class\/misions-del-robot\/incorrecte.jpg?attredirects=0\"><img decoding=\"async\" src=\"https:\/\/sites.google.com\/a\/isantfeliu.net\/isantfeliuteamfirstlegoleague\/_\/rsrc\/1478782801517\/FLL-World-Class\/misions-del-robot\/incorrecte.jpg\" border=\"0\" \/><\/a><\/div>\n<\/td>\n<td><u>Missi\u00f3 13<br \/>\n<\/u><\/p>\n<div><a href=\"https:\/\/docs.google.com\/a\/alumnes.isantfeliu.net\/file\/d\/0BxVmBq1BMDTGc1lldWhPWUZYV2s\/edit?usp=drive_web\"><img loading=\"lazy\" decoding=\"async\" src=\"https:\/\/drive.google.com\/uc?id=0BxVmBq1BMDTGc1lldWhPWUZYV2s\" width=\"155\" height=\"200\" border=\"0\" \/><\/a><\/div>\n<\/td>\n<td>\u00a0Aprenentatge basat en projectes: Anar posant pesses a la barra.<\/p>\n<p>Puntuaci\u00f3 1: 35 punts (portar la figureta feta a la base fins al costat de la missi\u00f3<br \/>\nPuntuaci\u00f3 2: 20 punts (primera pe\u00e7a posada a la barra)<br \/>\nPuntuaci\u00f3 2.1: 10 punts (per cada pe\u00e7a despr\u00e9s de la primera)<\/td>\n<\/tr>\n<\/tbody>\n<\/table>\n","protected":false},"excerpt":{"rendered":"<p>&nbsp;<\/p>\n<p><a href=\"https:\/\/docs.google.com\/a\/alumnes.isantfeliu.net\/file\/d\/0B-2SWTonYaBLWU9McFRpMXZxcUE\/edit?usp=drive_web\"><\/a><\/p>\n<p>\u00a0Missi\u00f3 1<br \/>\n<a href=\"https:\/\/docs.google.com\/a\/alumnes.isantfeliu.net\/file\/d\/0Bwa86rrdWECJRlpxMk5uc1BOUGM\/edit?usp=drive_web\"><\/a><\/p>\n<p>\u00a0Apertura de les portes:<br \/>\nLa porta s&#8217;ha d&#8217;obrir baixant la maneta15 punts.<\/p>\n<p><a href=\"https:\/\/docs.google.com\/a\/alumnes.isantfeliu.net\/file\/d\/0B-2SWTonYaBLZUc0eDJJZDNyOGs\/edit?usp=drive_web\"><\/a><\/p>\n<p>\u00a0Missi\u00f3 2<\/p>\n<p><a href=\"https:\/\/docs.google.com\/a\/alumnes.isantfeliu.net\/file\/d\/0BxVmBq1BMDTGNnBDbkNaUXoweGM\/edit?usp=drive_web\"><\/a><\/p>\n<p>\u00a0Acc\u00e9s al n\u00favol:<br \/>\nInsertar la clau i la targeta s&#8217;aixeca30 punts<\/p>\n<p><a href=\"https:\/\/docs.google.com\/a\/alumnes.isantfeliu.net\/file\/d\/0B-2SWTonYaBLWU9McFRpMXZxcUE\/edit?usp=drive_web\"><\/a><\/p>\n<p>Missi\u00f3 3<\/p>\n<p><a href=\"https:\/\/docs.google.com\/a\/alumnes.isantfeliu.net\/file\/d\/0BxVmBq1BMDTGaEJpTXNMQ3BEbGc\/edit?usp=drive_web\"><\/a><\/p>\n<p>\u00a0Aprenentatge comunitari:<br \/>\n\u00a0S&#8217;ha d&#8217;aixecar l&#8217;anella.<\/p>\n<p>V\u00eddeo de YouTube<\/p>\n<p>25 punts<\/p>\n<p><a href=\"https:\/\/sites.google.com\/a\/isantfeliu.net\/isantfeliuteamfirstlegoleague\/FLL-World-Class\/misions-del-robot\/incorrecte.jpg?attredirects=0\"><\/a><\/p>\n<p>Missi\u00f3 4<\/p>\n<p><a href=\"https:\/\/docs.google.com\/a\/alumnes.isantfeliu.net\/file\/d\/0BxVmBq1BMDTGdHJfa0JUNkF6eDA\/edit?usp=drive_web\"><\/a><br \/>\n&nbsp;<br \/>\n&nbsp;<br \/>\n\u00a0Search engine: Empenyer la barra per fer girar&hellip;  <a href=\"https:\/\/agora.xtec.cat\/iessantfeliu\/fll\/fll-2015-el-repte\/fll-2015-missions-robot\/\" title=\"Read FLL 2015 &#8211; Missions Robot\">Llegeix m\u00e9s\u00bb<\/a><\/p>\n","protected":false},"author":1,"featured_media":0,"parent":2863,"menu_order":0,"comment_status":"closed","ping_status":"closed","template":"page-templates\/side-menu.php","meta":{"_bbp_topic_count":0,"_bbp_reply_count":0,"_bbp_total_topic_count":0,"_bbp_total_reply_count":0,"_bbp_voice_count":0,"_bbp_anonymous_reply_count":0,"_bbp_topic_count_hidden":0,"_bbp_reply_count_hidden":0,"_bbp_forum_subforum_count":0,"footnotes":""},"class_list":["post-2865","page","type-page","status-publish","hentry"],"post_mailing_queue_ids":[],"_links":{"self":[{"href":"https:\/\/agora.xtec.cat\/iessantfeliu\/wp-json\/wp\/v2\/pages\/2865","targetHints":{"allow":["GET"]}}],"collection":[{"href":"https:\/\/agora.xtec.cat\/iessantfeliu\/wp-json\/wp\/v2\/pages"}],"about":[{"href":"https:\/\/agora.xtec.cat\/iessantfeliu\/wp-json\/wp\/v2\/types\/page"}],"author":[{"embeddable":true,"href":"https:\/\/agora.xtec.cat\/iessantfeliu\/wp-json\/wp\/v2\/users\/1"}],"replies":[{"embeddable":true,"href":"https:\/\/agora.xtec.cat\/iessantfeliu\/wp-json\/wp\/v2\/comments?post=2865"}],"version-history":[{"count":3,"href":"https:\/\/agora.xtec.cat\/iessantfeliu\/wp-json\/wp\/v2\/pages\/2865\/revisions"}],"predecessor-version":[{"id":2908,"href":"https:\/\/agora.xtec.cat\/iessantfeliu\/wp-json\/wp\/v2\/pages\/2865\/revisions\/2908"}],"up":[{"embeddable":true,"href":"https:\/\/agora.xtec.cat\/iessantfeliu\/wp-json\/wp\/v2\/pages\/2863"}],"wp:attachment":[{"href":"https:\/\/agora.xtec.cat\/iessantfeliu\/wp-json\/wp\/v2\/media?parent=2865"}],"curies":[{"name":"wp","href":"https:\/\/api.w.org\/{rel}","templated":true}]}}