{"id":2849,"date":"2018-03-01T23:21:50","date_gmt":"2018-03-01T22:21:50","guid":{"rendered":"http:\/\/agora.xtec.cat\/iessantfeliu\/?page_id=2849"},"modified":"2018-03-01T23:56:55","modified_gmt":"2018-03-01T22:56:55","slug":"fll-2017-projecte-cientific","status":"publish","type":"page","link":"https:\/\/agora.xtec.cat\/iessantfeliu\/fll\/fll-2017-el-repte\/fll-2017-projecte-cientific\/","title":{"rendered":"FLL 2017 &#8211; Projecte Cientific"},"content":{"rendered":"<p><strong>App Inve<\/strong><img loading=\"lazy\" decoding=\"async\" class=\"alignleft\" src=\"https:\/\/sites.google.com\/a\/isantfeliu.net\/isantfeliuteamfirstlegoleague\/_\/rsrc\/1480329929163\/fll-animal-allies\/projecte-cientific\/grup-taronja\/app-inventor.jpg\" width=\"167\" height=\"109\" border=\"0\" \/><strong>ntor 2:<\/strong> <span style=\"font-family: arial, sans-serif; font-size: medium;\">\u00e9s un entorn integrat de desenvolupament\u00a0que permet crear aplicacions m\u00f2bils\u00a0per al sistema operatiu A<\/span><span style=\"font-family: arial, sans-serif; font-size: medium;\">ndro<\/span><span style=\"font-family: arial, sans-serif; font-size: medium;\">id. De forma visual i a partir d&#8217;un conjunt d&#8217;eines b\u00e0siques, l&#8217;usuari va enlla\u00e7ant un conjunt de blocs per crear l&#8217;aplicaci\u00f3. El sistema \u00e9s gratu\u00eft i es pot descarregar f\u00e0cilment de la web. Les aplicacions fruit d&#8217;<i>App Inventor<\/i>\u00a0estan limitades per la seva simplicitat, tot i que permeten cobrir un gran nombre de necessitats b\u00e0siques en un dispositiu m\u00f2bil.. Nosaltres em fet que permet-hi localitzar on ets amb mapes i amb eixos de coordenades, tamb\u00e9 em dibuixat rutes i punts en el mapa, aix\u00ed sabrem a quins llocs estan situats els animals.<\/span><\/p>\n<p><strong>Scrat<a href=\"https:\/\/sites.google.com\/a\/isantfeliu.net\/isantfeliuteamfirstlegoleague\/fll-animal-allies\/projecte-cientific\/grup-taronja\/descarga.jpg?attredirects=0\"><img loading=\"lazy\" decoding=\"async\" class=\"alignleft\" src=\"https:\/\/sites.google.com\/a\/isantfeliu.net\/isantfeliuteamfirstlegoleague\/_\/rsrc\/1480329929163\/fll-animal-allies\/projecte-cientific\/grup-taronja\/descarga.jpg?height=65&amp;width=100\" width=\"155\" height=\"101\" border=\"0\" \/><\/a>ch:\u00a0<\/strong> \u00e9s un projecte educatiu de llenguatge de programaci\u00f3\u00a0creat pel grup\u00a0<i>Lifelong Kindergarten, MIT Media Lab\u00a0<\/i>a Massachusetts, sota la direcci\u00f3 de Mitchel Resnick. Ofereix de forma gratu\u00efta una eina de programaci\u00f3 en l\u00ednia als usuaris majors de 6 anys que s&#8217;hi registrin.\u00a0Existeix tamb\u00e9 una versi\u00f3 que permet l&#8217;opci\u00f3 de desc\u00e0rrega per a treballar sense connexi\u00f3 que permet vincular-la a la p\u00e0gina principal i compartir-hi el material.\u00a0per fer programes, jocs&#8230; I nosaltres em decidit fer una explicaci\u00f3 on es veu que el projecte que \u00a0em creat, es produeixen menys accidents de lo habitual, i que aquesta situaci\u00f3 s&#8217;ensenyi en col\u00b7legis i instituts.<\/p>\n<h4><img loading=\"lazy\" decoding=\"async\" class=\"alignleft\" src=\"https:\/\/sites.google.com\/a\/isantfeliu.net\/isantfeliuteamfirstlegoleague\/_\/rsrc\/1480329929163\/fll-animal-allies\/projecte-cientific\/grup-taronja\/xJ4YxfpEK5DsQlQClC2Whg-Aurasma_Primary_Logo_Col.png?height=85&amp;width=100\" width=\"100\" height=\"85\" border=\"0\" \/><\/h4>\n<p>Aurasma: es\u00a0la plataforma de realitat augmentada. Est\u00e0 disponible com un SDK o com una aplicaci\u00f3 gratu\u00efta per iOS i Android dispositius m\u00f2bils. La tecnologia de reconeixement d&#8217;imatges de Aurasma utilitza una c\u00e0mera de la tauleta del tel\u00e8fon intel\u00b7ligent o per recon\u00e8ixer imatges del m\u00f3n real i els mitjans de comunicaci\u00f3 despr\u00e9s de superposici\u00f3 a la part superior d&#8217;ells en forma d&#8217;animacions, v\u00eddeos, models 3D i p\u00e0gines web .<\/p>\n\r\n\t<div class=\"slideshow_container slideshow_container_style-light\" style=\"height: 300px; \" data-slideshow-id=\"2877\" data-style-name=\"style-light\" data-style-version=\"2.3.1\" >\r\n\r\n\t\t\t\t\t<div class=\"slideshow_loading_icon\"><\/div>\r\n\t\t\r\n\t\t<div class=\"slideshow_content\" style=\"display: none;\">\r\n\r\n\t\t\t<div class=\"slideshow_view\">\r\n\t<div class=\"slideshow_slide slideshow_slide_video\">\r\n\t\t<div class=\"slideshow_slide_video_id\" style=\"display: none;\" data-show-related-videos=\"0\">m_MWVoeieZU<\/div>\r\n\t<\/div>\r\n\r\n\t<div class=\"slideshow_slide slideshow_slide_video\">\r\n\t\t<div class=\"slideshow_slide_video_id\" style=\"display: none;\" data-show-related-videos=\"0\">UXLGGLUfDe0<\/div>\r\n\t<\/div>\r\n\r\n\t<div class=\"slideshow_slide slideshow_slide_video\">\r\n\t\t<div class=\"slideshow_slide_video_id\" style=\"display: none;\" data-show-related-videos=\"0\">RDAjX5HhsP4<\/div>\r\n\t<\/div>\r\n<div style=\"clear: both;\"><\/div><\/div>\r\n\t\t<\/div>\r\n\r\n\t\t<div class=\"slideshow_controlPanel slideshow_transparent\" style=\"display: none;\"><ul><li class=\"slideshow_togglePlay\" data-play-text=\"Visualitza\" data-pause-text=\"Pausa\"><\/li><\/ul><\/div>\r\n\r\n\t\t<div class=\"slideshow_button slideshow_previous slideshow_transparent\" role=\"button\" data-previous-text=\"Anterior\" style=\"display: none;\"><\/div>\r\n\t\t<div class=\"slideshow_button slideshow_next slideshow_transparent\" role=\"button\" data-next-text=\"Seg\u00fcent\" style=\"display: none;\"><\/div>\r\n\r\n\t\t<div class=\"slideshow_pagination\" style=\"display: none;\" data-go-to-text=\"V\u00e9s a la diapositiva\"><div class=\"slideshow_pagination_center\"><\/div><\/div>\r\n\r\n\t\t<!-- WordPress Slideshow Version 2.3.1 -->\r\n\r\n\t\t\t<\/div>\r\n\r\n\n","protected":false},"excerpt":{"rendered":"<p>App Inventor 2: \u00e9s un entorn integrat de desenvolupament\u00a0que permet crear aplicacions m\u00f2bils\u00a0per al sistema operatiu Android. De forma visual i a partir d&#8217;un conjunt d&#8217;eines b\u00e0siques, l&#8217;usuari va enlla\u00e7ant un conjunt de blocs per crear l&#8217;aplicaci\u00f3. El sistema \u00e9s gratu\u00eft i es pot descarregar&hellip;  <a href=\"https:\/\/agora.xtec.cat\/iessantfeliu\/fll\/fll-2017-el-repte\/fll-2017-projecte-cientific\/\" title=\"Read FLL 2017 &#8211; Projecte Cientific\">Llegeix m\u00e9s\u00bb<\/a><\/p>\n","protected":false},"author":1,"featured_media":0,"parent":2845,"menu_order":0,"comment_status":"closed","ping_status":"closed","template":"page-templates\/side-menu.php","meta":{"_bbp_topic_count":0,"_bbp_reply_count":0,"_bbp_total_topic_count":0,"_bbp_total_reply_count":0,"_bbp_voice_count":0,"_bbp_anonymous_reply_count":0,"_bbp_topic_count_hidden":0,"_bbp_reply_count_hidden":0,"_bbp_forum_subforum_count":0,"footnotes":""},"class_list":["post-2849","page","type-page","status-publish","hentry"],"post_mailing_queue_ids":[],"_links":{"self":[{"href":"https:\/\/agora.xtec.cat\/iessantfeliu\/wp-json\/wp\/v2\/pages\/2849","targetHints":{"allow":["GET"]}}],"collection":[{"href":"https:\/\/agora.xtec.cat\/iessantfeliu\/wp-json\/wp\/v2\/pages"}],"about":[{"href":"https:\/\/agora.xtec.cat\/iessantfeliu\/wp-json\/wp\/v2\/types\/page"}],"author":[{"embeddable":true,"href":"https:\/\/agora.xtec.cat\/iessantfeliu\/wp-json\/wp\/v2\/users\/1"}],"replies":[{"embeddable":true,"href":"https:\/\/agora.xtec.cat\/iessantfeliu\/wp-json\/wp\/v2\/comments?post=2849"}],"version-history":[{"count":3,"href":"https:\/\/agora.xtec.cat\/iessantfeliu\/wp-json\/wp\/v2\/pages\/2849\/revisions"}],"predecessor-version":[{"id":2879,"href":"https:\/\/agora.xtec.cat\/iessantfeliu\/wp-json\/wp\/v2\/pages\/2849\/revisions\/2879"}],"up":[{"embeddable":true,"href":"https:\/\/agora.xtec.cat\/iessantfeliu\/wp-json\/wp\/v2\/pages\/2845"}],"wp:attachment":[{"href":"https:\/\/agora.xtec.cat\/iessantfeliu\/wp-json\/wp\/v2\/media?parent=2849"}],"curies":[{"name":"wp","href":"https:\/\/api.w.org\/{rel}","templated":true}]}}