{"id":19,"date":"2014-09-17T14:56:56","date_gmt":"2014-09-17T14:56:56","guid":{"rendered":"http:\/\/agora.xtec.cat\/iessantfeliu\/?page_id=19"},"modified":"2021-01-13T22:02:11","modified_gmt":"2021-01-13T21:02:11","slug":"linstitut","status":"publish","type":"page","link":"https:\/\/agora.xtec.cat\/iessantfeliu\/linstitut\/","title":{"rendered":"L&#8217;institut"},"content":{"rendered":"<div class=\"box generalbox center clearfix\">\n<div class=\"no-overflow\">\n<p>L\u2019Institut de Sant Feliu de Gu\u00edxols es troba situat a la part nord-oest de Sant Feliu de Gu\u00edxols, al barri de Vilartagas, lleugerament allunyat del centre de la vila i molt proper a les sortides del poble que enllacen per carretera amb la variant de Platja d\u2019Aro. Disposa d\u2019espais d\u2019estacionament per als vehicles a tot el seu voltant .<\/p>\n<p>El curs 99\/00, l\u2019institut va estrenar un flamant i modern edifici, on s\u2019hi van aglutinar els estudis de l\u2019escola de Formaci\u00f3 de Professional del poble on s\u2019impartien les especialitats d\u2019Administraci\u00f3, Jard\u00ed d&#8217;Inf\u00e0ncia, Perruqueria i Electricitat, a m\u00e9s a m\u00e9s d\u2019una l\u00ednia complerta dels estudis de la ESO i BAT desplegats de forma gradual els tres anys anteriors en barracons, degut a la introducci\u00f3 de la reforma educativa el curs 1996\/97. L\u2019edifici ocupa una enorme extensi\u00f3 i un espai edificat molt ample, i en la seva construcci\u00f3 es anteposar el disseny sobre la seva funcionalitat. El centre comparteix aquests espais amb l\u2019EOI que ofereix un valor afegit a la comunitat educativa i al poble .<\/p>\n<p><strong>La missi\u00f3 del centre <\/strong><\/p>\n<p><strong> Qui som? Qu\u00e8 pretenem? El comprom\u00eds <\/strong><\/p>\n<p>Som un centre p\u00fablic que formem el ciutad\u00e0 de dem\u00e0, preparat per a un m\u00f3n canviant, respectu\u00f3s amb els altres i l\u2019entorn, amb ganes d\u2019aprendre i col\u00b7laborar, coneixedor de la cultura i la llegua catalanes, capacitat per assumir reptes socials, acad\u00e8mics i professionals.<\/p>\n<p><strong>Els valors <\/strong><\/p>\n<p>Els valors que inspiren la nostra tasca s\u00f3n:<strong>integritat, igualtat, respecte a tu mateix i als altres, esfor\u00e7, responsabilitat, efic\u00e0cia, efici\u00e8ncia i rigor. <\/strong>Volem que tothom tota la comunitat educativa se senti a gust i implicada en aquesta gran tasca.<\/p>\n<p><strong>La visi\u00f3 del centre <\/strong><\/p>\n<p>L\u2019Institut de Sant Feliu de Gu\u00edxols <strong>volem ser un centre excel\u00b7lent<\/strong>: en doc\u00e8ncia; en oferta formativa, acad\u00e8mica i professional; en orientaci\u00f3 i organitzaci\u00f3; en implicaci\u00f3, detecci\u00f3 i satisfacci\u00f3 de les necessitats l\u00edcites de tota la comunitat educativa; en l\u2019atenci\u00f3 a la diversitat; en l\u2019acollida dels agents relacionats i implicats; i en la relaci\u00f3 i integraci\u00f3 amb l\u2019entorn.<\/p>\n<p>Aspirem a preparar homes i dones amb un esperit cr\u00edtic, obert, cooperador i democr\u00e0tic que els ajudi a ser \u00fatils a la societat amb un profund sentit \u00e8tic i responsable.<\/p>\n<\/div>\n<\/div>\n","protected":false},"excerpt":{"rendered":"<p>L\u2019Institut de Sant Feliu de Gu\u00edxols es troba situat a la part nord-oest de Sant Feliu de Gu\u00edxols, al barri de Vilartagas, lleugerament allunyat del centre de la vila i molt proper a les sortides del poble que enllacen per carretera amb la variant de&hellip;  <a href=\"https:\/\/agora.xtec.cat\/iessantfeliu\/linstitut\/\" title=\"Read L&#8217;institut\">Llegeix m\u00e9s\u00bb<\/a><\/p>\n","protected":false},"author":1,"featured_media":0,"parent":0,"menu_order":0,"comment_status":"closed","ping_status":"closed","template":"page-templates\/side-menu.php","meta":{"_bbp_topic_count":0,"_bbp_reply_count":0,"_bbp_total_topic_count":0,"_bbp_total_reply_count":0,"_bbp_voice_count":0,"_bbp_anonymous_reply_count":0,"_bbp_topic_count_hidden":0,"_bbp_reply_count_hidden":0,"_bbp_forum_subforum_count":0,"footnotes":""},"class_list":["post-19","page","type-page","status-publish","hentry"],"post_mailing_queue_ids":[],"_links":{"self":[{"href":"https:\/\/agora.xtec.cat\/iessantfeliu\/wp-json\/wp\/v2\/pages\/19","targetHints":{"allow":["GET"]}}],"collection":[{"href":"https:\/\/agora.xtec.cat\/iessantfeliu\/wp-json\/wp\/v2\/pages"}],"about":[{"href":"https:\/\/agora.xtec.cat\/iessantfeliu\/wp-json\/wp\/v2\/types\/page"}],"author":[{"embeddable":true,"href":"https:\/\/agora.xtec.cat\/iessantfeliu\/wp-json\/wp\/v2\/users\/1"}],"replies":[{"embeddable":true,"href":"https:\/\/agora.xtec.cat\/iessantfeliu\/wp-json\/wp\/v2\/comments?post=19"}],"version-history":[{"count":2,"href":"https:\/\/agora.xtec.cat\/iessantfeliu\/wp-json\/wp\/v2\/pages\/19\/revisions"}],"predecessor-version":[{"id":407,"href":"https:\/\/agora.xtec.cat\/iessantfeliu\/wp-json\/wp\/v2\/pages\/19\/revisions\/407"}],"wp:attachment":[{"href":"https:\/\/agora.xtec.cat\/iessantfeliu\/wp-json\/wp\/v2\/media?parent=19"}],"curies":[{"name":"wp","href":"https:\/\/api.w.org\/{rel}","templated":true}]}}