{"id":11394,"date":"2024-03-07T19:18:19","date_gmt":"2024-03-07T18:18:19","guid":{"rendered":"https:\/\/agora.xtec.cat\/iessantfeliu\/?page_id=11394"},"modified":"2024-07-15T10:06:20","modified_gmt":"2024-07-15T08:06:20","slug":"pfi-preinscripcio-2024-25","status":"publish","type":"page","link":"https:\/\/agora.xtec.cat\/iessantfeliu\/preinscripcio-2024-25\/pfi-preinscripcio-2024-25\/","title":{"rendered":"PFI Preinscripci\u00f3 2024-25"},"content":{"rendered":"<ul style=\"list-style-type: circle;\">\n<li tabindex=\"-1\" data-thread-perm-id=\"thread-f:1801551834102127423\" data-legacy-thread-id=\"190065d91c1c5b3f\"><a href=\"https:\/\/agora.xtec.cat\/iessantfeliu\/wp-content\/uploads\/usu232\/2024\/07\/PFI-INFORME_BAREM_RESOLTES_BAREM.pdf\" target=\"_blank\" rel=\"noopener\">Publicaci\u00f3 Llista un cop resoltes les reclamacions<\/a><\/li>\n<\/ul>\n<hr \/>\n<ul style=\"list-style-type: circle;\">\n<li tabindex=\"-1\" data-thread-perm-id=\"thread-f:1801551834102127423\" data-legacy-thread-id=\"190065d91c1c5b3f\"><a href=\"https:\/\/agora.xtec.cat\/iessantfeliu\/wp-content\/uploads\/usu232\/2024\/07\/PFI-INFORME_ASSIGNADES_INFORME_ASSIGNADES-1.pdf\" target=\"_blank\" rel=\"noopener\">Publicaci\u00f3 Llista assignacions<\/a><\/li>\n<li tabindex=\"-1\" data-thread-perm-id=\"thread-f:1801551834102127423\" data-legacy-thread-id=\"190065d91c1c5b3f\"><a href=\"https:\/\/agora.xtec.cat\/iessantfeliu\/wp-content\/uploads\/usu232\/2024\/07\/PFI-INFORME_LLISTA_ESPERA_OME_LLISTA_ESPERA-2.pdf\" target=\"_blank\" rel=\"noopener\">Publicaci\u00f3 Llista d&#8217;espera<\/a><\/li>\n<li class=\"hP default_cursor_cs\" style=\"text-align: left;\" tabindex=\"-1\" data-thread-perm-id=\"thread-f:1801551834102127423\" data-legacy-thread-id=\"190065d91c1c5b3f\"><a href=\"https:\/\/agora.xtec.cat\/iessantfeliu\/wp-content\/uploads\/usu232\/2024\/06\/INFORME_BAREM_DEFINITIU_BAREM-1.pdf\">Informe barem definitiu per ordre del PFI<\/a><\/li>\n<\/ul>\n<div class=\"pG\" tabindex=\"0\" role=\"switch\" data-tooltip-contained=\"true\" data-tooltip-align=\"b,l\" data-tooltip-delay=\"1500\" aria-label=\"No important\" aria-checked=\"false\" data-is-important=\"false\"><\/div>\n<table style=\"width: 101.368%; height: 649px;\">\n<tbody>\n<tr style=\"height: 58px;\">\n<td style=\"width: 70.3628%; height: 37px; background-color: #fcfcfc;\">Publicaci\u00f3 de l\u2019oferta inicial de places<\/td>\n<td style=\"width: 56.618%; height: 37px; background-color: #fcfcfc;\">30 d&#8217;abril<\/td>\n<\/tr>\n<tr style=\"height: 58px;\">\n<td style=\"width: 70.3628%; height: 41px;\">Entrevistes d&#8217;orientaci\u00f3<\/td>\n<td style=\"width: 56.618%; height: 41px;\">Del 2 al 23 de maig<\/td>\n<\/tr>\n<tr style=\"height: 52px;\">\n<td style=\"width: 70.3628%; background-color: #fcfcfc; height: 52px;\">Presentaci\u00f3 de sol\u00b7licituds TELEM\u00c0TICA<\/td>\n<td style=\"width: 56.618%; background-color: #fcfcfc; height: 52px;\">Del 2 al 9 de maig<\/td>\n<\/tr>\n<tr style=\"height: 58px;\">\n<td style=\"width: 126.981%; height: 41px; background-color: #ffffff;\" colspan=\"2\">Es podr\u00e0 presentar la documentaci\u00f3 fins el dia 10 de maig, electr\u00f2nicament.<\/td>\n<\/tr>\n<tr style=\"height: 58px;\">\n<td style=\"width: 70.3628%; height: 58px;\">Sol\u00b7licituds amb puntuaci\u00f3<\/td>\n<td style=\"width: 56.618%; height: 58px;\">27 de maig<\/td>\n<\/tr>\n<tr style=\"height: 58px;\">\n<td style=\"width: 70.3628%; height: 58px;\">Termini per presentar una reclamaci\u00f3, utilitzant l&#8217;eina electr\u00f2nica per adjuntar les reclamacions<\/td>\n<td style=\"width: 56.618%; height: 58px;\">Del 27 de maig al 3 de juny<\/td>\n<\/tr>\n<tr style=\"height: 58px;\">\n<td style=\"width: 70.3628%; height: 58px;\">Llistat sol\u00b7licituds definitiu<\/td>\n<td style=\"width: 56.618%; height: 58px;\">11 de juny<\/td>\n<\/tr>\n<tr style=\"height: 58px;\">\n<td style=\"width: 70.3628%; height: 58px; background-color: #1ad999;\">Ampliaci\u00f3 de peticions per a les sol\u00b7licituds sense assignaci\u00f3<\/td>\n<td style=\"width: 56.618%; height: 58px; background-color: #1ad999;\">Del 19 al 21 de juny<\/td>\n<\/tr>\n<tr style=\"height: 58px;\">\n<td style=\"width: 70.3628%; height: 58px; background-color: #ffffff;\">Llistat alumnes admesos i llista d&#8217;espera<\/td>\n<td style=\"width: 56.618%; height: 58px; background-color: #ffffff;\">1 de juliol<\/td>\n<\/tr>\n<tr style=\"height: 33px;\">\n<td style=\"width: 70.3628%; height: 33px; background-color: #fcfcfc;\">Per\u00edode de MATR\u00cdCULA<\/td>\n<td style=\"width: 56.618%; height: 33px; background-color: #fcfcfc;\">Del 2 al 8 de juliol (ambd\u00f3s inclosos)<\/td>\n<\/tr>\n<\/tbody>\n<\/table>\n<p>&nbsp;<\/p>\n<p>M\u00e9s informaci\u00f3 <a href=\"https:\/\/preinscripcio.gencat.cat\/ca\/estudis\/pfi\/inici\/\">aqu\u00ed<\/a><\/p>\n<p><a href=\"https:\/\/agora.xtec.cat\/iessantfeliu\/wp-content\/uploads\/usu232\/2024\/03\/Preiscripcio-PFI-info_page-0001.jpg\"><img loading=\"lazy\" decoding=\"async\" class=\"size-large wp-image-11365 aligncenter\" src=\"https:\/\/agora.xtec.cat\/iessantfeliu\/wp-content\/uploads\/usu232\/2024\/03\/Preiscripcio-PFI-info_page-0001-512x1024.jpg\" alt=\"\" width=\"512\" height=\"1024\" srcset=\"https:\/\/agora.xtec.cat\/iessantfeliu\/wp-content\/uploads\/usu232\/2024\/03\/Preiscripcio-PFI-info_page-0001-512x1024.jpg 512w, https:\/\/agora.xtec.cat\/iessantfeliu\/wp-content\/uploads\/usu232\/2024\/03\/Preiscripcio-PFI-info_page-0001-150x300.jpg 150w, https:\/\/agora.xtec.cat\/iessantfeliu\/wp-content\/uploads\/usu232\/2024\/03\/Preiscripcio-PFI-info_page-0001-768x1536.jpg 768w, https:\/\/agora.xtec.cat\/iessantfeliu\/wp-content\/uploads\/usu232\/2024\/03\/Preiscripcio-PFI-info_page-0001-1024x2048.jpg 1024w, https:\/\/agora.xtec.cat\/iessantfeliu\/wp-content\/uploads\/usu232\/2024\/03\/Preiscripcio-PFI-info_page-0001.jpg 1250w\" sizes=\"auto, (max-width: 512px) 100vw, 512px\" \/><\/a><\/p>\n<h6><img loading=\"lazy\" decoding=\"async\" class=\"aligncenter wp-image-11660\" src=\"https:\/\/agora.xtec.cat\/iessantfeliu\/wp-content\/uploads\/usu232\/2024\/04\/Oferta-PFI-2023-24.png\" alt=\"\" width=\"823\" height=\"396\" srcset=\"https:\/\/agora.xtec.cat\/iessantfeliu\/wp-content\/uploads\/usu232\/2024\/04\/Oferta-PFI-2023-24.png 1265w, https:\/\/agora.xtec.cat\/iessantfeliu\/wp-content\/uploads\/usu232\/2024\/04\/Oferta-PFI-2023-24-300x144.png 300w, https:\/\/agora.xtec.cat\/iessantfeliu\/wp-content\/uploads\/usu232\/2024\/04\/Oferta-PFI-2023-24-1024x493.png 1024w, https:\/\/agora.xtec.cat\/iessantfeliu\/wp-content\/uploads\/usu232\/2024\/04\/Oferta-PFI-2023-24-768x370.png 768w\" sizes=\"auto, (max-width: 823px) 100vw, 823px\" \/><\/h6>\n<h3 style=\"text-align: center;\">Barem PFI 2024-2025: <a href=\"https:\/\/drive.google.com\/file\/d\/1pdJV0pjTlu_ogpyMzdC--QAPiRndC2QG\/view\">LLISTAT<\/a><\/h3>\n<h3 style=\"text-align: center;\">Llista PFI un cop resoltes les reclamacions: <a href=\"https:\/\/agora.xtec.cat\/iessantfeliu\/wp-content\/uploads\/usu232\/2024\/06\/INFORME_BAREM_RESOLTES_BAREM_1.pdf\"><span style=\"text-decoration: underline;\"><strong>INFORME<\/strong><\/span><\/a><\/h3>\n","protected":false},"excerpt":{"rendered":"<ul style=\"list-style-type: circle;\">\n<li tabindex=\"-1\" data-thread-perm-id=\"thread-f:1801551834102127423\" data-legacy-thread-id=\"190065d91c1c5b3f\"><a href=\"https:\/\/agora.xtec.cat\/iessantfeliu\/wp-content\/uploads\/usu232\/2024\/07\/PFI-INFORME_BAREM_RESOLTES_BAREM.pdf\" target=\"_blank\" rel=\"noopener\">Publicaci\u00f3 Llista un cop resoltes les reclamacions<\/a><\/li>\n<\/ul>\n<ul style=\"list-style-type: circle;\">\n<li tabindex=\"-1\" data-thread-perm-id=\"thread-f:1801551834102127423\" data-legacy-thread-id=\"190065d91c1c5b3f\"><a href=\"https:\/\/agora.xtec.cat\/iessantfeliu\/wp-content\/uploads\/usu232\/2024\/07\/PFI-INFORME_ASSIGNADES_INFORME_ASSIGNADES-1.pdf\" target=\"_blank\" rel=\"noopener\">Publicaci\u00f3 Llista assignacions<\/a><\/li>\n<li tabindex=\"-1\" data-thread-perm-id=\"thread-f:1801551834102127423\" data-legacy-thread-id=\"190065d91c1c5b3f\"><a href=\"https:\/\/agora.xtec.cat\/iessantfeliu\/wp-content\/uploads\/usu232\/2024\/07\/PFI-INFORME_LLISTA_ESPERA_OME_LLISTA_ESPERA-2.pdf\" target=\"_blank\" rel=\"noopener\">Publicaci\u00f3 Llista d&#8217;espera<\/a><\/li>\n<li class=\"hP default_cursor_cs\" style=\"text-align: left;\" tabindex=\"-1\" data-thread-perm-id=\"thread-f:1801551834102127423\" data-legacy-thread-id=\"190065d91c1c5b3f\"><a href=\"https:\/\/agora.xtec.cat\/iessantfeliu\/wp-content\/uploads\/usu232\/2024\/06\/INFORME_BAREM_DEFINITIU_BAREM-1.pdf\">Informe barem definitiu per ordre&hellip;  <a href=\"https:\/\/agora.xtec.cat\/iessantfeliu\/preinscripcio-2024-25\/pfi-preinscripcio-2024-25\/\" title=\"Read PFI Preinscripci\u00f3 2024-25\">Llegeix m\u00e9s\u00bb<\/a><br \/>\n","protected":false},"author":1,"featured_media":0,"parent":11381,"menu_order":0,"comment_status":"closed","ping_status":"closed","template":"page-templates\/side-menu.php","meta":{"_bbp_topic_count":0,"_bbp_reply_count":0,"_bbp_total_topic_count":0,"_bbp_total_reply_count":0,"_bbp_voice_count":0,"_bbp_anonymous_reply_count":0,"_bbp_topic_count_hidden":0,"_bbp_reply_count_hidden":0,"_bbp_forum_subforum_count":0,"footnotes":""},"class_list":["post-11394","page","type-page","status-publish","hentry"],"post_mailing_queue_ids":[],"_links":{"self":[{"href":"https:\/\/agora.xtec.cat\/iessantfeliu\/wp-json\/wp\/v2\/pages\/11394","targetHints":{"allow":["GET"]}}],"collection":[{"href":"https:\/\/agora.xtec.cat\/iessantfeliu\/wp-json\/wp\/v2\/pages"}],"about":[{"href":"https:\/\/agora.xtec.cat\/iessantfeliu\/wp-json\/wp\/v2\/types\/page"}],"author":[{"embeddable":true,"href":"https:\/\/agora.xtec.cat\/iessantfeliu\/wp-json\/wp\/v2\/users\/1"}],"replies":[{"embeddable":true,"href":"https:\/\/agora.xtec.cat\/iessantfeliu\/wp-json\/wp\/v2\/comments?post=11394"}],"version-history":[{"count":6,"href":"https:\/\/agora.xtec.cat\/iessantfeliu\/wp-json\/wp\/v2\/pages\/11394\/revisions"}],"predecessor-version":[{"id":12067,"href":"https:\/\/agora.xtec.cat\/iessantfeliu\/wp-json\/wp\/v2\/pages\/11394\/revisions\/12067"}],"up":[{"embeddable":true,"href":"https:\/\/agora.xtec.cat\/iessantfeliu\/wp-json\/wp\/v2\/pages\/11381"}],"wp:attachment":[{"href":"https:\/\/agora.xtec.cat\/iessantfeliu\/wp-json\/wp\/v2\/media?parent=11394"}],"curies":[{"name":"wp","href":"https:\/\/api.w.org\/{rel}","templated":true}]}}