{"id":10621,"date":"2023-11-02T11:00:18","date_gmt":"2023-11-02T10:00:18","guid":{"rendered":"https:\/\/agora.xtec.cat\/iessantfeliu\/?page_id=10621"},"modified":"2024-02-09T19:30:22","modified_gmt":"2024-02-09T18:30:22","slug":"nova-linia-dactivitats-comercials","status":"publish","type":"page","link":"https:\/\/agora.xtec.cat\/iessantfeliu\/nova-linia-dactivitats-comercials\/","title":{"rendered":"NOVA L\u00cdNIA D&#8217;ACTIVITATS COMERCIALS"},"content":{"rendered":"<p>El curs passat ens van donar una nova l\u00ednia d&#8217;Activitats comercials. Aquesta est\u00e0 finan\u00e7ada, en part, per la Uni\u00f3 Europea.<\/p>\n<p><a href=\"https:\/\/agora.xtec.cat\/iessantfeliu\/wp-content\/uploads\/usu232\/2023\/11\/banner-pagina-web.png\"><img loading=\"lazy\" decoding=\"async\" class=\"alignnone size-large wp-image-10618\" src=\"https:\/\/agora.xtec.cat\/iessantfeliu\/wp-content\/uploads\/usu232\/2023\/11\/banner-pagina-web-1024x221.png\" alt=\"\" width=\"1024\" height=\"221\" srcset=\"https:\/\/agora.xtec.cat\/iessantfeliu\/wp-content\/uploads\/usu232\/2023\/11\/banner-pagina-web-1024x221.png 1024w, https:\/\/agora.xtec.cat\/iessantfeliu\/wp-content\/uploads\/usu232\/2023\/11\/banner-pagina-web-300x65.png 300w, https:\/\/agora.xtec.cat\/iessantfeliu\/wp-content\/uploads\/usu232\/2023\/11\/banner-pagina-web-768x165.png 768w, https:\/\/agora.xtec.cat\/iessantfeliu\/wp-content\/uploads\/usu232\/2023\/11\/banner-pagina-web.png 1147w\" sizes=\"auto, (max-width: 1024px) 100vw, 1024px\" \/><\/a><\/p>\n","protected":false},"excerpt":{"rendered":"<p>El curs passat ens van donar una nova l\u00ednia d&#8217;Activitats comercials. Aquesta est\u00e0 finan\u00e7ada, en part, per la Uni\u00f3 Europea.<br \/>\n<a href=\"https:\/\/agora.xtec.cat\/iessantfeliu\/wp-content\/uploads\/usu232\/2023\/11\/banner-pagina-web.png\"><\/a><\/p>\n","protected":false},"author":1,"featured_media":0,"parent":0,"menu_order":0,"comment_status":"closed","ping_status":"closed","template":"","meta":{"_bbp_topic_count":0,"_bbp_reply_count":0,"_bbp_total_topic_count":0,"_bbp_total_reply_count":0,"_bbp_voice_count":0,"_bbp_anonymous_reply_count":0,"_bbp_topic_count_hidden":0,"_bbp_reply_count_hidden":0,"_bbp_forum_subforum_count":0,"footnotes":""},"class_list":["post-10621","page","type-page","status-publish","hentry"],"post_mailing_queue_ids":[],"_links":{"self":[{"href":"https:\/\/agora.xtec.cat\/iessantfeliu\/wp-json\/wp\/v2\/pages\/10621","targetHints":{"allow":["GET"]}}],"collection":[{"href":"https:\/\/agora.xtec.cat\/iessantfeliu\/wp-json\/wp\/v2\/pages"}],"about":[{"href":"https:\/\/agora.xtec.cat\/iessantfeliu\/wp-json\/wp\/v2\/types\/page"}],"author":[{"embeddable":true,"href":"https:\/\/agora.xtec.cat\/iessantfeliu\/wp-json\/wp\/v2\/users\/1"}],"replies":[{"embeddable":true,"href":"https:\/\/agora.xtec.cat\/iessantfeliu\/wp-json\/wp\/v2\/comments?post=10621"}],"version-history":[{"count":4,"href":"https:\/\/agora.xtec.cat\/iessantfeliu\/wp-json\/wp\/v2\/pages\/10621\/revisions"}],"predecessor-version":[{"id":11058,"href":"https:\/\/agora.xtec.cat\/iessantfeliu\/wp-json\/wp\/v2\/pages\/10621\/revisions\/11058"}],"wp:attachment":[{"href":"https:\/\/agora.xtec.cat\/iessantfeliu\/wp-json\/wp\/v2\/media?parent=10621"}],"curies":[{"name":"wp","href":"https:\/\/api.w.org\/{rel}","templated":true}]}}