{"id":8064,"date":"2023-03-05T12:09:17","date_gmt":"2023-03-05T11:09:17","guid":{"rendered":"https:\/\/agora.xtec.cat\/iessantaeugenia\/?page_id=8064"},"modified":"2026-03-27T14:14:46","modified_gmt":"2026-03-27T13:14:46","slug":"presentacio-i-informacio-del-batxillerat","status":"publish","type":"page","link":"https:\/\/agora.xtec.cat\/iessantaeugenia\/presentacio-i-informacio-del-batxillerat\/","title":{"rendered":"PRESENTACI\u00d3 I INFORMACI\u00d3 DEL BATXILLERAT"},"content":{"rendered":"<p>El <strong>Batxillerat<\/strong> \u00e9s l&#8217;etapa que es cursa normalment entre els 16 i els 18 anys, tot i que \u00e9s oberta a persones de qualsevol edat, ja sigui de forma presencial o a dist\u00e0ncia.<\/p>\n<p>\u00c9s un cicle format per dos cursos de trenta hores lectives. <span style=\"color: #ffffff;\">setmanals.<\/span><\/p>\n<p>El Batxillerat prepara els alumnes per a la seva incorporaci\u00f3 a estudis posteriors, tant professionals com universitaris, i per a l&#8217;acc\u00e9s al m\u00f3n laboral.<\/p>\n<h5><strong>QU\u00c8 OFEREIX L&#8217;INSTITUT SANTA EUG\u00c8NIA?<\/strong><\/h5>\n<p>L&#8217;Institut Santa Eug\u00e8nia ofereix les modalitats de <strong>Ci\u00e8ncies i Tecnologia<\/strong>, i d&#8217;<strong>Humanitats i Ci\u00e8ncies Socials<\/strong>.<\/p>\n<p><a href=\"https:\/\/agora.xtec.cat\/iessantaeugenia\/wp-content\/uploads\/usu1801\/2023\/04\/BATXILLERAT_.jpg\"><img loading=\"lazy\" decoding=\"async\" class=\"alignnone wp-image-8687\" src=\"https:\/\/agora.xtec.cat\/iessantaeugenia\/wp-content\/uploads\/usu1801\/2023\/04\/BATXILLERAT_-300x300.jpg\" alt=\"\" width=\"423\" height=\"423\" srcset=\"https:\/\/agora.xtec.cat\/iessantaeugenia\/wp-content\/uploads\/usu1801\/2023\/04\/BATXILLERAT_-300x300.jpg 300w, https:\/\/agora.xtec.cat\/iessantaeugenia\/wp-content\/uploads\/usu1801\/2023\/04\/BATXILLERAT_-1024x1024.jpg 1024w, https:\/\/agora.xtec.cat\/iessantaeugenia\/wp-content\/uploads\/usu1801\/2023\/04\/BATXILLERAT_-150x150.jpg 150w, https:\/\/agora.xtec.cat\/iessantaeugenia\/wp-content\/uploads\/usu1801\/2023\/04\/BATXILLERAT_-768x768.jpg 768w, https:\/\/agora.xtec.cat\/iessantaeugenia\/wp-content\/uploads\/usu1801\/2023\/04\/BATXILLERAT_.jpg 1080w\" sizes=\"auto, (max-width: 423px) 100vw, 423px\" \/><\/a><\/p>\n<div>\n<ul>\n<li><strong><a href=\"https:\/\/docs.google.com\/presentation\/d\/1znlI67jkNtdXPXZAUOC83fLlwSfIM5Pk\/edit?usp=drive_link&amp;ouid=112088197383943414889&amp;rtpof=true&amp;sd=true\">PRESENTACI\u00d3 DELS ESTUDIS DE BATXILLERAT<\/a><\/strong><\/li>\n<li><strong><a href=\"https:\/\/docs.google.com\/presentation\/d\/1vASrn9xUHsOh8bOu1SX0jJTEmAy8gOpE\/edit?usp=sharing&amp;ouid=112088197383943414889&amp;rtpof=true&amp;sd=true\">PRESENTACI\u00d3 DELS ESTUDIS DE BATXILLERAT I CICLES FORMATIUS PEL CURS<\/a><\/strong><\/li>\n<li><a href=\"https:\/\/agora.xtec.cat\/iessantaeugenia\/wp-content\/uploads\/usu1801\/2021\/09\/fulleto_cataleg_BATXILLERAT_INSTITUT_SANTA_EUGENIA.pdf\" target=\"_blank\" rel=\"noopener\">PRESENTACI\u00d3 DEL PROJECTE EDUCATIU DEL BATXILLERAT DE L&#8217;INS SANTA EUG\u00c8NIA<\/a><\/li>\n<\/ul>\n<\/div>\n<div style=\"width: 640px;\" class=\"wp-video\"><!--[if lt IE 9]><script>document.createElement('video');<\/script><![endif]-->\n<video class=\"wp-video-shortcode\" id=\"video-8064-1\" width=\"640\" height=\"360\" preload=\"metadata\" controls=\"controls\"><source type=\"video\/mp4\" src=\"https:\/\/agora.xtec.cat\/iessantaeugenia\/wp-content\/uploads\/usu1801\/2023\/04\/BATXILLERAT.mp4?_=1\" \/><a href=\"https:\/\/agora.xtec.cat\/iessantaeugenia\/wp-content\/uploads\/usu1801\/2023\/04\/BATXILLERAT.mp4\">https:\/\/agora.xtec.cat\/iessantaeugenia\/wp-content\/uploads\/usu1801\/2023\/04\/BATXILLERAT.mp4<\/a><\/video><\/div>\n<h5><\/h5>\n<ul>\n<li>\n<h5><strong><a href=\"https:\/\/agora.xtec.cat\/iessantaeugenia\/wp-content\/uploads\/usu1801\/2021\/09\/GUIA-INFORMATIVA-DEL-BATXILLERAT-A-CATALUNYA.pdf\">GUIA INFORMATIVA DEL BATXILLERAT A CATALUNYA<\/a><\/strong><\/h5>\n<\/li>\n<\/ul>\n","protected":false},"excerpt":{"rendered":"<p>El Batxillerat \u00e9s l&#8217;etapa que es cursa normalment entre els 16 i els 18 anys, tot i que \u00e9s oberta a persones de qualsevol edat, ja sigui de forma presencial o a dist\u00e0ncia.<br \/>\n\u00c9s un cicle format per dos cursos de trenta hores lectives. setmanals.<br \/>\nEl Batxillerat&hellip;  <a href=\"https:\/\/agora.xtec.cat\/iessantaeugenia\/presentacio-i-informacio-del-batxillerat\/\" title=\"Read PRESENTACI\u00d3 I INFORMACI\u00d3 DEL BATXILLERAT\">Llegeix m\u00e9s\u00bb<\/a><\/p>\n","protected":false},"author":1,"featured_media":0,"parent":0,"menu_order":0,"comment_status":"closed","ping_status":"closed","template":"","meta":{"_bbp_topic_count":0,"_bbp_reply_count":0,"_bbp_total_topic_count":0,"_bbp_total_reply_count":0,"_bbp_voice_count":0,"_bbp_anonymous_reply_count":0,"_bbp_topic_count_hidden":0,"_bbp_reply_count_hidden":0,"_bbp_forum_subforum_count":0,"footnotes":""},"class_list":["post-8064","page","type-page","status-publish","hentry"],"post_mailing_queue_ids":[],"_links":{"self":[{"href":"https:\/\/agora.xtec.cat\/iessantaeugenia\/wp-json\/wp\/v2\/pages\/8064","targetHints":{"allow":["GET"]}}],"collection":[{"href":"https:\/\/agora.xtec.cat\/iessantaeugenia\/wp-json\/wp\/v2\/pages"}],"about":[{"href":"https:\/\/agora.xtec.cat\/iessantaeugenia\/wp-json\/wp\/v2\/types\/page"}],"author":[{"embeddable":true,"href":"https:\/\/agora.xtec.cat\/iessantaeugenia\/wp-json\/wp\/v2\/users\/1"}],"replies":[{"embeddable":true,"href":"https:\/\/agora.xtec.cat\/iessantaeugenia\/wp-json\/wp\/v2\/comments?post=8064"}],"version-history":[{"count":6,"href":"https:\/\/agora.xtec.cat\/iessantaeugenia\/wp-json\/wp\/v2\/pages\/8064\/revisions"}],"predecessor-version":[{"id":11984,"href":"https:\/\/agora.xtec.cat\/iessantaeugenia\/wp-json\/wp\/v2\/pages\/8064\/revisions\/11984"}],"wp:attachment":[{"href":"https:\/\/agora.xtec.cat\/iessantaeugenia\/wp-json\/wp\/v2\/media?parent=8064"}],"curies":[{"name":"wp","href":"https:\/\/api.w.org\/{rel}","templated":true}]}}

PRESENTACIÓ I INFORMACIÓ DEL BATXILLERAT

<p>El <strong>Batxillerat</strong> és l&#8217;etapa que es cursa normalment entre els 16 i els 18 anys, tot i que és oberta a persones de qualsevol edat, ja sigui de forma presencial o a distància.</p>
<p>És un cicle format per dos cursos de trenta hores lectives. <span style="color: #ffffff;">setmanals.</span></p>
<p>El Batxillerat prepara els alumnes per a la seva incorporació a estudis posteriors, tant professionals com universitaris, i per a l&#8217;accés al món laboral.</p>
<h5><strong>QUÈ OFEREIX L&#8217;INSTITUT SANTA EUGÈNIA?</strong></h5>
<p>L&#8217;Institut Santa Eugènia ofereix les modalitats de <strong>Ciències i Tecnologia</strong>, i d&#8217;<strong>Humanitats i Ciències Socials</strong>.</p>
<p><a href="https://agora.xtec.cat/iessantaeugenia/wp-content/uploads/usu1801/2023/04/BATXILLERAT_.jpg"><img loading="lazy" decoding="async" class="alignnone wp-image-8687" src="https://agora.xtec.cat/iessantaeugenia/wp-content/uploads/usu1801/2023/04/BATXILLERAT_-300x300.jpg" alt="" width="423" height="423" srcset="https://agora.xtec.cat/iessantaeugenia/wp-content/uploads/usu1801/2023/04/BATXILLERAT_-300x300.jpg 300w, https://agora.xtec.cat/iessantaeugenia/wp-content/uploads/usu1801/2023/04/BATXILLERAT_-1024x1024.jpg 1024w, https://agora.xtec.cat/iessantaeugenia/wp-content/uploads/usu1801/2023/04/BATXILLERAT_-150x150.jpg 150w, https://agora.xtec.cat/iessantaeugenia/wp-content/uploads/usu1801/2023/04/BATXILLERAT_-768x768.jpg 768w, https://agora.xtec.cat/iessantaeugenia/wp-content/uploads/usu1801/2023/04/BATXILLERAT_.jpg 1080w" sizes="auto, (max-width: 423px) 100vw, 423px" /></a></p>
<div>
<ul>
<li><strong><a href="https://docs.google.com/presentation/d/1znlI67jkNtdXPXZAUOC83fLlwSfIM5Pk/edit?usp=drive_link&amp;ouid=112088197383943414889&amp;rtpof=true&amp;sd=true">PRESENTACIÓ DELS ESTUDIS DE BATXILLERAT</a></strong></li>
<li><strong><a href="https://docs.google.com/presentation/d/1vASrn9xUHsOh8bOu1SX0jJTEmAy8gOpE/edit?usp=sharing&amp;ouid=112088197383943414889&amp;rtpof=true&amp;sd=true">PRESENTACIÓ DELS ESTUDIS DE BATXILLERAT I CICLES FORMATIUS PEL CURS</a></strong></li>
<li><a href="https://agora.xtec.cat/iessantaeugenia/wp-content/uploads/usu1801/2021/09/fulleto_cataleg_BATXILLERAT_INSTITUT_SANTA_EUGENIA.pdf" target="_blank" rel="noopener">PRESENTACIÓ DEL PROJECTE EDUCATIU DEL BATXILLERAT DE L&#8217;INS SANTA EUGÈNIA</a></li>
</ul>
</div>
<div style="width: 640px;" class="wp-video"><!--[if lt IE 9]><script>document.createElement('video');</script><![endif]-->
<video class="wp-video-shortcode" id="video-8064-1" width="640" height="360" preload="metadata" controls="controls"><source type="video/mp4" src="https://agora.xtec.cat/iessantaeugenia/wp-content/uploads/usu1801/2023/04/BATXILLERAT.mp4?_=1" /><a href="https://agora.xtec.cat/iessantaeugenia/wp-content/uploads/usu1801/2023/04/BATXILLERAT.mp4">https://agora.xtec.cat/iessantaeugenia/wp-content/uploads/usu1801/2023/04/BATXILLERAT.mp4</a></video></div>
<h5></h5>
<ul>
<li>
<h5><strong><a href="https://agora.xtec.cat/iessantaeugenia/wp-content/uploads/usu1801/2021/09/GUIA-INFORMATIVA-DEL-BATXILLERAT-A-CATALUNYA.pdf">GUIA INFORMATIVA DEL BATXILLERAT A CATALUNYA</a></strong></h5>
</li>
</ul>

<p>El Batxillerat és l&#8217;etapa que es cursa normalment entre els 16 i els 18 anys, tot i que és oberta a persones de qualsevol edat, ja sigui de forma presencial o a distància.<br />
És un cicle format per dos cursos de trenta hores lectives. setmanals.<br />
El Batxillerat&hellip;  <a href="https://agora.xtec.cat/iessantaeugenia/presentacio-i-informacio-del-batxillerat/" title="Read PRESENTACIÓ I INFORMACIÓ DEL BATXILLERAT">Llegeix més»</a></p>
