{"id":7706,"date":"2023-02-10T17:33:32","date_gmt":"2023-02-10T16:33:32","guid":{"rendered":"https:\/\/agora.xtec.cat\/iessantaeugenia\/?page_id=7706"},"modified":"2026-02-18T13:43:48","modified_gmt":"2026-02-18T12:43:48","slug":"erasmus-cicles-formatius","status":"publish","type":"page","link":"https:\/\/agora.xtec.cat\/iessantaeugenia\/erasmus-cicles-formatius\/","title":{"rendered":"ERASMUS CICLES FORMATIUS"},"content":{"rendered":"<h1>Erasmus Charter for Higher Education<\/h1>\n<p>La Carta Erasmus d&#8217;Educaci\u00f3 Superior (ECHE) constitueix un marc general de qualitat de les activitats de col\u00b7laboraci\u00f3 europea i internacional que qualsevol centre d&#8217;educaci\u00f3 superior podr\u00e0 dur a terme en el marc del Programa Erasmus+.<\/p>\n<p>Despr\u00e9s del proc\u00e9s de selecci\u00f3, la nostra instituci\u00f3 ha rebut la Carta Erasmus per a l&#8217;Educaci\u00f3 Superior (ECHE). Des dels seg\u00fcents enlla\u00e7os podeu consultar aquesta carta, i la declaraci\u00f3 pol\u00edtica i metodol\u00f2gica:<\/p>\n<ul>\n<li><a href=\"https:\/\/agora.xtec.cat\/iessantaeugenia\/wp-content\/uploads\/usu1801\/2023\/02\/Erasmus-Charter-for-Higher-Education-2.pdf\">Erasmus_Charter_EN_signed<\/a><\/li>\n<li><a href=\"https:\/\/agora.xtec.cat\/iessantaeugenia\/wp-content\/uploads\/usu1801\/2025\/10\/policy-statement.pdf\">POLICY_STATEMENT_AND_METHODOLOGY<\/a><\/li>\n<\/ul>\n<h2><span style=\"color: #ff0000;\"><br \/>\n<\/span>Termini d&#8217;inscripci\u00f3 al programa Erasmus+ FP 2025-26<\/h2>\n<div class=\"entry-content\">\n<p>S\u2019obre el termini per inscriure\u2019s al proc\u00e9s de selecci\u00f3 d\u2019alumnes de cicles formatius interessats a rebre una beca per realitzar pr\u00e0ctiques a l\u2019estranger amb el programa Erasmus+.<\/p>\n<p>El per\u00edode per fer la inscripci\u00f3 \u00e9s fins al <strong>25 de gener de 2026<\/strong>, i s\u2019ha de fer mitjan\u00e7ant aquest <a href=\"https:\/\/docs.google.com\/forms\/d\/e\/1FAIpQLScEbNfr0xjHrnzpf0B66ByijKvhqwYpBnci1pqZqROF4y9GWg\/viewform?vc=0&amp;c=0&amp;w=1&amp;flr=0\" target=\"_blank\" rel=\"noopener\">enlla\u00e7<\/a>\u00a0(periode tancat).<\/p>\n<\/div>\n<div><\/div>\n<h2 class=\"p1\">ENTREVISTES CANDIDATS ERASMUS 25-26<\/h2>\n<ul>\n<li>Cal portar el CV i carta de motivaci\u00f3, tots dos en angl\u00e8s.<\/li>\n<li>Lloc de trobada, al costat de consergeria.<\/li>\n<li>Cal ser all\u00e0 de la vostra hora per si no es presenta l&#8217;anterior candidat\/a.<\/li>\n<\/ul>\n<p><a href=\"https:\/\/agora.xtec.cat\/iessantaeugenia\/wp-content\/uploads\/usu1801\/2026\/01\/erasmus-entrevistes-2026-01.jpg\"><img loading=\"lazy\" decoding=\"async\" class=\"alignnone wp-image-13540\" src=\"https:\/\/agora.xtec.cat\/iessantaeugenia\/wp-content\/uploads\/usu1801\/2026\/01\/erasmus-entrevistes-2026-01-1014x1024.jpg\" alt=\"\" width=\"400\" height=\"404\" srcset=\"https:\/\/agora.xtec.cat\/iessantaeugenia\/wp-content\/uploads\/usu1801\/2026\/01\/erasmus-entrevistes-2026-01-1014x1024.jpg 1014w, https:\/\/agora.xtec.cat\/iessantaeugenia\/wp-content\/uploads\/usu1801\/2026\/01\/erasmus-entrevistes-2026-01-297x300.jpg 297w, https:\/\/agora.xtec.cat\/iessantaeugenia\/wp-content\/uploads\/usu1801\/2026\/01\/erasmus-entrevistes-2026-01-768x776.jpg 768w, https:\/\/agora.xtec.cat\/iessantaeugenia\/wp-content\/uploads\/usu1801\/2026\/01\/erasmus-entrevistes-2026-01.jpg 1080w\" sizes=\"auto, (max-width: 400px) 100vw, 400px\" \/><\/a><\/p>\n<p><a href=\"https:\/\/agora.xtec.cat\/iessantaeugenia\/wp-content\/uploads\/usu1801\/2026\/01\/erasmus-entrevistes-2026-02.jpg\"><img loading=\"lazy\" decoding=\"async\" class=\"alignnone wp-image-13541\" src=\"https:\/\/agora.xtec.cat\/iessantaeugenia\/wp-content\/uploads\/usu1801\/2026\/01\/erasmus-entrevistes-2026-02-877x1024.jpg\" alt=\"\" width=\"400\" height=\"467\" srcset=\"https:\/\/agora.xtec.cat\/iessantaeugenia\/wp-content\/uploads\/usu1801\/2026\/01\/erasmus-entrevistes-2026-02-877x1024.jpg 877w, https:\/\/agora.xtec.cat\/iessantaeugenia\/wp-content\/uploads\/usu1801\/2026\/01\/erasmus-entrevistes-2026-02-257x300.jpg 257w, https:\/\/agora.xtec.cat\/iessantaeugenia\/wp-content\/uploads\/usu1801\/2026\/01\/erasmus-entrevistes-2026-02-768x897.jpg 768w, https:\/\/agora.xtec.cat\/iessantaeugenia\/wp-content\/uploads\/usu1801\/2026\/01\/erasmus-entrevistes-2026-02.jpg 1080w\" sizes=\"auto, (max-width: 400px) 100vw, 400px\" \/><\/a><\/p>\n<p>Des d\u2019<a href=\"https:\/\/drive.google.com\/file\/d\/191fyXYiNrroUNiDlEOwicCUjo1GS2h99\/view?usp=sharing\">aqu\u00ed<\/a> et pots descarregar el pdf.<\/p>\n<h2><span style=\"color: #ff0000;\">NOU!<\/span> RESULTAT DEL PROC\u00c9S DE SELECCI\u00d3. ERASMUS FP 2026<\/h2>\n<p><strong>Felicitats a tots els seleccionats!<\/strong> als que no heu estat de sort us animem a participar en propers anys si seguiu estudiant aqu\u00ed al centre. Si algun participant <strong>renuncia<\/strong>, que ho comuniqui el m\u00e9s aviat possible per gestionar els reserves. Moltes gr\u00e0cies a tots per participar.<br \/>\nPer qualsevol aclariment us podeu comunicar amb helenadescals@isantaeugenia.cat<br \/>\nEn els propers dies convocarem als seleccionats per comen\u00e7ar a preparar la documentaci\u00f3.<\/p>\n<p><a href=\"https:\/\/agora.xtec.cat\/iessantaeugenia\/wp-content\/uploads\/usu1801\/2026\/02\/escollits-erasmus-26-GM.jpg\"><img loading=\"lazy\" decoding=\"async\" class=\"alignnone wp-image-13649\" src=\"https:\/\/agora.xtec.cat\/iessantaeugenia\/wp-content\/uploads\/usu1801\/2026\/02\/escollits-erasmus-26-GM-1024x411.jpg\" alt=\"\" width=\"600\" height=\"241\" srcset=\"https:\/\/agora.xtec.cat\/iessantaeugenia\/wp-content\/uploads\/usu1801\/2026\/02\/escollits-erasmus-26-GM-1024x411.jpg 1024w, https:\/\/agora.xtec.cat\/iessantaeugenia\/wp-content\/uploads\/usu1801\/2026\/02\/escollits-erasmus-26-GM-300x120.jpg 300w, https:\/\/agora.xtec.cat\/iessantaeugenia\/wp-content\/uploads\/usu1801\/2026\/02\/escollits-erasmus-26-GM-768x308.jpg 768w, https:\/\/agora.xtec.cat\/iessantaeugenia\/wp-content\/uploads\/usu1801\/2026\/02\/escollits-erasmus-26-GM.jpg 1080w\" sizes=\"auto, (max-width: 600px) 100vw, 600px\" \/><\/a><\/p>\n<p><a href=\"https:\/\/agora.xtec.cat\/iessantaeugenia\/wp-content\/uploads\/usu1801\/2026\/02\/escollits-erasmus-26-GS.jpg\"><img loading=\"lazy\" decoding=\"async\" class=\"alignnone wp-image-13650\" src=\"https:\/\/agora.xtec.cat\/iessantaeugenia\/wp-content\/uploads\/usu1801\/2026\/02\/escollits-erasmus-26-GS-1024x750.jpg\" alt=\"\" width=\"600\" height=\"440\" srcset=\"https:\/\/agora.xtec.cat\/iessantaeugenia\/wp-content\/uploads\/usu1801\/2026\/02\/escollits-erasmus-26-GS-1024x750.jpg 1024w, https:\/\/agora.xtec.cat\/iessantaeugenia\/wp-content\/uploads\/usu1801\/2026\/02\/escollits-erasmus-26-GS-300x220.jpg 300w, https:\/\/agora.xtec.cat\/iessantaeugenia\/wp-content\/uploads\/usu1801\/2026\/02\/escollits-erasmus-26-GS-768x563.jpg 768w, https:\/\/agora.xtec.cat\/iessantaeugenia\/wp-content\/uploads\/usu1801\/2026\/02\/escollits-erasmus-26-GS.jpg 1081w\" sizes=\"auto, (max-width: 600px) 100vw, 600px\" \/><\/a><\/p>\n<p>Des d\u2019<a href=\"https:\/\/drive.google.com\/file\/d\/1nYh-o4tDYQmp3Ixe99xbCf7QhVeVFC6X\/view?usp=drive_link\">aqu\u00ed\u00a0<\/a>et pots descarregar el pdf.<\/p>\n<p>&nbsp;<\/p>\n<hr \/>\n<p><a href=\"http:\/\/web.isantaeugenia.cat\/index.php?apartat=1\"><br \/>\n<\/a><strong>Upper VET courses:<\/strong><\/p>\n<ul>\n<li>Higher Technician in\u00a0Electrotechnical\u00a0and Automated Systems<\/li>\n<li>Higher Technician in Sales Management and Commercial Spaces<\/li>\n<li>Higher Technician in Energy Efficiency and Solar Thermal Energy<\/li>\n<li>Higher Technician in the Development of Projects on Thermal and Fluids Installations<\/li>\n<li>Higher Technician in Construction Projects<\/li>\n<li>Higher Technician in Labour risks prevention<\/li>\n<\/ul>\n<p>&nbsp;<\/p>\n<p><strong>Intermidiate VET courses:<\/strong><\/p>\n<ul>\n<li>Technician in\u00a0comercial activities<\/li>\n<li>Technician in graphic printing and convert<\/li>\n<li>Technician in\u00a0Electrical\u00a0and Automated Systems<\/li>\n<li>Technician in refrigerating equipment and conditioning<\/li>\n<li>Technician in Heat producing systems<\/li>\n<li>Technician in mechanization<\/li>\n<li>Technician in reforms, decoration and rehabilitation<\/li>\n<\/ul>\n<p>&nbsp;<\/p>\n<h2>Language policy<\/h2>\n<p>To make the most of the opportunity abroad the students need to be prepared, this is why we have established these resources to ensure they have all they need before leaving:<\/p>\n<ul>\n<li>A chat\/meeting with a native person from the country he is visiting to give the student a cultural immersion<\/li>\n<li>The student may attend to English classes with any group of Batxillerat in our same highschool<\/li>\n<li>The language department can provide the student with resources to help him\/her boost the language skills<\/li>\n<li>To make sure there is a fluent communication between the student and the school or company abroad<\/li>\n<\/ul>\n<p><strong>When receiving students from abroad, the school has already established a procedure:<\/strong><\/p>\n<ul>\n<li>Checking of all required documentation (training contract, medical, social, third party insurances&#8230;)<\/li>\n<li>Introducing the student with his\/her tutor or mentor in Catalonia.<\/li>\n<li>Delivery of various information: telephone contact list. City map. Public transport schedule. General tips.<\/li>\n<li>Taking part in the lectures and activities of the corresponding vocational study at the school, maybe in Catalan, Spanish and some of them in English or French.<\/li>\n<li>Monitoring of the training.<\/li>\n<li>Periodical communication between our school and abroad.<\/li>\n<\/ul>\n<p>AT THE END OF THIS PAGE YOU CAN FIND THE DOCUMENT WITH THE\u00a0POLICY STATEMENT\u00a0AND THE\u00a0METHODOLOGY<\/p>\n<p>&nbsp;<\/p>\n<p>&nbsp;<\/p>\n","protected":false},"excerpt":{"rendered":"<p>Erasmus Charter for Higher Education<br \/>\nLa Carta Erasmus d&#8217;Educaci\u00f3 Superior (ECHE) constitueix un marc general de qualitat de les activitats de col\u00b7laboraci\u00f3 europea i internacional que qualsevol centre d&#8217;educaci\u00f3 superior podr\u00e0 dur a terme en el marc del Programa Erasmus+.<br \/>\nDespr\u00e9s del proc\u00e9s de selecci\u00f3, la nostra&hellip;  <a href=\"https:\/\/agora.xtec.cat\/iessantaeugenia\/erasmus-cicles-formatius\/\" title=\"Read ERASMUS CICLES FORMATIUS\">Llegeix m\u00e9s\u00bb<\/a><\/p>\n","protected":false},"author":1,"featured_media":0,"parent":0,"menu_order":0,"comment_status":"closed","ping_status":"closed","template":"","meta":{"_bbp_topic_count":0,"_bbp_reply_count":0,"_bbp_total_topic_count":0,"_bbp_total_reply_count":0,"_bbp_voice_count":0,"_bbp_anonymous_reply_count":0,"_bbp_topic_count_hidden":0,"_bbp_reply_count_hidden":0,"_bbp_forum_subforum_count":0,"footnotes":""},"class_list":["post-7706","page","type-page","status-publish","hentry"],"post_mailing_queue_ids":[],"_links":{"self":[{"href":"https:\/\/agora.xtec.cat\/iessantaeugenia\/wp-json\/wp\/v2\/pages\/7706","targetHints":{"allow":["GET"]}}],"collection":[{"href":"https:\/\/agora.xtec.cat\/iessantaeugenia\/wp-json\/wp\/v2\/pages"}],"about":[{"href":"https:\/\/agora.xtec.cat\/iessantaeugenia\/wp-json\/wp\/v2\/types\/page"}],"author":[{"embeddable":true,"href":"https:\/\/agora.xtec.cat\/iessantaeugenia\/wp-json\/wp\/v2\/users\/1"}],"replies":[{"embeddable":true,"href":"https:\/\/agora.xtec.cat\/iessantaeugenia\/wp-json\/wp\/v2\/comments?post=7706"}],"version-history":[{"count":6,"href":"https:\/\/agora.xtec.cat\/iessantaeugenia\/wp-json\/wp\/v2\/pages\/7706\/revisions"}],"predecessor-version":[{"id":13654,"href":"https:\/\/agora.xtec.cat\/iessantaeugenia\/wp-json\/wp\/v2\/pages\/7706\/revisions\/13654"}],"wp:attachment":[{"href":"https:\/\/agora.xtec.cat\/iessantaeugenia\/wp-json\/wp\/v2\/media?parent=7706"}],"curies":[{"name":"wp","href":"https:\/\/api.w.org\/{rel}","templated":true}]}}

<h1>Erasmus Charter for Higher Education</h1>
<p>La Carta Erasmus d&#8217;Educació Superior (ECHE) constitueix un marc general de qualitat de les activitats de col·laboració europea i internacional que qualsevol centre d&#8217;educació superior podrà dur a terme en el marc del Programa Erasmus+.</p>
<p>Després del procés de selecció, la nostra institució ha rebut la Carta Erasmus per a l&#8217;Educació Superior (ECHE). Des dels següents enllaços podeu consultar aquesta carta, i la declaració política i metodològica:</p>
<ul>
<li><a href="https://agora.xtec.cat/iessantaeugenia/wp-content/uploads/usu1801/2023/02/Erasmus-Charter-for-Higher-Education-2.pdf">Erasmus_Charter_EN_signed</a></li>
<li><a href="https://agora.xtec.cat/iessantaeugenia/wp-content/uploads/usu1801/2025/10/policy-statement.pdf">POLICY_STATEMENT_AND_METHODOLOGY</a></li>
</ul>
<h2><span style="color: #ff0000;"><br />
</span>Termini d&#8217;inscripció al programa Erasmus+ FP 2025-26</h2>
<div class="entry-content">
<p>S’obre el termini per inscriure’s al procés de selecció d’alumnes de cicles formatius interessats a rebre una beca per realitzar pràctiques a l’estranger amb el programa Erasmus+.</p>
<p>El període per fer la inscripció és fins al <strong>25 de gener de 2026</strong>, i s’ha de fer mitjançant aquest <a href="https://docs.google.com/forms/d/e/1FAIpQLScEbNfr0xjHrnzpf0B66ByijKvhqwYpBnci1pqZqROF4y9GWg/viewform?vc=0&amp;c=0&amp;w=1&amp;flr=0" target="_blank" rel="noopener">enllaç</a> (periode tancat).</p>
</div>
<div></div>
<h2 class="p1">ENTREVISTES CANDIDATS ERASMUS 25-26</h2>
<ul>
<li>Cal portar el CV i carta de motivació, tots dos en anglès.</li>
<li>Lloc de trobada, al costat de consergeria.</li>
<li>Cal ser allà de la vostra hora per si no es presenta l&#8217;anterior candidat/a.</li>
</ul>
<p><a href="https://agora.xtec.cat/iessantaeugenia/wp-content/uploads/usu1801/2026/01/erasmus-entrevistes-2026-01.jpg"><img loading="lazy" decoding="async" class="alignnone wp-image-13540" src="https://agora.xtec.cat/iessantaeugenia/wp-content/uploads/usu1801/2026/01/erasmus-entrevistes-2026-01-1014x1024.jpg" alt="" width="400" height="404" srcset="https://agora.xtec.cat/iessantaeugenia/wp-content/uploads/usu1801/2026/01/erasmus-entrevistes-2026-01-1014x1024.jpg 1014w, https://agora.xtec.cat/iessantaeugenia/wp-content/uploads/usu1801/2026/01/erasmus-entrevistes-2026-01-297x300.jpg 297w, https://agora.xtec.cat/iessantaeugenia/wp-content/uploads/usu1801/2026/01/erasmus-entrevistes-2026-01-768x776.jpg 768w, https://agora.xtec.cat/iessantaeugenia/wp-content/uploads/usu1801/2026/01/erasmus-entrevistes-2026-01.jpg 1080w" sizes="auto, (max-width: 400px) 100vw, 400px" /></a></p>
<p><a href="https://agora.xtec.cat/iessantaeugenia/wp-content/uploads/usu1801/2026/01/erasmus-entrevistes-2026-02.jpg"><img loading="lazy" decoding="async" class="alignnone wp-image-13541" src="https://agora.xtec.cat/iessantaeugenia/wp-content/uploads/usu1801/2026/01/erasmus-entrevistes-2026-02-877x1024.jpg" alt="" width="400" height="467" srcset="https://agora.xtec.cat/iessantaeugenia/wp-content/uploads/usu1801/2026/01/erasmus-entrevistes-2026-02-877x1024.jpg 877w, https://agora.xtec.cat/iessantaeugenia/wp-content/uploads/usu1801/2026/01/erasmus-entrevistes-2026-02-257x300.jpg 257w, https://agora.xtec.cat/iessantaeugenia/wp-content/uploads/usu1801/2026/01/erasmus-entrevistes-2026-02-768x897.jpg 768w, https://agora.xtec.cat/iessantaeugenia/wp-content/uploads/usu1801/2026/01/erasmus-entrevistes-2026-02.jpg 1080w" sizes="auto, (max-width: 400px) 100vw, 400px" /></a></p>
<p>Des d’<a href="https://drive.google.com/file/d/191fyXYiNrroUNiDlEOwicCUjo1GS2h99/view?usp=sharing">aquí</a> et pots descarregar el pdf.</p>
<h2><span style="color: #ff0000;">NOU!</span> RESULTAT DEL PROCÉS DE SELECCIÓ. ERASMUS FP 2026</h2>
<p><strong>Felicitats a tots els seleccionats!</strong> als que no heu estat de sort us animem a participar en propers anys si seguiu estudiant aquí al centre. Si algun participant <strong>renuncia</strong>, que ho comuniqui el més aviat possible per gestionar els reserves. Moltes gràcies a tots per participar.<br />
Per qualsevol aclariment us podeu comunicar amb helenadescals@isantaeugenia.cat<br />
En els propers dies convocarem als seleccionats per començar a preparar la documentació.</p>
<p><a href="https://agora.xtec.cat/iessantaeugenia/wp-content/uploads/usu1801/2026/02/escollits-erasmus-26-GM.jpg"><img loading="lazy" decoding="async" class="alignnone wp-image-13649" src="https://agora.xtec.cat/iessantaeugenia/wp-content/uploads/usu1801/2026/02/escollits-erasmus-26-GM-1024x411.jpg" alt="" width="600" height="241" srcset="https://agora.xtec.cat/iessantaeugenia/wp-content/uploads/usu1801/2026/02/escollits-erasmus-26-GM-1024x411.jpg 1024w, https://agora.xtec.cat/iessantaeugenia/wp-content/uploads/usu1801/2026/02/escollits-erasmus-26-GM-300x120.jpg 300w, https://agora.xtec.cat/iessantaeugenia/wp-content/uploads/usu1801/2026/02/escollits-erasmus-26-GM-768x308.jpg 768w, https://agora.xtec.cat/iessantaeugenia/wp-content/uploads/usu1801/2026/02/escollits-erasmus-26-GM.jpg 1080w" sizes="auto, (max-width: 600px) 100vw, 600px" /></a></p>
<p><a href="https://agora.xtec.cat/iessantaeugenia/wp-content/uploads/usu1801/2026/02/escollits-erasmus-26-GS.jpg"><img loading="lazy" decoding="async" class="alignnone wp-image-13650" src="https://agora.xtec.cat/iessantaeugenia/wp-content/uploads/usu1801/2026/02/escollits-erasmus-26-GS-1024x750.jpg" alt="" width="600" height="440" srcset="https://agora.xtec.cat/iessantaeugenia/wp-content/uploads/usu1801/2026/02/escollits-erasmus-26-GS-1024x750.jpg 1024w, https://agora.xtec.cat/iessantaeugenia/wp-content/uploads/usu1801/2026/02/escollits-erasmus-26-GS-300x220.jpg 300w, https://agora.xtec.cat/iessantaeugenia/wp-content/uploads/usu1801/2026/02/escollits-erasmus-26-GS-768x563.jpg 768w, https://agora.xtec.cat/iessantaeugenia/wp-content/uploads/usu1801/2026/02/escollits-erasmus-26-GS.jpg 1081w" sizes="auto, (max-width: 600px) 100vw, 600px" /></a></p>
<p>Des d’<a href="https://drive.google.com/file/d/1nYh-o4tDYQmp3Ixe99xbCf7QhVeVFC6X/view?usp=drive_link">aquí </a>et pots descarregar el pdf.</p>
<p>&nbsp;</p>
<hr />
<p><a href="http://web.isantaeugenia.cat/index.php?apartat=1"><br />
</a><strong>Upper VET courses:</strong></p>
<ul>
<li>Higher Technician in Electrotechnical and Automated Systems</li>
<li>Higher Technician in Sales Management and Commercial Spaces</li>
<li>Higher Technician in Energy Efficiency and Solar Thermal Energy</li>
<li>Higher Technician in the Development of Projects on Thermal and Fluids Installations</li>
<li>Higher Technician in Construction Projects</li>
<li>Higher Technician in Labour risks prevention</li>
</ul>
<p>&nbsp;</p>
<p><strong>Intermidiate VET courses:</strong></p>
<ul>
<li>Technician in comercial activities</li>
<li>Technician in graphic printing and convert</li>
<li>Technician in Electrical and Automated Systems</li>
<li>Technician in refrigerating equipment and conditioning</li>
<li>Technician in Heat producing systems</li>
<li>Technician in mechanization</li>
<li>Technician in reforms, decoration and rehabilitation</li>
</ul>
<p>&nbsp;</p>
<h2>Language policy</h2>
<p>To make the most of the opportunity abroad the students need to be prepared, this is why we have established these resources to ensure they have all they need before leaving:</p>
<ul>
<li>A chat/meeting with a native person from the country he is visiting to give the student a cultural immersion</li>
<li>The student may attend to English classes with any group of Batxillerat in our same highschool</li>
<li>The language department can provide the student with resources to help him/her boost the language skills</li>
<li>To make sure there is a fluent communication between the student and the school or company abroad</li>
</ul>
<p><strong>When receiving students from abroad, the school has already established a procedure:</strong></p>
<ul>
<li>Checking of all required documentation (training contract, medical, social, third party insurances&#8230;)</li>
<li>Introducing the student with his/her tutor or mentor in Catalonia.</li>
<li>Delivery of various information: telephone contact list. City map. Public transport schedule. General tips.</li>
<li>Taking part in the lectures and activities of the corresponding vocational study at the school, maybe in Catalan, Spanish and some of them in English or French.</li>
<li>Monitoring of the training.</li>
<li>Periodical communication between our school and abroad.</li>
</ul>
<p>AT THE END OF THIS PAGE YOU CAN FIND THE DOCUMENT WITH THE POLICY STATEMENT AND THE METHODOLOGY</p>
<p>&nbsp;</p>
<p>&nbsp;</p>

<p>Erasmus Charter for Higher Education<br />
La Carta Erasmus d&#8217;Educació Superior (ECHE) constitueix un marc general de qualitat de les activitats de col·laboració europea i internacional que qualsevol centre d&#8217;educació superior podrà dur a terme en el marc del Programa Erasmus+.<br />
Després del procés de selecció, la nostra&hellip;  <a href="https://agora.xtec.cat/iessantaeugenia/erasmus-cicles-formatius/" title="Read ERASMUS CICLES FORMATIUS">Llegeix més»</a></p>
