{"id":7680,"date":"2023-02-10T15:24:27","date_gmt":"2023-02-10T14:24:27","guid":{"rendered":"https:\/\/agora.xtec.cat\/iessantaeugenia\/?page_id=7680"},"modified":"2026-03-05T23:53:37","modified_gmt":"2026-03-05T22:53:37","slug":"presentacio-i-informacio-de-la-eso","status":"publish","type":"page","link":"https:\/\/agora.xtec.cat\/iessantaeugenia\/estudis\/eso\/presentacio-i-informacio-de-la-eso\/","title":{"rendered":"PRESENTACI\u00d3 DE L&#8217;ESO"},"content":{"rendered":"<h5><strong>PROJECTE EDUCATIU DE L&#8217;INSTITUT<\/strong><\/h5>\n<p><strong>Incloem<\/strong>, cohesionant els grups i la comunitat educativa. Treballem amb metodologies inclusives, adaptades a la diversitat de personalitats, interessos i capacitats dels nois i noies, aprofitant aix\u00ed tot el potencial de cadasc\u00fa.<br \/>\n<strong>Orientem<\/strong>, acad\u00e8micament i de manera personal, fent un treball reflexiu i de tutoria individual i grupal que contribueix decisivament a maximitzar l\u2019aprenentatge.<br \/>\n<strong>Formem<\/strong>, amb professorat qualificat i metodologies contrastades perqu\u00e8 nois i noies aprenguin significativament i esdevinguin competents.<\/p>\n<h5><strong>QU\u00c8 OFEREIX L&#8217;INSTITUT SANTA EUG\u00c8NIA?<\/strong><\/h5>\n<ul>\n<li>Un projecte per educar als nois i les noies perqu\u00e8 contribueixin a millorar el futur de tots i totes.<\/li>\n<li>Una organitzaci\u00f3, uns projectes i unes activitats pensant en els nois i les noies a qui volem servir.<\/li>\n<li>El nostre comprom\u00eds \u00e9s mantenir i, fins i tot, augmentar la satisfacci\u00f3 i la confian\u00e7a de la comunitat educativa.<\/li>\n<\/ul>\n<ul style=\"list-style-type: square;\">\n<li><strong><span style=\"color: #3366ff;\"><a style=\"font-size: 1.125em; font-weight: bold; color: #3366ff;\" href=\"https:\/\/docs.google.com\/document\/d\/1L10pS_ZQFgJpN8CgW0r4uIqfuna7GTGqDYhONektvXI\/edit?usp=sharing\" target=\"_blank\" rel=\"noopener\">PRESENTACI\u00d3 DEL PROJECTE EDUCATIU DE L&#8217;ESO DE L&#8217;INSTITUT SANTA EUG\u00c8NIA<\/a><\/span><\/strong><\/li>\n<li>\n<h5><a href=\"https:\/\/drive.google.com\/file\/d\/1iyDq88l0fpCtV0MvIC5TuNyraofVJlS4\/view?usp=sharing\"><strong>MINIFULLET\u00d3 PER A LES PORTES OBERTES<\/strong><\/a><\/h5>\n<\/li>\n<li>\n<h5><a href=\"https:\/\/docs.google.com\/presentation\/d\/1UO3rygTXweeLXFG0QDiF0G9Up_1Qoc3S\/edit?usp=sharing&amp;ouid=112088197383943414889&amp;rtpof=true&amp;sd=true\"><strong>PRESENTACI\u00d3 UTILITZADA A LA JORNADA DE PORTES OBERTES<\/strong><\/a><\/h5>\n<\/li>\n<\/ul>\n<h5><strong><br \/>\nL&#8217;ADN DE L&#8217;INSTITUT SANTA EUG\u00c8NIA EN UN MINUT I MIG:<\/strong><\/h5>\n<h6><strong><span style=\"color: #ffffff;\"> <iframe loading=\"lazy\" title=\"YouTube video player\" src=\"https:\/\/www.youtube.com\/embed\/i5b34ECxLNo?si=T3vChCGzR98U4ORw\" width=\"560\" height=\"315\" frameborder=\"0\" allowfullscreen=\"allowfullscreen\"><\/iframe>.<\/span><\/strong><\/h6>\n","protected":false},"excerpt":{"rendered":"<p>PROJECTE EDUCATIU DE L&#8217;INSTITUT<br \/>\nIncloem, cohesionant els grups i la comunitat educativa. Treballem amb metodologies inclusives, adaptades a la diversitat de personalitats, interessos i capacitats dels nois i noies, aprofitant aix\u00ed tot el potencial de cadasc\u00fa.<br \/>\nOrientem, acad\u00e8micament i de manera personal, fent un treball reflexiu i&hellip;  <a href=\"https:\/\/agora.xtec.cat\/iessantaeugenia\/estudis\/eso\/presentacio-i-informacio-de-la-eso\/\" title=\"Read PRESENTACI\u00d3 DE L&#8217;ESO\">Llegeix m\u00e9s\u00bb<\/a><\/p>\n","protected":false},"author":1,"featured_media":0,"parent":707,"menu_order":0,"comment_status":"closed","ping_status":"closed","template":"","meta":{"_bbp_topic_count":0,"_bbp_reply_count":0,"_bbp_total_topic_count":0,"_bbp_total_reply_count":0,"_bbp_voice_count":0,"_bbp_anonymous_reply_count":0,"_bbp_topic_count_hidden":0,"_bbp_reply_count_hidden":0,"_bbp_forum_subforum_count":0,"footnotes":""},"class_list":["post-7680","page","type-page","status-publish","hentry"],"post_mailing_queue_ids":[],"_links":{"self":[{"href":"https:\/\/agora.xtec.cat\/iessantaeugenia\/wp-json\/wp\/v2\/pages\/7680","targetHints":{"allow":["GET"]}}],"collection":[{"href":"https:\/\/agora.xtec.cat\/iessantaeugenia\/wp-json\/wp\/v2\/pages"}],"about":[{"href":"https:\/\/agora.xtec.cat\/iessantaeugenia\/wp-json\/wp\/v2\/types\/page"}],"author":[{"embeddable":true,"href":"https:\/\/agora.xtec.cat\/iessantaeugenia\/wp-json\/wp\/v2\/users\/1"}],"replies":[{"embeddable":true,"href":"https:\/\/agora.xtec.cat\/iessantaeugenia\/wp-json\/wp\/v2\/comments?post=7680"}],"version-history":[{"count":6,"href":"https:\/\/agora.xtec.cat\/iessantaeugenia\/wp-json\/wp\/v2\/pages\/7680\/revisions"}],"predecessor-version":[{"id":13778,"href":"https:\/\/agora.xtec.cat\/iessantaeugenia\/wp-json\/wp\/v2\/pages\/7680\/revisions\/13778"}],"up":[{"embeddable":true,"href":"https:\/\/agora.xtec.cat\/iessantaeugenia\/wp-json\/wp\/v2\/pages\/707"}],"wp:attachment":[{"href":"https:\/\/agora.xtec.cat\/iessantaeugenia\/wp-json\/wp\/v2\/media?parent=7680"}],"curies":[{"name":"wp","href":"https:\/\/api.w.org\/{rel}","templated":true}]}}

PRESENTACIÓ DE L&#8217;ESO

<h5><strong>PROJECTE EDUCATIU DE L&#8217;INSTITUT</strong></h5>
<p><strong>Incloem</strong>, cohesionant els grups i la comunitat educativa. Treballem amb metodologies inclusives, adaptades a la diversitat de personalitats, interessos i capacitats dels nois i noies, aprofitant així tot el potencial de cadascú.<br />
<strong>Orientem</strong>, acadèmicament i de manera personal, fent un treball reflexiu i de tutoria individual i grupal que contribueix decisivament a maximitzar l’aprenentatge.<br />
<strong>Formem</strong>, amb professorat qualificat i metodologies contrastades perquè nois i noies aprenguin significativament i esdevinguin competents.</p>
<h5><strong>QUÈ OFEREIX L&#8217;INSTITUT SANTA EUGÈNIA?</strong></h5>
<ul>
<li>Un projecte per educar als nois i les noies perquè contribueixin a millorar el futur de tots i totes.</li>
<li>Una organització, uns projectes i unes activitats pensant en els nois i les noies a qui volem servir.</li>
<li>El nostre compromís és mantenir i, fins i tot, augmentar la satisfacció i la confiança de la comunitat educativa.</li>
</ul>
<ul style="list-style-type: square;">
<li><strong><span style="color: #3366ff;"><a style="font-size: 1.125em; font-weight: bold; color: #3366ff;" href="https://docs.google.com/document/d/1L10pS_ZQFgJpN8CgW0r4uIqfuna7GTGqDYhONektvXI/edit?usp=sharing" target="_blank" rel="noopener">PRESENTACIÓ DEL PROJECTE EDUCATIU DE L&#8217;ESO DE L&#8217;INSTITUT SANTA EUGÈNIA</a></span></strong></li>
<li>
<h5><a href="https://drive.google.com/file/d/1iyDq88l0fpCtV0MvIC5TuNyraofVJlS4/view?usp=sharing"><strong>MINIFULLETÓ PER A LES PORTES OBERTES</strong></a></h5>
</li>
<li>
<h5><a href="https://docs.google.com/presentation/d/1UO3rygTXweeLXFG0QDiF0G9Up_1Qoc3S/edit?usp=sharing&amp;ouid=112088197383943414889&amp;rtpof=true&amp;sd=true"><strong>PRESENTACIÓ UTILITZADA A LA JORNADA DE PORTES OBERTES</strong></a></h5>
</li>
</ul>
<h5><strong><br />
L&#8217;ADN DE L&#8217;INSTITUT SANTA EUGÈNIA EN UN MINUT I MIG:</strong></h5>
<h6><strong><span style="color: #ffffff;"> <iframe loading="lazy" title="YouTube video player" src="https://www.youtube.com/embed/i5b34ECxLNo?si=T3vChCGzR98U4ORw" width="560" height="315" frameborder="0" allowfullscreen="allowfullscreen"></iframe>.</span></strong></h6>

<p>PROJECTE EDUCATIU DE L&#8217;INSTITUT<br />
Incloem, cohesionant els grups i la comunitat educativa. Treballem amb metodologies inclusives, adaptades a la diversitat de personalitats, interessos i capacitats dels nois i noies, aprofitant així tot el potencial de cadascú.<br />
Orientem, acadèmicament i de manera personal, fent un treball reflexiu i&hellip;  <a href="https://agora.xtec.cat/iessantaeugenia/estudis/eso/presentacio-i-informacio-de-la-eso/" title="Read PRESENTACIÓ DE L&#8217;ESO">Llegeix més»</a></p>
