{"id":765,"date":"2020-06-10T14:31:55","date_gmt":"2020-06-10T12:31:55","guid":{"rendered":"http:\/\/agora.xtec.cat\/iessantaeugenia\/?page_id=765"},"modified":"2025-11-03T12:54:13","modified_gmt":"2025-11-03T11:54:13","slug":"orientacio-alumnat","status":"publish","type":"page","link":"https:\/\/agora.xtec.cat\/iessantaeugenia\/serveis\/orientacio-alumnat\/","title":{"rendered":"Orientaci\u00f3 Alumnat"},"content":{"rendered":"<div><\/div>\n<p><a href=\"https:\/\/agora.xtec.cat\/iessantaeugenia\/wp-content\/uploads\/usu1801\/2024\/10\/logo_FSE_actualitzat.jpg\"><img loading=\"lazy\" decoding=\"async\" class=\"alignnone size-full wp-image-11614\" src=\"https:\/\/agora.xtec.cat\/iessantaeugenia\/wp-content\/uploads\/usu1801\/2024\/10\/logo_FSE_actualitzat.jpg\" alt=\"\" width=\"1012\" height=\"140\" srcset=\"https:\/\/agora.xtec.cat\/iessantaeugenia\/wp-content\/uploads\/usu1801\/2024\/10\/logo_FSE_actualitzat.jpg 1012w, https:\/\/agora.xtec.cat\/iessantaeugenia\/wp-content\/uploads\/usu1801\/2024\/10\/logo_FSE_actualitzat-300x42.jpg 300w, https:\/\/agora.xtec.cat\/iessantaeugenia\/wp-content\/uploads\/usu1801\/2024\/10\/logo_FSE_actualitzat-768x106.jpg 768w\" sizes=\"auto, (max-width: 1012px) 100vw, 1012px\" \/><\/a><\/p>\n<p>\u201cAcci\u00f3 cofinan\u00e7ada pel fons FSE+ 2021-2027 Orientaci\u00f3 educativa en centres d\u2019FP &#8221;<\/p>\n<div>\n<p>Aquest curs 25-26 el nostre centre continua participant en el Programa del Fons Social Europeu FSE+2021\/2027 d&#8217;Orientaci\u00f3 Educativa en Centres de FP.<\/p>\n<\/div>\n<p><span style=\"text-decoration: underline;\"><a href=\"https:\/\/docs.google.com\/forms\/d\/1w3hvyV34fj7P2l86sP7HDTm5bgsla5QQNcNGGGr1VDg\/edit\">FORMULARI DERIVACI\u00d3 ALUMNAT FP<\/a><\/span><\/p>\n","protected":false},"excerpt":{"rendered":"<p><a href=\"https:\/\/agora.xtec.cat\/iessantaeugenia\/wp-content\/uploads\/usu1801\/2024\/10\/logo_FSE_actualitzat.jpg\"><\/a><br \/>\n\u201cAcci\u00f3 cofinan\u00e7ada pel fons FSE+ 2021-2027 Orientaci\u00f3 educativa en centres d\u2019FP &#8221;<\/p>\n<p>Aquest curs 25-26 el nostre centre continua participant en el Programa del Fons Social Europeu FSE+2021\/2027 d&#8217;Orientaci\u00f3 Educativa en Centres de FP.<\/p>\n<p><a href=\"https:\/\/docs.google.com\/forms\/d\/1w3hvyV34fj7P2l86sP7HDTm5bgsla5QQNcNGGGr1VDg\/edit\">FORMULARI DERIVACI\u00d3 ALUMNAT FP<\/a><\/p>\n","protected":false},"author":1,"featured_media":0,"parent":63,"menu_order":0,"comment_status":"closed","ping_status":"closed","template":"page-templates\/side-menu.php","meta":{"_bbp_topic_count":0,"_bbp_reply_count":0,"_bbp_total_topic_count":0,"_bbp_total_reply_count":0,"_bbp_voice_count":0,"_bbp_anonymous_reply_count":0,"_bbp_topic_count_hidden":0,"_bbp_reply_count_hidden":0,"_bbp_forum_subforum_count":0,"footnotes":""},"class_list":["post-765","page","type-page","status-publish","hentry"],"post_mailing_queue_ids":[],"_links":{"self":[{"href":"https:\/\/agora.xtec.cat\/iessantaeugenia\/wp-json\/wp\/v2\/pages\/765","targetHints":{"allow":["GET"]}}],"collection":[{"href":"https:\/\/agora.xtec.cat\/iessantaeugenia\/wp-json\/wp\/v2\/pages"}],"about":[{"href":"https:\/\/agora.xtec.cat\/iessantaeugenia\/wp-json\/wp\/v2\/types\/page"}],"author":[{"embeddable":true,"href":"https:\/\/agora.xtec.cat\/iessantaeugenia\/wp-json\/wp\/v2\/users\/1"}],"replies":[{"embeddable":true,"href":"https:\/\/agora.xtec.cat\/iessantaeugenia\/wp-json\/wp\/v2\/comments?post=765"}],"version-history":[{"count":6,"href":"https:\/\/agora.xtec.cat\/iessantaeugenia\/wp-json\/wp\/v2\/pages\/765\/revisions"}],"predecessor-version":[{"id":13318,"href":"https:\/\/agora.xtec.cat\/iessantaeugenia\/wp-json\/wp\/v2\/pages\/765\/revisions\/13318"}],"up":[{"embeddable":true,"href":"https:\/\/agora.xtec.cat\/iessantaeugenia\/wp-json\/wp\/v2\/pages\/63"}],"wp:attachment":[{"href":"https:\/\/agora.xtec.cat\/iessantaeugenia\/wp-json\/wp\/v2\/media?parent=765"}],"curies":[{"name":"wp","href":"https:\/\/api.w.org\/{rel}","templated":true}]}}

Orientació Alumnat

<div></div>
<p><a href="https://agora.xtec.cat/iessantaeugenia/wp-content/uploads/usu1801/2024/10/logo_FSE_actualitzat.jpg"><img loading="lazy" decoding="async" class="alignnone size-full wp-image-11614" src="https://agora.xtec.cat/iessantaeugenia/wp-content/uploads/usu1801/2024/10/logo_FSE_actualitzat.jpg" alt="" width="1012" height="140" srcset="https://agora.xtec.cat/iessantaeugenia/wp-content/uploads/usu1801/2024/10/logo_FSE_actualitzat.jpg 1012w, https://agora.xtec.cat/iessantaeugenia/wp-content/uploads/usu1801/2024/10/logo_FSE_actualitzat-300x42.jpg 300w, https://agora.xtec.cat/iessantaeugenia/wp-content/uploads/usu1801/2024/10/logo_FSE_actualitzat-768x106.jpg 768w" sizes="auto, (max-width: 1012px) 100vw, 1012px" /></a></p>
<p>“Acció cofinançada pel fons FSE+ 2021-2027 Orientació educativa en centres d’FP &#8221;</p>
<div>
<p>Aquest curs 25-26 el nostre centre continua participant en el Programa del Fons Social Europeu FSE+2021/2027 d&#8217;Orientació Educativa en Centres de FP.</p>
</div>
<p><span style="text-decoration: underline;"><a href="https://docs.google.com/forms/d/1w3hvyV34fj7P2l86sP7HDTm5bgsla5QQNcNGGGr1VDg/edit">FORMULARI DERIVACIÓ ALUMNAT FP</a></span></p>

<p><a href="https://agora.xtec.cat/iessantaeugenia/wp-content/uploads/usu1801/2024/10/logo_FSE_actualitzat.jpg"></a><br />
“Acció cofinançada pel fons FSE+ 2021-2027 Orientació educativa en centres d’FP &#8221;</p>
<p>Aquest curs 25-26 el nostre centre continua participant en el Programa del Fons Social Europeu FSE+2021/2027 d&#8217;Orientació Educativa en Centres de FP.</p>
<p><a href="https://docs.google.com/forms/d/1w3hvyV34fj7P2l86sP7HDTm5bgsla5QQNcNGGGr1VDg/edit">FORMULARI DERIVACIÓ ALUMNAT FP</a></p>
