{"id":763,"date":"2020-06-10T14:31:40","date_gmt":"2020-06-10T12:31:40","guid":{"rendered":"http:\/\/agora.xtec.cat\/iessantaeugenia\/?page_id=763"},"modified":"2025-10-23T10:56:06","modified_gmt":"2025-10-23T08:56:06","slug":"biblioteca","status":"publish","type":"page","link":"https:\/\/agora.xtec.cat\/iessantaeugenia\/serveis\/biblioteca\/","title":{"rendered":"Biblioteca"},"content":{"rendered":"<p>La <strong>B<\/strong><b>iblioteca <\/b>de l&#8217;Institut Santa Eug\u00e8nia \u00e9s un espai educatiu que ofereix materials en tots els tipus de suport per a l&#8217;aprenentatge i per a la recerca.<\/p>\n<p>\u00c9s un servei adre\u00e7at a la comunitat educativa per al desenvolupament del <em>curr\u00edculum<\/em>.<\/p>\n<p>En dates assenyalades, com ara Nadal o al festa de Sant Jordi, es fan activitats especials (concursos, activitats virtuals&#8230;) que s&#8217;anuncien en el seu moment<\/p>\n<ul>\n<li>Els alumnes poden utilitzar la biblioteca per demanar en pr\u00e9stec aquells llibres de lectura que necessiten. Tamb\u00e9 hi poden estar per estudiar o treballar aprofitant l\u2019ambient de tranquil\u00b7litat i silenci.<\/li>\n<\/ul>\n<p>Cada curs hi ha nous llibres que es compren segons demanda de llibres m\u00e9s sol\u00b7licitats per l&#8217;alumnat. Aquestes compres es fan gr\u00e0cies a les aportacions econ\u00f2miques de l&#8217;Associaci\u00f3 de Mares i Pares (AMPA) i l&#8217;Institut Santa Eug\u00e8nia, i subvencions de l&#8217;Ajuntament de Girona.<\/p>\n<h5><strong>ENLLA\u00c7OS D&#8217;INTER\u00c8S<\/strong><\/h5>\n<p><a href=\"https:\/\/web2.girona.cat\/biblioteques\/cat\/index.php\" target=\"_blank\" rel=\"noopener\">BIBLIOTECA SALVADOR ALLENDE (SANTA EUG\u00c8NIA, SANT NARC\u00cdS I CAN GIBERT DEL PLA)<\/a><\/p>\n<p><strong>Subvenci\u00f3 ajuntament Girona<\/strong><\/p>\n<p>Durant els cursos passats, la biblioteca de l\u2019Institut Santa Eug\u00e8nia ha estat un espai d\u2019aprenentatge i de trobada, tant per a l\u2019alumnat com per al pas i el professorat.<\/p>\n<div>\n<p dir=\"auto\">Tornem a obrir la biblioteca per a totes i tots: a les hores del pati, de dilluns a divendres d\u201911 a 11,30 on pots veure les novetats, relaxar-te i portar-te tresors (cada llibre porta un tresor amagat). La biblioteca \u00e9s a l\u2019edifici d\u2019aules a la planta 0, a la porta hi ha un cartell: Biblioteca.<\/p>\n<p dir=\"auto\">Tamb\u00e9 \u00e9s un espai on poden fer-se algunes activitats: visites amb alumnes, activitats m\u00e9s especialitzades, club de lectura, presentaci\u00f3 de llibres\u2026 L\u2019horari podria ser a convenir en principi obrim els dilluns de 10 a 11 i els dimecres d\u201911.30 a 12.30.<\/p>\n<\/div>\n","protected":false},"excerpt":{"rendered":"<p>La Biblioteca de l&#8217;Institut Santa Eug\u00e8nia \u00e9s un espai educatiu que ofereix materials en tots els tipus de suport per a l&#8217;aprenentatge i per a la recerca.<br \/>\n\u00c9s un servei adre\u00e7at a la comunitat educativa per al desenvolupament del curr\u00edculum.<br \/>\nEn dates assenyalades, com ara Nadal o&hellip;  <a href=\"https:\/\/agora.xtec.cat\/iessantaeugenia\/serveis\/biblioteca\/\" title=\"Read Biblioteca\">Llegeix m\u00e9s\u00bb<\/a><\/p>\n","protected":false},"author":1,"featured_media":0,"parent":63,"menu_order":0,"comment_status":"closed","ping_status":"closed","template":"page-templates\/side-menu.php","meta":{"_bbp_topic_count":0,"_bbp_reply_count":0,"_bbp_total_topic_count":0,"_bbp_total_reply_count":0,"_bbp_voice_count":0,"_bbp_anonymous_reply_count":0,"_bbp_topic_count_hidden":0,"_bbp_reply_count_hidden":0,"_bbp_forum_subforum_count":0,"footnotes":""},"class_list":["post-763","page","type-page","status-publish","hentry"],"post_mailing_queue_ids":[],"_links":{"self":[{"href":"https:\/\/agora.xtec.cat\/iessantaeugenia\/wp-json\/wp\/v2\/pages\/763","targetHints":{"allow":["GET"]}}],"collection":[{"href":"https:\/\/agora.xtec.cat\/iessantaeugenia\/wp-json\/wp\/v2\/pages"}],"about":[{"href":"https:\/\/agora.xtec.cat\/iessantaeugenia\/wp-json\/wp\/v2\/types\/page"}],"author":[{"embeddable":true,"href":"https:\/\/agora.xtec.cat\/iessantaeugenia\/wp-json\/wp\/v2\/users\/1"}],"replies":[{"embeddable":true,"href":"https:\/\/agora.xtec.cat\/iessantaeugenia\/wp-json\/wp\/v2\/comments?post=763"}],"version-history":[{"count":5,"href":"https:\/\/agora.xtec.cat\/iessantaeugenia\/wp-json\/wp\/v2\/pages\/763\/revisions"}],"predecessor-version":[{"id":13305,"href":"https:\/\/agora.xtec.cat\/iessantaeugenia\/wp-json\/wp\/v2\/pages\/763\/revisions\/13305"}],"up":[{"embeddable":true,"href":"https:\/\/agora.xtec.cat\/iessantaeugenia\/wp-json\/wp\/v2\/pages\/63"}],"wp:attachment":[{"href":"https:\/\/agora.xtec.cat\/iessantaeugenia\/wp-json\/wp\/v2\/media?parent=763"}],"curies":[{"name":"wp","href":"https:\/\/api.w.org\/{rel}","templated":true}]}}

<p>La <strong>B</strong><b>iblioteca </b>de l&#8217;Institut Santa Eugènia és un espai educatiu que ofereix materials en tots els tipus de suport per a l&#8217;aprenentatge i per a la recerca.</p>
<p>És un servei adreçat a la comunitat educativa per al desenvolupament del <em>currículum</em>.</p>
<p>En dates assenyalades, com ara Nadal o al festa de Sant Jordi, es fan activitats especials (concursos, activitats virtuals&#8230;) que s&#8217;anuncien en el seu moment</p>
<ul>
<li>Els alumnes poden utilitzar la biblioteca per demanar en préstec aquells llibres de lectura que necessiten. També hi poden estar per estudiar o treballar aprofitant l’ambient de tranquil·litat i silenci.</li>
</ul>
<p>Cada curs hi ha nous llibres que es compren segons demanda de llibres més sol·licitats per l&#8217;alumnat. Aquestes compres es fan gràcies a les aportacions econòmiques de l&#8217;Associació de Mares i Pares (AMPA) i l&#8217;Institut Santa Eugènia, i subvencions de l&#8217;Ajuntament de Girona.</p>
<h5><strong>ENLLAÇOS D&#8217;INTERÈS</strong></h5>
<p><a href="https://web2.girona.cat/biblioteques/cat/index.php" target="_blank" rel="noopener">BIBLIOTECA SALVADOR ALLENDE (SANTA EUGÈNIA, SANT NARCÍS I CAN GIBERT DEL PLA)</a></p>
<p><strong>Subvenció ajuntament Girona</strong></p>
<p>Durant els cursos passats, la biblioteca de l’Institut Santa Eugènia ha estat un espai d’aprenentatge i de trobada, tant per a l’alumnat com per al pas i el professorat.</p>
<div>
<p dir="auto">Tornem a obrir la biblioteca per a totes i tots: a les hores del pati, de dilluns a divendres d’11 a 11,30 on pots veure les novetats, relaxar-te i portar-te tresors (cada llibre porta un tresor amagat). La biblioteca és a l’edifici d’aules a la planta 0, a la porta hi ha un cartell: Biblioteca.</p>
<p dir="auto">També és un espai on poden fer-se algunes activitats: visites amb alumnes, activitats més especialitzades, club de lectura, presentació de llibres… L’horari podria ser a convenir en principi obrim els dilluns de 10 a 11 i els dimecres d’11.30 a 12.30.</p>
</div>

<p>La Biblioteca de l&#8217;Institut Santa Eugènia és un espai educatiu que ofereix materials en tots els tipus de suport per a l&#8217;aprenentatge i per a la recerca.<br />
És un servei adreçat a la comunitat educativa per al desenvolupament del currículum.<br />
En dates assenyalades, com ara Nadal o&hellip;  <a href="https://agora.xtec.cat/iessantaeugenia/serveis/biblioteca/" title="Read Biblioteca">Llegeix més»</a></p>
