{"id":759,"date":"2020-06-10T14:30:45","date_gmt":"2020-06-10T12:30:45","guid":{"rendered":"http:\/\/agora.xtec.cat\/iessantaeugenia\/?page_id=759"},"modified":"2025-10-10T09:49:38","modified_gmt":"2025-10-10T07:49:38","slug":"assessorament-i-reconeixement","status":"publish","type":"page","link":"https:\/\/agora.xtec.cat\/iessantaeugenia\/serveis\/assessorament-i-reconeixement\/","title":{"rendered":"Assessorament i Reconeixement"},"content":{"rendered":"<table style=\"width: 676px;\">\n<tbody>\n<tr>\n<td style=\"width: 179px;\">Fam\u00edlia Professional<\/td>\n<td style=\"width: 374px;\">Nom del Cicle<\/td>\n<td style=\"width: 123px;\">Oferta de places<\/td>\n<\/tr>\n<tr>\n<td style=\"width: 179px;\">Edificaci\u00f3 i Obra Civil<\/td>\n<td style=\"width: 374px;\">Obres d&#8217;interior, decoraci\u00f3 i rehabilitaci\u00f3 CFPM EO10<\/td>\n<td style=\"width: 123px;\">1<\/td>\n<\/tr>\n<tr>\n<td style=\"width: 179px;\">Edificaci\u00f3 i Obra Civil<\/td>\n<td style=\"width: 374px;\">\u00a0Projectes d&#8217;edificaci\u00f3 CFPS EOB0<\/td>\n<td style=\"width: 123px;\">1<\/td>\n<\/tr>\n<tr>\n<td style=\"width: 179px;\">Electricitat i Electr\u00f2nica<\/td>\n<td style=\"width: 374px;\">Instal\u00b7lacions el\u00e8ctriques i autom\u00e0tiques CFPM EE10<\/td>\n<td style=\"width: 123px;\">1<\/td>\n<\/tr>\n<tr>\n<td style=\"width: 179px;\">Electricitat i Electr\u00f2nica<\/td>\n<td style=\"width: 374px;\">Sistemes electrot\u00e8cnics i automatitzats\u00a0CFPS EEA0<\/td>\n<td style=\"width: 123px;\">1<\/td>\n<\/tr>\n<tr>\n<td style=\"width: 179px;\">Energia i Aigua<\/td>\n<td style=\"width: 374px;\">Efici\u00e8ncia Energ\u00e8tica i energia solar t\u00e8rmica\u00a0CFPS EAA0<\/td>\n<td style=\"width: 123px;\">1<\/td>\n<\/tr>\n<tr>\n<td style=\"width: 179px;\">Instal\u00b7laci\u00f3 i Manteniment<\/td>\n<td style=\"width: 374px;\">\u00a0Instal\u00b7lacions de producci\u00f3 de calor\u00a0CFPM\u00a0IM20<\/td>\n<td style=\"width: 123px;\">1<\/td>\n<\/tr>\n<tr>\n<td style=\"width: 179px;\">Instal\u00b7laci\u00f3 i Manteniment<\/td>\n<td style=\"width: 374px;\">Instal\u00b7lacions frigor\u00edfiques i de climatitzaci\u00f3\u00a0CFPM IM30<\/td>\n<td style=\"width: 123px;\">1<\/td>\n<\/tr>\n<\/tbody>\n<\/table>\n<p>A partir del dia 14 de setembre del 2024 es pot demanar la inscripci\u00f3 a l&#8217;assessorament i reconeixement professional o b\u00e9 informaci\u00f3 general del proc\u00e9s.<\/p>\n<p style=\"font-weight: 400;\"><b><a href=\"http:\/\/www20.gencat.cat\/portal\/site\/queestudiar\/menuitem.ef1906fb69d36fe8e85c7273b0c0e1a0\/?vgnextoid=471087ea989bc310VgnVCM1000008d0c1e0aRCRD&amp;vgnextchannel=471087ea989bc310VgnVCM1000008d0c1e0aRCRD&amp;vgnextfmt=default\" target=\"_blank\" rel=\"noopener noreferrer\">Mesures flexibilitzadores de la FP<\/a><\/b><\/p>\n<p style=\"font-weight: 400;\"><b><a href=\"http:\/\/www20.gencat.cat\/portal\/site\/ensenyament\/menuitem.c9daa2c559ab545a72623b10b0c0e1a0\/?vgnextoid=cad6a1dcae687110VgnVCM1000008d0c1e0aRCRD&amp;vgnextchannel=cad6a1dcae687110VgnVCM1000008d0c1e0aRCRD&amp;vgnextfmt=detall&amp;contentid=a4b375e47e6ba310VgnVCM2000009b0c1e0aRCRD\" target=\"_blank\" rel=\"noopener noreferrer\">Validaci\u00f3 de l\u2019experi\u00e8ncia Laboral<\/a><\/b><\/p>\n<h2>Documents<\/h2>\n<ul>\n<li><a href=\"https:\/\/docs.google.com\/document\/d\/13ntEDIxZG6wQ0SJ8hSwHz--OTgXi2VDR\/edit?usp=sharing&amp;ouid=115481289488684989047&amp;rtpof=true&amp;sd=true\">Calendari proc\u00e9s d&#8217;assessorament i reconeixement curs 2025-26<\/a><\/li>\n<li><a href=\"https:\/\/agora.xtec.cat\/iessantaeugenia\/wp-content\/uploads\/usu1801\/2021\/10\/Carta-de-compromis.pdf\">Carta de comprom\u00eds<\/a><\/li>\n<li><a href=\"https:\/\/docs.google.com\/document\/d\/1MKntEGDpdN6Vzgq0mwuqQDfpg4Ppg2RY\/edit?usp=sharing&amp;ouid=115481289488684989047&amp;rtpof=true&amp;sd=true\">Documentaci\u00f3 assessorament i reconeixement 2025-26<\/a><\/li>\n<li><a href=\"https:\/\/docs.google.com\/document\/d\/12Uv0MS_JUKMrVWA4tHpyN6yjvuuPVnWw\/edit?usp=sharing&amp;ouid=115481289488684989047&amp;rtpof=true&amp;sd=true\">Full pagament servei reconeixement 25-26<\/a><\/li>\n<li><a href=\"https:\/\/docs.google.com\/document\/d\/12ruq9oHsgX5NYOD7JNs11jAyzF1Sss9t\/edit?usp=drive_link&amp;ouid=108866473082022763405&amp;rtpof=true&amp;sd=true\">Full de pagament servei assessorament 25-26<\/a><\/li>\n<li><a href=\"https:\/\/agora.xtec.cat\/iessantaeugenia\/wp-content\/uploads\/usu1801\/2021\/10\/Normativa_reguladora_del_proces.pdf\">Normativa reguladora del proc\u00e9s<\/a><\/li>\n<li><a href=\"https:\/\/docs.google.com\/document\/d\/1yyRkkByFv8G5sMg400e5d3tqV-9BZY6l\/edit?usp=sharing&amp;ouid=115481289488684989047&amp;rtpof=true&amp;sd=true\">Inscripci\u00f3 al servei de reconeixement<\/a><\/li>\n<li><a href=\"https:\/\/docs.google.com\/document\/d\/1yyRkkByFv8G5sMg400e5d3tqV-9BZY6l\/edit?usp=drive_link&amp;ouid=115481289488684989047&amp;rtpof=true&amp;sd=true\">Inscripci\u00f3 assessorament 2025-2026<\/a><\/li>\n<li><a href=\"https:\/\/agora.xtec.cat\/iessantaeugenia\/wp-content\/uploads\/usu1801\/2021\/10\/SOL\u00b7LICITUD_AL_SERVEI_D_ASSESSORAMENT-1.pdf\">Sol\u00b7licitud al servei d&#8217;assessorament<\/a><\/li>\n<\/ul>\n","protected":false},"excerpt":{"rendered":"<p>Fam\u00edlia Professional<br \/>\nNom del Cicle<br \/>\nOferta de places<\/p>\n<p>Edificaci\u00f3 i Obra Civil<br \/>\nObres d&#8217;interior, decoraci\u00f3 i rehabilitaci\u00f3 CFPM EO10<br \/>\n1<\/p>\n<p>Edificaci\u00f3 i Obra Civil<br \/>\n\u00a0Projectes d&#8217;edificaci\u00f3 CFPS EOB0<br \/>\n1<\/p>\n<p>Electricitat i Electr\u00f2nica<br \/>\nInstal\u00b7lacions el\u00e8ctriques i autom\u00e0tiques CFPM EE10<br \/>\n1<\/p>\n<p>Electricitat i Electr\u00f2nica<br \/>\nSistemes electrot\u00e8cnics i automatitzats\u00a0CFPS EEA0<br \/>\n1<\/p>\n<p>Energia i Aigua<br \/>\nEfici\u00e8ncia Energ\u00e8tica i energia solar t\u00e8rmica\u00a0CFPS EAA0<br \/>\n1<\/p>\n<p>Instal\u00b7laci\u00f3 i Manteniment<br \/>\n\u00a0Instal\u00b7lacions de&hellip;  <a href=\"https:\/\/agora.xtec.cat\/iessantaeugenia\/serveis\/assessorament-i-reconeixement\/\" title=\"Read Assessorament i Reconeixement\">Llegeix m\u00e9s\u00bb<\/a><\/p>\n","protected":false},"author":1,"featured_media":0,"parent":63,"menu_order":0,"comment_status":"closed","ping_status":"closed","template":"page-templates\/side-menu.php","meta":{"_bbp_topic_count":0,"_bbp_reply_count":0,"_bbp_total_topic_count":0,"_bbp_total_reply_count":0,"_bbp_voice_count":0,"_bbp_anonymous_reply_count":0,"_bbp_topic_count_hidden":0,"_bbp_reply_count_hidden":0,"_bbp_forum_subforum_count":0,"footnotes":""},"class_list":["post-759","page","type-page","status-publish","hentry"],"post_mailing_queue_ids":[],"_links":{"self":[{"href":"https:\/\/agora.xtec.cat\/iessantaeugenia\/wp-json\/wp\/v2\/pages\/759","targetHints":{"allow":["GET"]}}],"collection":[{"href":"https:\/\/agora.xtec.cat\/iessantaeugenia\/wp-json\/wp\/v2\/pages"}],"about":[{"href":"https:\/\/agora.xtec.cat\/iessantaeugenia\/wp-json\/wp\/v2\/types\/page"}],"author":[{"embeddable":true,"href":"https:\/\/agora.xtec.cat\/iessantaeugenia\/wp-json\/wp\/v2\/users\/1"}],"replies":[{"embeddable":true,"href":"https:\/\/agora.xtec.cat\/iessantaeugenia\/wp-json\/wp\/v2\/comments?post=759"}],"version-history":[{"count":6,"href":"https:\/\/agora.xtec.cat\/iessantaeugenia\/wp-json\/wp\/v2\/pages\/759\/revisions"}],"predecessor-version":[{"id":13270,"href":"https:\/\/agora.xtec.cat\/iessantaeugenia\/wp-json\/wp\/v2\/pages\/759\/revisions\/13270"}],"up":[{"embeddable":true,"href":"https:\/\/agora.xtec.cat\/iessantaeugenia\/wp-json\/wp\/v2\/pages\/63"}],"wp:attachment":[{"href":"https:\/\/agora.xtec.cat\/iessantaeugenia\/wp-json\/wp\/v2\/media?parent=759"}],"curies":[{"name":"wp","href":"https:\/\/api.w.org\/{rel}","templated":true}]}}

<table style="width: 676px;">
<tbody>
<tr>
<td style="width: 179px;">Família Professional</td>
<td style="width: 374px;">Nom del Cicle</td>
<td style="width: 123px;">Oferta de places</td>
</tr>
<tr>
<td style="width: 179px;">Edificació i Obra Civil</td>
<td style="width: 374px;">Obres d&#8217;interior, decoració i rehabilitació CFPM EO10</td>
<td style="width: 123px;">1</td>
</tr>
<tr>
<td style="width: 179px;">Edificació i Obra Civil</td>
<td style="width: 374px;"> Projectes d&#8217;edificació CFPS EOB0</td>
<td style="width: 123px;">1</td>
</tr>
<tr>
<td style="width: 179px;">Electricitat i Electrònica</td>
<td style="width: 374px;">Instal·lacions elèctriques i automàtiques CFPM EE10</td>
<td style="width: 123px;">1</td>
</tr>
<tr>
<td style="width: 179px;">Electricitat i Electrònica</td>
<td style="width: 374px;">Sistemes electrotècnics i automatitzats CFPS EEA0</td>
<td style="width: 123px;">1</td>
</tr>
<tr>
<td style="width: 179px;">Energia i Aigua</td>
<td style="width: 374px;">Eficiència Energètica i energia solar tèrmica CFPS EAA0</td>
<td style="width: 123px;">1</td>
</tr>
<tr>
<td style="width: 179px;">Instal·lació i Manteniment</td>
<td style="width: 374px;"> Instal·lacions de producció de calor CFPM IM20</td>
<td style="width: 123px;">1</td>
</tr>
<tr>
<td style="width: 179px;">Instal·lació i Manteniment</td>
<td style="width: 374px;">Instal·lacions frigorífiques i de climatització CFPM IM30</td>
<td style="width: 123px;">1</td>
</tr>
</tbody>
</table>
<p>A partir del dia 14 de setembre del 2024 es pot demanar la inscripció a l&#8217;assessorament i reconeixement professional o bé informació general del procés.</p>
<p style="font-weight: 400;"><b><a href="http://www20.gencat.cat/portal/site/queestudiar/menuitem.ef1906fb69d36fe8e85c7273b0c0e1a0/?vgnextoid=471087ea989bc310VgnVCM1000008d0c1e0aRCRD&amp;vgnextchannel=471087ea989bc310VgnVCM1000008d0c1e0aRCRD&amp;vgnextfmt=default" target="_blank" rel="noopener noreferrer">Mesures flexibilitzadores de la FP</a></b></p>
<p style="font-weight: 400;"><b><a href="http://www20.gencat.cat/portal/site/ensenyament/menuitem.c9daa2c559ab545a72623b10b0c0e1a0/?vgnextoid=cad6a1dcae687110VgnVCM1000008d0c1e0aRCRD&amp;vgnextchannel=cad6a1dcae687110VgnVCM1000008d0c1e0aRCRD&amp;vgnextfmt=detall&amp;contentid=a4b375e47e6ba310VgnVCM2000009b0c1e0aRCRD" target="_blank" rel="noopener noreferrer">Validació de l’experiència Laboral</a></b></p>
<h2>Documents</h2>
<ul>
<li><a href="https://docs.google.com/document/d/13ntEDIxZG6wQ0SJ8hSwHz--OTgXi2VDR/edit?usp=sharing&amp;ouid=115481289488684989047&amp;rtpof=true&amp;sd=true">Calendari procés d&#8217;assessorament i reconeixement curs 2025-26</a></li>
<li><a href="https://agora.xtec.cat/iessantaeugenia/wp-content/uploads/usu1801/2021/10/Carta-de-compromis.pdf">Carta de compromís</a></li>
<li><a href="https://docs.google.com/document/d/1MKntEGDpdN6Vzgq0mwuqQDfpg4Ppg2RY/edit?usp=sharing&amp;ouid=115481289488684989047&amp;rtpof=true&amp;sd=true">Documentació assessorament i reconeixement 2025-26</a></li>
<li><a href="https://docs.google.com/document/d/12Uv0MS_JUKMrVWA4tHpyN6yjvuuPVnWw/edit?usp=sharing&amp;ouid=115481289488684989047&amp;rtpof=true&amp;sd=true">Full pagament servei reconeixement 25-26</a></li>
<li><a href="https://docs.google.com/document/d/12ruq9oHsgX5NYOD7JNs11jAyzF1Sss9t/edit?usp=drive_link&amp;ouid=108866473082022763405&amp;rtpof=true&amp;sd=true">Full de pagament servei assessorament 25-26</a></li>
<li><a href="https://agora.xtec.cat/iessantaeugenia/wp-content/uploads/usu1801/2021/10/Normativa_reguladora_del_proces.pdf">Normativa reguladora del procés</a></li>
<li><a href="https://docs.google.com/document/d/1yyRkkByFv8G5sMg400e5d3tqV-9BZY6l/edit?usp=sharing&amp;ouid=115481289488684989047&amp;rtpof=true&amp;sd=true">Inscripció al servei de reconeixement</a></li>
<li><a href="https://docs.google.com/document/d/1yyRkkByFv8G5sMg400e5d3tqV-9BZY6l/edit?usp=drive_link&amp;ouid=115481289488684989047&amp;rtpof=true&amp;sd=true">Inscripció assessorament 2025-2026</a></li>
<li><a href="https://agora.xtec.cat/iessantaeugenia/wp-content/uploads/usu1801/2021/10/SOL·LICITUD_AL_SERVEI_D_ASSESSORAMENT-1.pdf">Sol·licitud al servei d&#8217;assessorament</a></li>
</ul>

<p>Família Professional<br />
Nom del Cicle<br />
Oferta de places</p>
<p>Edificació i Obra Civil<br />
Obres d&#8217;interior, decoració i rehabilitació CFPM EO10<br />
1</p>
<p>Edificació i Obra Civil<br />
 Projectes d&#8217;edificació CFPS EOB0<br />
1</p>
<p>Electricitat i Electrònica<br />
Instal·lacions elèctriques i automàtiques CFPM EE10<br />
1</p>
<p>Electricitat i Electrònica<br />
Sistemes electrotècnics i automatitzats CFPS EEA0<br />
1</p>
<p>Energia i Aigua<br />
Eficiència Energètica i energia solar tèrmica CFPS EAA0<br />
1</p>
<p>Instal·lació i Manteniment<br />
 Instal·lacions de&hellip;  <a href="https://agora.xtec.cat/iessantaeugenia/serveis/assessorament-i-reconeixement/" title="Read Assessorament i Reconeixement">Llegeix més»</a></p>
