{"id":757,"date":"2020-06-10T14:30:23","date_gmt":"2020-06-10T12:30:23","guid":{"rendered":"http:\/\/agora.xtec.cat\/iessantaeugenia\/?page_id=757"},"modified":"2025-02-06T11:47:31","modified_gmt":"2025-02-06T10:47:31","slug":"borsa-de-treball","status":"publish","type":"page","link":"https:\/\/agora.xtec.cat\/iessantaeugenia\/serveis\/borsa-de-treball\/","title":{"rendered":"Borsa de treball"},"content":{"rendered":"<p>La nostra<strong>\u00a0Borsa de treball\u00a0<\/strong>vol ser una eina al servei dels nostres alumnes i de les empreses que confien en la<strong> Formaci\u00f3 Professional<\/strong> (FP) com a eix b\u00e0sic d&#8217;a<strong>prenentatge i formaci\u00f3 t\u00e8cnica<\/strong>.<\/p>\n<p>Les empreses que tinguin inter\u00e8s en cercar un alumne per a realitzar una estada de pr\u00e0ctiques (<strong>FCT<\/strong>)\u00a0 en conveni o en estada <strong>DUAL<\/strong> (<strong>beca o contracte<\/strong>)\u00a0han d&#8217;omplir el seg\u00fcent formulari, guardar-lo amb un altre nom i enviar-lo a l&#8217;adre\u00e7a de correu electr\u00f2nic de contacte.<\/p>\n<p><a href=\"https:\/\/agora.xtec.cat\/iessantaeugenia\/wp-content\/uploads\/usu1801\/2024\/10\/OFERTA_TREBALL_FCT-24-25.pdf\" target=\"_blank\" rel=\"noopener\">Formulari Ofertes de treball i convenis en pr\u00e0ctiques<\/a> (Empresa)<\/p>\n<h3><strong>Contacte<\/strong><\/h3>\n<p>Correu electr\u00f2nic: <a href=\"mailto:fct@isantaeugenia.cat\">fct@isantaeugenia.cat<\/a><\/p>\n<p><a href=\"https:\/\/educacio.gencat.cat\/ca\/departament\/publicacions\/monografies\/formacio-professional\/guia-fp-inicial\/index.html\">Guia de la formaci\u00f3 professional inicial. Oportunitats per a les empreses.<\/a><\/p>\n","protected":false},"excerpt":{"rendered":"<p>La nostra\u00a0Borsa de treball\u00a0vol ser una eina al servei dels nostres alumnes i de les empreses que confien en la Formaci\u00f3 Professional (FP) com a eix b\u00e0sic d&#8217;aprenentatge i formaci\u00f3 t\u00e8cnica.<br \/>\nLes empreses que tinguin inter\u00e8s en cercar un alumne per a realitzar una estada de&hellip;  <a href=\"https:\/\/agora.xtec.cat\/iessantaeugenia\/serveis\/borsa-de-treball\/\" title=\"Read Borsa de treball\">Llegeix m\u00e9s\u00bb<\/a><\/p>\n","protected":false},"author":1,"featured_media":0,"parent":63,"menu_order":0,"comment_status":"closed","ping_status":"closed","template":"page-templates\/side-menu.php","meta":{"_bbp_topic_count":0,"_bbp_reply_count":0,"_bbp_total_topic_count":0,"_bbp_total_reply_count":0,"_bbp_voice_count":0,"_bbp_anonymous_reply_count":0,"_bbp_topic_count_hidden":0,"_bbp_reply_count_hidden":0,"_bbp_forum_subforum_count":0,"footnotes":""},"class_list":["post-757","page","type-page","status-publish","hentry"],"post_mailing_queue_ids":[],"_links":{"self":[{"href":"https:\/\/agora.xtec.cat\/iessantaeugenia\/wp-json\/wp\/v2\/pages\/757","targetHints":{"allow":["GET"]}}],"collection":[{"href":"https:\/\/agora.xtec.cat\/iessantaeugenia\/wp-json\/wp\/v2\/pages"}],"about":[{"href":"https:\/\/agora.xtec.cat\/iessantaeugenia\/wp-json\/wp\/v2\/types\/page"}],"author":[{"embeddable":true,"href":"https:\/\/agora.xtec.cat\/iessantaeugenia\/wp-json\/wp\/v2\/users\/1"}],"replies":[{"embeddable":true,"href":"https:\/\/agora.xtec.cat\/iessantaeugenia\/wp-json\/wp\/v2\/comments?post=757"}],"version-history":[{"count":6,"href":"https:\/\/agora.xtec.cat\/iessantaeugenia\/wp-json\/wp\/v2\/pages\/757\/revisions"}],"predecessor-version":[{"id":11944,"href":"https:\/\/agora.xtec.cat\/iessantaeugenia\/wp-json\/wp\/v2\/pages\/757\/revisions\/11944"}],"up":[{"embeddable":true,"href":"https:\/\/agora.xtec.cat\/iessantaeugenia\/wp-json\/wp\/v2\/pages\/63"}],"wp:attachment":[{"href":"https:\/\/agora.xtec.cat\/iessantaeugenia\/wp-json\/wp\/v2\/media?parent=757"}],"curies":[{"name":"wp","href":"https:\/\/api.w.org\/{rel}","templated":true}]}}