{"id":753,"date":"2020-06-10T14:28:51","date_gmt":"2020-06-10T12:28:51","guid":{"rendered":"http:\/\/agora.xtec.cat\/iessantaeugenia\/?page_id=753"},"modified":"2025-02-06T13:18:49","modified_gmt":"2025-02-06T12:18:49","slug":"activa-fp","status":"publish","type":"page","link":"https:\/\/agora.xtec.cat\/iessantaeugenia\/serveis\/activa-fp\/","title":{"rendered":"Activa FP"},"content":{"rendered":"<h4><span style=\"color: #666699;\">\u00a0<\/span><\/h4>\n<h4><a href=\"https:\/\/agora.xtec.cat\/iessantaeugenia\/wp-content\/uploads\/usu1801\/2021\/10\/ActivaFPmenu\u0301-1.png\"><img loading=\"lazy\" decoding=\"async\" class=\"wp-image-1743 alignleft\" src=\"https:\/\/agora.xtec.cat\/iessantaeugenia\/wp-content\/uploads\/usu1801\/2021\/10\/ActivaFPmenu\u0301-1.png\" alt=\"\" width=\"85\" height=\"98\" srcset=\"https:\/\/agora.xtec.cat\/iessantaeugenia\/wp-content\/uploads\/usu1801\/2021\/10\/ActivaFPmenu\u0301-1.png 591w, https:\/\/agora.xtec.cat\/iessantaeugenia\/wp-content\/uploads\/usu1801\/2021\/10\/ActivaFPmenu\u0301-1-261x300.png 261w\" sizes=\"auto, (max-width: 85px) 100vw, 85px\" \/><\/a><\/h4>\n<h4><\/h4>\n<h4><\/h4>\n<h4><\/h4>\n<h4><\/h4>\n<h4><span style=\"color: #666699;\">Qu\u00e8 \u00e9s ActivaFP?<\/span><\/h4>\n<p>Un programa de la Direcci\u00f3 General de Formaci\u00f3 Professional i Ensenyaments de R\u00e8gim Especial, que des de 2018 ve donant suport i impulsant canvis a metodologies actives d\u2019aula als centres educatius d\u2019FP d\u2019arreu de Catalunya, per desenvolupar aprenentatges basats en projectes.<\/p>\n<p><strong><a href=\"https:\/\/projectes.xtec.cat\/impulsfp\/categoria\/impulsfp\/activafp\/\">P\u00e0gina oficial ActivaFP<\/a><\/strong><\/p>\n<p>&nbsp;<\/p>\n","protected":false},"excerpt":{"rendered":"<p>\u00a0<br \/>\n<a href=\"https:\/\/agora.xtec.cat\/iessantaeugenia\/wp-content\/uploads\/usu1801\/2021\/10\/ActivaFPmenu\u0301-1.png\"><\/a><\/p>\n<p>Qu\u00e8 \u00e9s ActivaFP?<br \/>\nUn programa de la Direcci\u00f3 General de Formaci\u00f3 Professional i Ensenyaments de R\u00e8gim Especial, que des de 2018 ve donant suport i impulsant canvis a metodologies actives d\u2019aula als centres educatius d\u2019FP d\u2019arreu de Catalunya, per desenvolupar aprenentatges basats en projectes.<br \/>\n<a href=\"https:\/\/projectes.xtec.cat\/impulsfp\/categoria\/impulsfp\/activafp\/\">P\u00e0gina&hellip;  <a href=\"https:\/\/agora.xtec.cat\/iessantaeugenia\/serveis\/activa-fp\/\" title=\"Read Activa FP\">Llegeix m\u00e9s\u00bb<\/a><\/p>\n","protected":false},"author":1,"featured_media":0,"parent":63,"menu_order":0,"comment_status":"closed","ping_status":"closed","template":"page-templates\/side-menu.php","meta":{"_bbp_topic_count":0,"_bbp_reply_count":0,"_bbp_total_topic_count":0,"_bbp_total_reply_count":0,"_bbp_voice_count":0,"_bbp_anonymous_reply_count":0,"_bbp_topic_count_hidden":0,"_bbp_reply_count_hidden":0,"_bbp_forum_subforum_count":0,"footnotes":""},"class_list":["post-753","page","type-page","status-publish","hentry"],"post_mailing_queue_ids":[],"_links":{"self":[{"href":"https:\/\/agora.xtec.cat\/iessantaeugenia\/wp-json\/wp\/v2\/pages\/753","targetHints":{"allow":["GET"]}}],"collection":[{"href":"https:\/\/agora.xtec.cat\/iessantaeugenia\/wp-json\/wp\/v2\/pages"}],"about":[{"href":"https:\/\/agora.xtec.cat\/iessantaeugenia\/wp-json\/wp\/v2\/types\/page"}],"author":[{"embeddable":true,"href":"https:\/\/agora.xtec.cat\/iessantaeugenia\/wp-json\/wp\/v2\/users\/1"}],"replies":[{"embeddable":true,"href":"https:\/\/agora.xtec.cat\/iessantaeugenia\/wp-json\/wp\/v2\/comments?post=753"}],"version-history":[{"count":5,"href":"https:\/\/agora.xtec.cat\/iessantaeugenia\/wp-json\/wp\/v2\/pages\/753\/revisions"}],"predecessor-version":[{"id":11955,"href":"https:\/\/agora.xtec.cat\/iessantaeugenia\/wp-json\/wp\/v2\/pages\/753\/revisions\/11955"}],"up":[{"embeddable":true,"href":"https:\/\/agora.xtec.cat\/iessantaeugenia\/wp-json\/wp\/v2\/pages\/63"}],"wp:attachment":[{"href":"https:\/\/agora.xtec.cat\/iessantaeugenia\/wp-json\/wp\/v2\/media?parent=753"}],"curies":[{"name":"wp","href":"https:\/\/api.w.org\/{rel}","templated":true}]}}

<h4><span style="color: #666699;"> </span></h4>
<h4><a href="https://agora.xtec.cat/iessantaeugenia/wp-content/uploads/usu1801/2021/10/ActivaFPmenú-1.png"><img loading="lazy" decoding="async" class="wp-image-1743 alignleft" src="https://agora.xtec.cat/iessantaeugenia/wp-content/uploads/usu1801/2021/10/ActivaFPmenú-1.png" alt="" width="85" height="98" srcset="https://agora.xtec.cat/iessantaeugenia/wp-content/uploads/usu1801/2021/10/ActivaFPmenú-1.png 591w, https://agora.xtec.cat/iessantaeugenia/wp-content/uploads/usu1801/2021/10/ActivaFPmenú-1-261x300.png 261w" sizes="auto, (max-width: 85px) 100vw, 85px" /></a></h4>
<h4></h4>
<h4></h4>
<h4></h4>
<h4></h4>
<h4><span style="color: #666699;">Què és ActivaFP?</span></h4>
<p>Un programa de la Direcció General de Formació Professional i Ensenyaments de Règim Especial, que des de 2018 ve donant suport i impulsant canvis a metodologies actives d’aula als centres educatius d’FP d’arreu de Catalunya, per desenvolupar aprenentatges basats en projectes.</p>
<p><strong><a href="https://projectes.xtec.cat/impulsfp/categoria/impulsfp/activafp/">Pàgina oficial ActivaFP</a></strong></p>
<p>&nbsp;</p>

<p> <br />
<a href="https://agora.xtec.cat/iessantaeugenia/wp-content/uploads/usu1801/2021/10/ActivaFPmenú-1.png"></a></p>
<p>Què és ActivaFP?<br />
Un programa de la Direcció General de Formació Professional i Ensenyaments de Règim Especial, que des de 2018 ve donant suport i impulsant canvis a metodologies actives d’aula als centres educatius d’FP d’arreu de Catalunya, per desenvolupar aprenentatges basats en projectes.<br />
<a href="https://projectes.xtec.cat/impulsfp/categoria/impulsfp/activafp/">Pàgina&hellip;  <a href="https://agora.xtec.cat/iessantaeugenia/serveis/activa-fp/" title="Read Activa FP">Llegeix més»</a></p>
