{"id":749,"date":"2020-06-10T14:28:11","date_gmt":"2020-06-10T12:28:11","guid":{"rendered":"http:\/\/agora.xtec.cat\/iessantaeugenia\/?page_id=749"},"modified":"2025-02-06T11:40:41","modified_gmt":"2025-02-06T10:40:41","slug":"empren-fp","status":"publish","type":"page","link":"https:\/\/agora.xtec.cat\/iessantaeugenia\/serveis\/empren-fp\/","title":{"rendered":"Empren FP"},"content":{"rendered":"<h4><strong><span style=\"color: #333399;\">Qu\u00e8 \u00e9s Empr\u00e8nFP?<\/span><\/strong><\/h4>\n<p><a href=\"https:\/\/agora.xtec.cat\/iessantaeugenia\/wp-content\/uploads\/usu1801\/2021\/10\/Empre\u0300nFPmenu\u0301.png\"><img loading=\"lazy\" decoding=\"async\" class=\"alignnone wp-image-1745\" src=\"https:\/\/agora.xtec.cat\/iessantaeugenia\/wp-content\/uploads\/usu1801\/2021\/10\/Empre\u0300nFPmenu\u0301.png\" alt=\"\" width=\"88\" height=\"66\" srcset=\"https:\/\/agora.xtec.cat\/iessantaeugenia\/wp-content\/uploads\/usu1801\/2021\/10\/Empre\u0300nFPmenu\u0301.png 907w, https:\/\/agora.xtec.cat\/iessantaeugenia\/wp-content\/uploads\/usu1801\/2021\/10\/Empre\u0300nFPmenu\u0301-300x225.png 300w, https:\/\/agora.xtec.cat\/iessantaeugenia\/wp-content\/uploads\/usu1801\/2021\/10\/Empre\u0300nFPmenu\u0301-768x576.png 768w, https:\/\/agora.xtec.cat\/iessantaeugenia\/wp-content\/uploads\/usu1801\/2021\/10\/Empre\u0300nFPmenu\u0301-200x150.png 200w\" sizes=\"auto, (max-width: 88px) 100vw, 88px\" \/><\/a><\/p>\n<p>\u00c9s un programa de la Direcci\u00f3 General de Formaci\u00f3 Professional i Ensenyaments de R\u00e8gim Especial, que des de 2012 ve donant suport i impulsant l\u2019emprenedoria i els seus valors en els centres educatius d\u2019FP d\u2019arreu de Catalunya, per la creaci\u00f3 de projectes emprenedors.<\/p>\n<h4><span style=\"color: #333399;\"><strong>Objectius:<\/strong><\/span><\/h4>\n<p>El programa s\u2019estructura en dos nivells o subprogrames en funci\u00f3 de les estrat\u00e8gies metodol\u00f2giques que es volen impulsar. Aquests s\u00f3n:<\/p>\n<ol>\n<li>Promoci\u00f3 de les capacitats emprenedores,\u00a0<i>Empr\u00e8n<\/i><\/li>\n<li>Creaci\u00f3 d\u2019empreses i autoocupaci\u00f3,\u00a0<i>Autoocupa\u2019t<\/i><\/li>\n<\/ol>\n<p>&nbsp;<\/p>\n<h5><strong>ENLLA\u00c7OS D\u2019INTER\u00c8S<\/strong><\/h5>\n<p><a href=\"https:\/\/emprenedoriasantaeugenia.cat\/\" target=\"_blank\" rel=\"noopener\">AULA D&#8217;EMPRENEDORIA DE L&#8217;INSTITUT SANTA EUG\u00c8NIA DE GIRONA<\/a><\/p>\n<p><a href=\"https:\/\/projectes.xtec.cat\/impulsfp\/categoria\/impulsfp\/emprenfp\/\" target=\"_blank\" rel=\"noopener\">P\u00c0GINA OFICIAL EMPR\u00c8N FP<\/a><\/p>\n","protected":false},"excerpt":{"rendered":"<p>Qu\u00e8 \u00e9s Empr\u00e8nFP?<br \/>\n<a href=\"https:\/\/agora.xtec.cat\/iessantaeugenia\/wp-content\/uploads\/usu1801\/2021\/10\/Empre\u0300nFPmenu\u0301.png\"><\/a><br \/>\n\u00c9s un programa de la Direcci\u00f3 General de Formaci\u00f3 Professional i Ensenyaments de R\u00e8gim Especial, que des de 2012 ve donant suport i impulsant l\u2019emprenedoria i els seus valors en els centres educatius d\u2019FP d\u2019arreu de Catalunya, per la creaci\u00f3 de projectes&hellip;  <a href=\"https:\/\/agora.xtec.cat\/iessantaeugenia\/serveis\/empren-fp\/\" title=\"Read Empren FP\">Llegeix m\u00e9s\u00bb<\/a><\/p>\n","protected":false},"author":1,"featured_media":0,"parent":63,"menu_order":0,"comment_status":"closed","ping_status":"closed","template":"page-templates\/side-menu.php","meta":{"_bbp_topic_count":0,"_bbp_reply_count":0,"_bbp_total_topic_count":0,"_bbp_total_reply_count":0,"_bbp_voice_count":0,"_bbp_anonymous_reply_count":0,"_bbp_topic_count_hidden":0,"_bbp_reply_count_hidden":0,"_bbp_forum_subforum_count":0,"footnotes":""},"class_list":["post-749","page","type-page","status-publish","hentry"],"post_mailing_queue_ids":[],"_links":{"self":[{"href":"https:\/\/agora.xtec.cat\/iessantaeugenia\/wp-json\/wp\/v2\/pages\/749","targetHints":{"allow":["GET"]}}],"collection":[{"href":"https:\/\/agora.xtec.cat\/iessantaeugenia\/wp-json\/wp\/v2\/pages"}],"about":[{"href":"https:\/\/agora.xtec.cat\/iessantaeugenia\/wp-json\/wp\/v2\/types\/page"}],"author":[{"embeddable":true,"href":"https:\/\/agora.xtec.cat\/iessantaeugenia\/wp-json\/wp\/v2\/users\/1"}],"replies":[{"embeddable":true,"href":"https:\/\/agora.xtec.cat\/iessantaeugenia\/wp-json\/wp\/v2\/comments?post=749"}],"version-history":[{"count":5,"href":"https:\/\/agora.xtec.cat\/iessantaeugenia\/wp-json\/wp\/v2\/pages\/749\/revisions"}],"predecessor-version":[{"id":11943,"href":"https:\/\/agora.xtec.cat\/iessantaeugenia\/wp-json\/wp\/v2\/pages\/749\/revisions\/11943"}],"up":[{"embeddable":true,"href":"https:\/\/agora.xtec.cat\/iessantaeugenia\/wp-json\/wp\/v2\/pages\/63"}],"wp:attachment":[{"href":"https:\/\/agora.xtec.cat\/iessantaeugenia\/wp-json\/wp\/v2\/media?parent=749"}],"curies":[{"name":"wp","href":"https:\/\/api.w.org\/{rel}","templated":true}]}}

<h4><strong><span style="color: #333399;">Què és EmprènFP?</span></strong></h4>
<p><a href="https://agora.xtec.cat/iessantaeugenia/wp-content/uploads/usu1801/2021/10/EmprènFPmenú.png"><img loading="lazy" decoding="async" class="alignnone wp-image-1745" src="https://agora.xtec.cat/iessantaeugenia/wp-content/uploads/usu1801/2021/10/EmprènFPmenú.png" alt="" width="88" height="66" srcset="https://agora.xtec.cat/iessantaeugenia/wp-content/uploads/usu1801/2021/10/EmprènFPmenú.png 907w, https://agora.xtec.cat/iessantaeugenia/wp-content/uploads/usu1801/2021/10/EmprènFPmenú-300x225.png 300w, https://agora.xtec.cat/iessantaeugenia/wp-content/uploads/usu1801/2021/10/EmprènFPmenú-768x576.png 768w, https://agora.xtec.cat/iessantaeugenia/wp-content/uploads/usu1801/2021/10/EmprènFPmenú-200x150.png 200w" sizes="auto, (max-width: 88px) 100vw, 88px" /></a></p>
<p>És un programa de la Direcció General de Formació Professional i Ensenyaments de Règim Especial, que des de 2012 ve donant suport i impulsant l’emprenedoria i els seus valors en els centres educatius d’FP d’arreu de Catalunya, per la creació de projectes emprenedors.</p>
<h4><span style="color: #333399;"><strong>Objectius:</strong></span></h4>
<p>El programa s’estructura en dos nivells o subprogrames en funció de les estratègies metodològiques que es volen impulsar. Aquests són:</p>
<ol>
<li>Promoció de les capacitats emprenedores, <i>Emprèn</i></li>
<li>Creació d’empreses i autoocupació, <i>Autoocupa’t</i></li>
</ol>
<p>&nbsp;</p>
<h5><strong>ENLLAÇOS D’INTERÈS</strong></h5>
<p><a href="https://emprenedoriasantaeugenia.cat/" target="_blank" rel="noopener">AULA D&#8217;EMPRENEDORIA DE L&#8217;INSTITUT SANTA EUGÈNIA DE GIRONA</a></p>
<p><a href="https://projectes.xtec.cat/impulsfp/categoria/impulsfp/emprenfp/" target="_blank" rel="noopener">PÀGINA OFICIAL EMPRÈN FP</a></p>

<p>Què és EmprènFP?<br />
<a href="https://agora.xtec.cat/iessantaeugenia/wp-content/uploads/usu1801/2021/10/EmprènFPmenú.png"></a><br />
És un programa de la Direcció General de Formació Professional i Ensenyaments de Règim Especial, que des de 2012 ve donant suport i impulsant l’emprenedoria i els seus valors en els centres educatius d’FP d’arreu de Catalunya, per la creació de projectes&hellip;  <a href="https://agora.xtec.cat/iessantaeugenia/serveis/empren-fp/" title="Read Empren FP">Llegeix més»</a></p>
