{"id":714,"date":"2020-06-10T13:51:34","date_gmt":"2020-06-10T11:51:34","guid":{"rendered":"http:\/\/agora.xtec.cat\/iessantaeugenia\/?page_id=714"},"modified":"2025-11-03T11:47:39","modified_gmt":"2025-11-03T10:47:39","slug":"arts-grafiques","status":"publish","type":"page","link":"https:\/\/agora.xtec.cat\/iessantaeugenia\/cicles-formatius\/arts-grafiques\/","title":{"rendered":"Arts gr\u00e0fiques"},"content":{"rendered":"<p><!--no borrar mai!--><\/p>\n<ul class=\"blocgeneric\">\n<li><a href=\"https:\/\/agora.xtec.cat\/iessantaeugenia\/estudis\/cicles-formatius\/arts-grafiques\/impressio-grafica-en-converting\/\">CFGM Impressi\u00f3 gr\u00e0fica i converting<\/a><\/li>\n<li><a href=\"https:\/\/agora.xtec.cat\/iessantaeugenia\/estudis\/cicles-formatius\/arts-grafiques\/preimpressio-digital-dual\/\">CFGM Preimpressi\u00f3 digital<\/a><\/li>\n<\/ul>\n<h5><span style=\"color: #ffffff;\">.<\/span><\/h5>\n<h5><strong>DESCARREGA&#8217;T ELS NOSTRES CAT\u00c0LEGS\u00a0<\/strong><\/h5>\n<p><strong><a href=\"https:\/\/agora.xtec.cat\/iessantaeugenia\/wp-content\/uploads\/usu1801\/2021\/10\/GRAU-MITJA-DE-PREIMPRESSIO-DIGITAL.pdf\" target=\"_blank\" rel=\"noopener\">GRAU MITJ\u00c0 DE PREIMPRESSI\u00d3 DIGITAL<\/a><\/strong><\/p>\n<p><strong><a href=\"https:\/\/agora.xtec.cat\/iessantaeugenia\/wp-content\/uploads\/usu1801\/2021\/10\/GRAU-MITJA-DIMPRESSIO-GRAFICA-I-CONVERTING.pdf\" target=\"_blank\" rel=\"noopener\">GRAU MITJ\u00c0 D&#8217;IMPRESSI\u00d3 GR\u00c0FICA I CONVERTING<\/a><\/strong><\/p>\n<h5><strong>SEGUEIX-NOS EN ELS NOSTRES CANALS<\/strong><\/h5>\n<ul style=\"list-style-type: square;\">\n<li><a href=\"https:\/\/www.facebook.com\/ArtsGrafiquesGirona\/\" target=\"_blank\" rel=\"noopener noreferrer\">FACEBOOK<\/a><\/li>\n<li><a style=\"font-family: inherit; font-size: 1em;\" href=\"https:\/\/www.instagram.com\/artsgrafiquesgirona\/\" target=\"_blank\" rel=\"noopener\">INSTAGRAM<\/a><\/li>\n<li><a style=\"font-family: inherit; font-size: 1em;\" href=\"https:\/\/twitter.com\/arts_grafiques\" target=\"_blank\" rel=\"noopener\">TWITTER<\/a><\/li>\n<\/ul>\n<p><iframe loading=\"lazy\" title=\"YouTube video player\" src=\"https:\/\/www.youtube.com\/embed\/w7CgG53eFj4?si=VudKqVSV1ffDz1Cj\" width=\"560\" height=\"315\" frameborder=\"0\" allowfullscreen=\"allowfullscreen\"><\/iframe><\/p>\n<p><iframe loading=\"lazy\" title=\"Arts Gr\u00e0fiques Girona _  promoci\u00f3 Formaci\u00f3 Professional Dual\" width=\"500\" height=\"281\" src=\"https:\/\/www.youtube.com\/embed\/yt092dKTHaE?feature=oembed\" frameborder=\"0\" allow=\"accelerometer; autoplay; clipboard-write; encrypted-media; gyroscope; picture-in-picture; web-share\" referrerpolicy=\"strict-origin-when-cross-origin\" allowfullscreen><\/iframe><\/p>\n<p>&nbsp;<\/p>\n","protected":false},"excerpt":{"rendered":"<ul class=\"blocgeneric\">\n<li><a href=\"https:\/\/agora.xtec.cat\/iessantaeugenia\/estudis\/cicles-formatius\/arts-grafiques\/impressio-grafica-en-converting\/\">CFGM Impressi\u00f3 gr\u00e0fica i converting<\/a><\/li>\n<li><a href=\"https:\/\/agora.xtec.cat\/iessantaeugenia\/estudis\/cicles-formatius\/arts-grafiques\/preimpressio-digital-dual\/\">CFGM Preimpressi\u00f3 digital<\/a><\/li>\n<\/ul>\n<p>.<br \/>\nDESCARREGA&#8217;T ELS NOSTRES CAT\u00c0LEGS\u00a0<br \/>\n<a href=\"https:\/\/agora.xtec.cat\/iessantaeugenia\/wp-content\/uploads\/usu1801\/2021\/10\/GRAU-MITJA-DE-PREIMPRESSIO-DIGITAL.pdf\" target=\"_blank\" rel=\"noopener\">GRAU MITJ\u00c0 DE PREIMPRESSI\u00d3 DIGITAL<\/a><br \/>\n<a href=\"https:\/\/agora.xtec.cat\/iessantaeugenia\/wp-content\/uploads\/usu1801\/2021\/10\/GRAU-MITJA-DIMPRESSIO-GRAFICA-I-CONVERTING.pdf\" target=\"_blank\" rel=\"noopener\">GRAU MITJ\u00c0 D&#8217;IMPRESSI\u00d3 GR\u00c0FICA I CONVERTING<\/a><br \/>\nSEGUEIX-NOS EN ELS NOSTRES CANALS<\/p>\n<ul style=\"list-style-type: square;\">\n<li><a href=\"https:\/\/www.facebook.com\/ArtsGrafiquesGirona\/\" target=\"_blank\" rel=\"noopener noreferrer\">FACEBOOK<\/a><\/li>\n<li><a style=\"font-family: inherit; font-size: 1em;\" href=\"https:\/\/www.instagram.com\/artsgrafiquesgirona\/\" target=\"_blank\" rel=\"noopener\">INSTAGRAM<\/a><\/li>\n<li><a&hellip;  <a href=\"https:\/\/agora.xtec.cat\/iessantaeugenia\/cicles-formatius\/arts-grafiques\/\" title=\"Read Arts gr\u00e0fiques\">Llegeix m\u00e9s\u00bb<\/a><br \/>\n","protected":false},"author":1,"featured_media":0,"parent":712,"menu_order":1,"comment_status":"closed","ping_status":"closed","template":"page-templates\/side-menu.php","meta":{"_bbp_topic_count":0,"_bbp_reply_count":0,"_bbp_total_topic_count":0,"_bbp_total_reply_count":0,"_bbp_voice_count":0,"_bbp_anonymous_reply_count":0,"_bbp_topic_count_hidden":0,"_bbp_reply_count_hidden":0,"_bbp_forum_subforum_count":0,"footnotes":""},"class_list":["post-714","page","type-page","status-publish","hentry"],"post_mailing_queue_ids":[],"_links":{"self":[{"href":"https:\/\/agora.xtec.cat\/iessantaeugenia\/wp-json\/wp\/v2\/pages\/714","targetHints":{"allow":["GET"]}}],"collection":[{"href":"https:\/\/agora.xtec.cat\/iessantaeugenia\/wp-json\/wp\/v2\/pages"}],"about":[{"href":"https:\/\/agora.xtec.cat\/iessantaeugenia\/wp-json\/wp\/v2\/types\/page"}],"author":[{"embeddable":true,"href":"https:\/\/agora.xtec.cat\/iessantaeugenia\/wp-json\/wp\/v2\/users\/1"}],"replies":[{"embeddable":true,"href":"https:\/\/agora.xtec.cat\/iessantaeugenia\/wp-json\/wp\/v2\/comments?post=714"}],"version-history":[{"count":6,"href":"https:\/\/agora.xtec.cat\/iessantaeugenia\/wp-json\/wp\/v2\/pages\/714\/revisions"}],"predecessor-version":[{"id":13312,"href":"https:\/\/agora.xtec.cat\/iessantaeugenia\/wp-json\/wp\/v2\/pages\/714\/revisions\/13312"}],"up":[{"embeddable":true,"href":"https:\/\/agora.xtec.cat\/iessantaeugenia\/wp-json\/wp\/v2\/pages\/712"}],"wp:attachment":[{"href":"https:\/\/agora.xtec.cat\/iessantaeugenia\/wp-json\/wp\/v2\/media?parent=714"}],"curies":[{"name":"wp","href":"https:\/\/api.w.org\/{rel}","templated":true}]}}

Arts gràfiques

<p><!--no borrar mai!--></p>
<ul class="blocgeneric">
<li><a href="https://agora.xtec.cat/iessantaeugenia/estudis/cicles-formatius/arts-grafiques/impressio-grafica-en-converting/">CFGM Impressió gràfica i converting</a></li>
<li><a href="https://agora.xtec.cat/iessantaeugenia/estudis/cicles-formatius/arts-grafiques/preimpressio-digital-dual/">CFGM Preimpressió digital</a></li>
</ul>
<h5><span style="color: #ffffff;">.</span></h5>
<h5><strong>DESCARREGA&#8217;T ELS NOSTRES CATÀLEGS </strong></h5>
<p><strong><a href="https://agora.xtec.cat/iessantaeugenia/wp-content/uploads/usu1801/2021/10/GRAU-MITJA-DE-PREIMPRESSIO-DIGITAL.pdf" target="_blank" rel="noopener">GRAU MITJÀ DE PREIMPRESSIÓ DIGITAL</a></strong></p>
<p><strong><a href="https://agora.xtec.cat/iessantaeugenia/wp-content/uploads/usu1801/2021/10/GRAU-MITJA-DIMPRESSIO-GRAFICA-I-CONVERTING.pdf" target="_blank" rel="noopener">GRAU MITJÀ D&#8217;IMPRESSIÓ GRÀFICA I CONVERTING</a></strong></p>
<h5><strong>SEGUEIX-NOS EN ELS NOSTRES CANALS</strong></h5>
<ul style="list-style-type: square;">
<li><a href="https://www.facebook.com/ArtsGrafiquesGirona/" target="_blank" rel="noopener noreferrer">FACEBOOK</a></li>
<li><a style="font-family: inherit; font-size: 1em;" href="https://www.instagram.com/artsgrafiquesgirona/" target="_blank" rel="noopener">INSTAGRAM</a></li>
<li><a style="font-family: inherit; font-size: 1em;" href="https://twitter.com/arts_grafiques" target="_blank" rel="noopener">TWITTER</a></li>
</ul>
<p><iframe loading="lazy" title="YouTube video player" src="https://www.youtube.com/embed/w7CgG53eFj4?si=VudKqVSV1ffDz1Cj" width="560" height="315" frameborder="0" allowfullscreen="allowfullscreen"></iframe></p>
<p><iframe loading="lazy" title="Arts Gràfiques Girona _  promoció Formació Professional Dual" width="500" height="281" src="https://www.youtube.com/embed/yt092dKTHaE?feature=oembed" frameborder="0" allow="accelerometer; autoplay; clipboard-write; encrypted-media; gyroscope; picture-in-picture; web-share" referrerpolicy="strict-origin-when-cross-origin" allowfullscreen></iframe></p>
<p>&nbsp;</p>

<ul class="blocgeneric">
<li><a href="https://agora.xtec.cat/iessantaeugenia/estudis/cicles-formatius/arts-grafiques/impressio-grafica-en-converting/">CFGM Impressió gràfica i converting</a></li>
<li><a href="https://agora.xtec.cat/iessantaeugenia/estudis/cicles-formatius/arts-grafiques/preimpressio-digital-dual/">CFGM Preimpressió digital</a></li>
</ul>
<p>.<br />
DESCARREGA&#8217;T ELS NOSTRES CATÀLEGS <br />
<a href="https://agora.xtec.cat/iessantaeugenia/wp-content/uploads/usu1801/2021/10/GRAU-MITJA-DE-PREIMPRESSIO-DIGITAL.pdf" target="_blank" rel="noopener">GRAU MITJÀ DE PREIMPRESSIÓ DIGITAL</a><br />
<a href="https://agora.xtec.cat/iessantaeugenia/wp-content/uploads/usu1801/2021/10/GRAU-MITJA-DIMPRESSIO-GRAFICA-I-CONVERTING.pdf" target="_blank" rel="noopener">GRAU MITJÀ D&#8217;IMPRESSIÓ GRÀFICA I CONVERTING</a><br />
SEGUEIX-NOS EN ELS NOSTRES CANALS</p>
<ul style="list-style-type: square;">
<li><a href="https://www.facebook.com/ArtsGrafiquesGirona/" target="_blank" rel="noopener noreferrer">FACEBOOK</a></li>
<li><a style="font-family: inherit; font-size: 1em;" href="https://www.instagram.com/artsgrafiquesgirona/" target="_blank" rel="noopener">INSTAGRAM</a></li>
<li><a&hellip;  <a href="https://agora.xtec.cat/iessantaeugenia/cicles-formatius/arts-grafiques/" title="Read Arts gràfiques">Llegeix més»</a><br />
