{"id":661,"date":"2020-06-10T13:00:17","date_gmt":"2020-06-10T11:00:17","guid":{"rendered":"http:\/\/agora.xtec.cat\/iessantaeugenia\/?page_id=661"},"modified":"2025-02-21T13:48:31","modified_gmt":"2025-02-21T12:48:31","slug":"historia-i-espais-de-ledifici","status":"publish","type":"page","link":"https:\/\/agora.xtec.cat\/iessantaeugenia\/linstitut\/historia-i-espais-de-ledifici\/","title":{"rendered":"Hist\u00f2ria i espais de l&#8217;edifici"},"content":{"rendered":"<p align=\"justify\">L&#8217;<strong>Institut Santa Eug\u00e8nia<\/strong> de Girona \u00e9s un centre p\u00fablic que ofereix Educaci\u00f3 Secund\u00e0ria Obligat\u00f2ria (ESO), les modalitats de Ci\u00e8ncies i Tecnologia, i d&#8217;Humanitats i Ci\u00e8ncies Socials, de Batxillerat i cicles formatius de grau mitj\u00e0 i de grau superior. Les instal\u00b7lacions estan situades en el n\u00famero 3 del carrer Enric Marqu\u00e8s i Ribalta, al barri de Can Gibert.<\/p>\n<h5 align=\"justify\"><strong>La nostra hist\u00f2ria<\/strong><\/h5>\n<p>L\u2019any 1997, es crea l\u2019Institut de Santa Eug\u00e8nia amb la fusi\u00f3 de l\u2019Extensi\u00f3 de Batxillerat Dalmau Carles (1991-1997) i de la Escola de Formaci\u00f3 Professional de Sant Narc\u00eds (1952-1997).<\/p>\n<p>L\u2019Escola de FP de Sant Narc\u00eds va n\u00e9ixer el febrer de 1952 en un edifici del Barri de Sant Narc\u00eds amb el nom de Taller-Escuela Sindical San Narciso. Fou el centre de FP pioner a les comarques gironines. Es va assortir del material i dels alumnes de l\u2019escola d\u2019aprenents de Sant Josep, al carrer Escola Pia. El centre es va consolidar entre 1960 i 1970 amb diverses especialitats: metall, electricitat, hostaleria i delineaci\u00f3. Entre 1970-1980, l\u2019Institut visqu\u00e9 la transici\u00f3 i el trasp\u00e0s a l\u2019AISS i al Ministeri de Treball. Entre 1980 i 1990, el centre va passar al Ministerio de Educaci\u00f3n y Ciencia,\u00a0i finalment a la Generalitat de Catalunya. L\u2019any 1985, l\u2019escola d\u2019Hostaleria s\u2019independitz\u00e0 (f\u00edsicament el 1992, a una finca davant dels Maristes, on es troba actualment), i s\u2019instaur\u00e0 la branca d\u2019Administraci\u00f3 i Comercial.<\/p>\n<p>L\u2019Extensi\u00f3 de Batxillerat Dalmau Carles es va crear al costat mateix de les instal\u00b7lacions del CEIP Dalmau Carles en aules prefabricades, com una avantguarda del que seria el futur institut. S\u2019hi feien BUP i COU i tot l\u2019institut eren aules prefabricades a l\u2019entorn d\u2019un passad\u00eds central.<\/p>\n<p>El 1997, van iniciar-se les classes al nou Institut Santa Eug\u00e8nia. Els comen\u00e7aments no van ser senzills degut a la complexitat organitzativa i a la coexist\u00e8ncia de diversos plans d\u2019estudis en un mateix centre, BUP (2n i 3r) i COU, amb la FP (2n, 3r, 4t i 5\u00e8), conjuntament amb els nous estudis d\u2019ESO (1r, 2n i 3r).<\/p>\n<p>No va ser fins al comen\u00e7ament del curs 2001-2002 amb l\u2019extinci\u00f3 de forma definitiva de la FP antiga, que el centre va comen\u00e7ar a tenir l\u2019estructura actual.<\/p>\n<p>L\u2019any 2005 vam inaugurar una ampliaci\u00f3 de la zona dels tallers que ha perm\u00e8s tenir unes instal\u00b7lacions modernes per poder adequar la nostra oferta formativa de cicles formatius a les necessitats de les empreses del nostre entorn.<\/p>\n<h5><strong>Els espais<\/strong><\/h5>\n<p style=\"font-weight: 400;\">L\u2019Institut ocupa una superf\u00edcie de 20.000 m<sup>2\u00a0<\/sup>entre els carrers Enric Marqu\u00e8s, al Nord; Montnegre, a l\u2019Oest i Maria Castanyer, al Sud. El l\u00edmit Est el marca el camp de futbol de Can Gibert i de Santa Eug\u00e8nia. Hi ha 10.000 metres de patis, 2.000 d\u2019aparcaments i 8.000 de constru\u00efts (1a fase -1997-, 6.000; 2a fase -2006-, 2.000). Va costar origin\u00e0riament 600 milions de les antigues pessetes (3.600.000 euros). Les obres van comen\u00e7ar a principis de setembre de 1995 i els arquitectes responsables foren Josep Riera Mical\u00f3, Jaume Grabuleda i Jordi Crous.<\/p>\n<p style=\"font-weight: 400;\">L\u2019edifici resultant \u00e9s d\u2019una singular bellesa i va ser obra finalista dels Premis d\u2019Arquitectura de les Comarques Gironines 1997.<\/p>\n<p style=\"font-weight: 400;\">El cos principal del complex \u00e9s l\u2019aulari (fins a 70 aules-classe), distribu\u00efdes en planta baixa i tres pisos. S\u2019accedeix a la factoria a trav\u00e9s d\u2019un pati porticat, que \u00e9s l\u2019intercomunicador general. Els tallers, el gimn\u00e0s, la cantina, la biblioteca i l\u2019aulari donen al pati. Hi ha un jard\u00ed cuidat i arbrat que trenca l\u2019harmonia dura del ciment en una llenca quadrada d\u2019aquest pati emporlanat.<\/p>\n<p style=\"font-weight: 400;\">Una porta, que \u00e9s un pont d\u2019entrada i sortida d\u2019aules a l\u2019al\u00e7ada del primer pis, condueix al pati de sorra i arbres i a les pistes poliesportives.<\/p>\n<p style=\"font-weight: 400;\">L\u2019ampliaci\u00f3 de la zona de tallers es va inaugurar el curs 2006-07. Aquesta va permetre doblar l\u2019espai destinat als cicles formatius i tenir uns tallers molt adequats per a poder impartir doc\u00e8ncia.<\/p>\n<p style=\"font-weight: 400;\">En l\u2019actualitat, el centre disposa de:<\/p>\n<ul>\n<li style=\"font-weight: 400;\">23 aules comuns<\/li>\n<li style=\"font-weight: 400;\">2 Aules d\u2019idiomes<\/li>\n<li style=\"font-weight: 400;\">4 Aules d\u2019inform\u00e0tica<\/li>\n<li style=\"font-weight: 400;\">2 Aules de tecnologia<\/li>\n<li style=\"font-weight: 400;\">2 Aules de m\u00fasica<\/li>\n<li style=\"font-weight: 400;\">3 Laboratoris<\/li>\n<li style=\"font-weight: 400;\">2 Aules de visual i pl\u00e0stica<\/li>\n<li style=\"font-weight: 400;\">2 Aules obertes<\/li>\n<li style=\"font-weight: 400;\">1 Aula d\u2019acollida<\/li>\n<li style=\"font-weight: 400;\">1 Gimn\u00e0s polivalent<\/li>\n<li style=\"font-weight: 400;\">2 pistes poliesportives<\/li>\n<li style=\"font-weight: 400;\">1 Taller de mecanitzaci\u00f3<\/li>\n<li style=\"font-weight: 400;\">1 Taller de soldadura<\/li>\n<li style=\"font-weight: 400;\">2 Tallers d\u2019electrot\u00e8cnia<\/li>\n<li style=\"font-weight: 400;\">3 Tallers de comer\u00e7<\/li>\n<li style=\"font-weight: 400;\">1 Taller de fred i calor<\/li>\n<li style=\"font-weight: 400;\">1 Taller d&#8217;impressi\u00f3 gr\u00e0fica<\/li>\n<li>1 Taller de preimpressi\u00f3 digital<\/li>\n<li>1 Taller d&#8217;impressi\u00f3 digital<\/li>\n<li style=\"font-weight: 400;\">1 Biblioteca<\/li>\n<li style=\"font-weight: 400;\">1 Bar- Cantina<\/li>\n<\/ul>\n","protected":false},"excerpt":{"rendered":"<p>L&#8217;Institut Santa Eug\u00e8nia de Girona \u00e9s un centre p\u00fablic que ofereix Educaci\u00f3 Secund\u00e0ria Obligat\u00f2ria (ESO), les modalitats de Ci\u00e8ncies i Tecnologia, i d&#8217;Humanitats i Ci\u00e8ncies Socials, de Batxillerat i cicles formatius de grau mitj\u00e0 i de grau superior. Les instal\u00b7lacions estan situades en el n\u00famero&hellip;  <a href=\"https:\/\/agora.xtec.cat\/iessantaeugenia\/linstitut\/historia-i-espais-de-ledifici\/\" title=\"Read Hist\u00f2ria i espais de l&#8217;edifici\">Llegeix m\u00e9s\u00bb<\/a><\/p>\n","protected":false},"author":1,"featured_media":0,"parent":19,"menu_order":1,"comment_status":"closed","ping_status":"closed","template":"page-templates\/side-menu.php","meta":{"_bbp_topic_count":0,"_bbp_reply_count":0,"_bbp_total_topic_count":0,"_bbp_total_reply_count":0,"_bbp_voice_count":0,"_bbp_anonymous_reply_count":0,"_bbp_topic_count_hidden":0,"_bbp_reply_count_hidden":0,"_bbp_forum_subforum_count":0,"footnotes":""},"class_list":["post-661","page","type-page","status-publish","hentry"],"post_mailing_queue_ids":[],"_links":{"self":[{"href":"https:\/\/agora.xtec.cat\/iessantaeugenia\/wp-json\/wp\/v2\/pages\/661","targetHints":{"allow":["GET"]}}],"collection":[{"href":"https:\/\/agora.xtec.cat\/iessantaeugenia\/wp-json\/wp\/v2\/pages"}],"about":[{"href":"https:\/\/agora.xtec.cat\/iessantaeugenia\/wp-json\/wp\/v2\/types\/page"}],"author":[{"embeddable":true,"href":"https:\/\/agora.xtec.cat\/iessantaeugenia\/wp-json\/wp\/v2\/users\/1"}],"replies":[{"embeddable":true,"href":"https:\/\/agora.xtec.cat\/iessantaeugenia\/wp-json\/wp\/v2\/comments?post=661"}],"version-history":[{"count":5,"href":"https:\/\/agora.xtec.cat\/iessantaeugenia\/wp-json\/wp\/v2\/pages\/661\/revisions"}],"predecessor-version":[{"id":12121,"href":"https:\/\/agora.xtec.cat\/iessantaeugenia\/wp-json\/wp\/v2\/pages\/661\/revisions\/12121"}],"up":[{"embeddable":true,"href":"https:\/\/agora.xtec.cat\/iessantaeugenia\/wp-json\/wp\/v2\/pages\/19"}],"wp:attachment":[{"href":"https:\/\/agora.xtec.cat\/iessantaeugenia\/wp-json\/wp\/v2\/media?parent=661"}],"curies":[{"name":"wp","href":"https:\/\/api.w.org\/{rel}","templated":true}]}}

Història i espais de l&#8217;edifici

<p align="justify">L&#8217;<strong>Institut Santa Eugènia</strong> de Girona és un centre públic que ofereix Educació Secundària Obligatòria (ESO), les modalitats de Ciències i Tecnologia, i d&#8217;Humanitats i Ciències Socials, de Batxillerat i cicles formatius de grau mitjà i de grau superior. Les instal·lacions estan situades en el número 3 del carrer Enric Marquès i Ribalta, al barri de Can Gibert.</p>
<h5 align="justify"><strong>La nostra història</strong></h5>
<p>L’any 1997, es crea l’Institut de Santa Eugènia amb la fusió de l’Extensió de Batxillerat Dalmau Carles (1991-1997) i de la Escola de Formació Professional de Sant Narcís (1952-1997).</p>
<p>L’Escola de FP de Sant Narcís va néixer el febrer de 1952 en un edifici del Barri de Sant Narcís amb el nom de Taller-Escuela Sindical San Narciso. Fou el centre de FP pioner a les comarques gironines. Es va assortir del material i dels alumnes de l’escola d’aprenents de Sant Josep, al carrer Escola Pia. El centre es va consolidar entre 1960 i 1970 amb diverses especialitats: metall, electricitat, hostaleria i delineació. Entre 1970-1980, l’Institut visqué la transició i el traspàs a l’AISS i al Ministeri de Treball. Entre 1980 i 1990, el centre va passar al Ministerio de Educación y Ciencia, i finalment a la Generalitat de Catalunya. L’any 1985, l’escola d’Hostaleria s’independitzà (físicament el 1992, a una finca davant dels Maristes, on es troba actualment), i s’instaurà la branca d’Administració i Comercial.</p>
<p>L’Extensió de Batxillerat Dalmau Carles es va crear al costat mateix de les instal·lacions del CEIP Dalmau Carles en aules prefabricades, com una avantguarda del que seria el futur institut. S’hi feien BUP i COU i tot l’institut eren aules prefabricades a l’entorn d’un passadís central.</p>
<p>El 1997, van iniciar-se les classes al nou Institut Santa Eugènia. Els començaments no van ser senzills degut a la complexitat organitzativa i a la coexistència de diversos plans d’estudis en un mateix centre, BUP (2n i 3r) i COU, amb la FP (2n, 3r, 4t i 5è), conjuntament amb els nous estudis d’ESO (1r, 2n i 3r).</p>
<p>No va ser fins al començament del curs 2001-2002 amb l’extinció de forma definitiva de la FP antiga, que el centre va començar a tenir l’estructura actual.</p>
<p>L’any 2005 vam inaugurar una ampliació de la zona dels tallers que ha permès tenir unes instal·lacions modernes per poder adequar la nostra oferta formativa de cicles formatius a les necessitats de les empreses del nostre entorn.</p>
<h5><strong>Els espais</strong></h5>
<p style="font-weight: 400;">L’Institut ocupa una superfície de 20.000 m<sup>2 </sup>entre els carrers Enric Marquès, al Nord; Montnegre, a l’Oest i Maria Castanyer, al Sud. El límit Est el marca el camp de futbol de Can Gibert i de Santa Eugènia. Hi ha 10.000 metres de patis, 2.000 d’aparcaments i 8.000 de construïts (1a fase -1997-, 6.000; 2a fase -2006-, 2.000). Va costar originàriament 600 milions de les antigues pessetes (3.600.000 euros). Les obres van començar a principis de setembre de 1995 i els arquitectes responsables foren Josep Riera Micaló, Jaume Grabuleda i Jordi Crous.</p>
<p style="font-weight: 400;">L’edifici resultant és d’una singular bellesa i va ser obra finalista dels Premis d’Arquitectura de les Comarques Gironines 1997.</p>
<p style="font-weight: 400;">El cos principal del complex és l’aulari (fins a 70 aules-classe), distribuïdes en planta baixa i tres pisos. S’accedeix a la factoria a través d’un pati porticat, que és l’intercomunicador general. Els tallers, el gimnàs, la cantina, la biblioteca i l’aulari donen al pati. Hi ha un jardí cuidat i arbrat que trenca l’harmonia dura del ciment en una llenca quadrada d’aquest pati emporlanat.</p>
<p style="font-weight: 400;">Una porta, que és un pont d’entrada i sortida d’aules a l’alçada del primer pis, condueix al pati de sorra i arbres i a les pistes poliesportives.</p>
<p style="font-weight: 400;">L’ampliació de la zona de tallers es va inaugurar el curs 2006-07. Aquesta va permetre doblar l’espai destinat als cicles formatius i tenir uns tallers molt adequats per a poder impartir docència.</p>
<p style="font-weight: 400;">En l’actualitat, el centre disposa de:</p>
<ul>
<li style="font-weight: 400;">23 aules comuns</li>
<li style="font-weight: 400;">2 Aules d’idiomes</li>
<li style="font-weight: 400;">4 Aules d’informàtica</li>
<li style="font-weight: 400;">2 Aules de tecnologia</li>
<li style="font-weight: 400;">2 Aules de música</li>
<li style="font-weight: 400;">3 Laboratoris</li>
<li style="font-weight: 400;">2 Aules de visual i plàstica</li>
<li style="font-weight: 400;">2 Aules obertes</li>
<li style="font-weight: 400;">1 Aula d’acollida</li>
<li style="font-weight: 400;">1 Gimnàs polivalent</li>
<li style="font-weight: 400;">2 pistes poliesportives</li>
<li style="font-weight: 400;">1 Taller de mecanització</li>
<li style="font-weight: 400;">1 Taller de soldadura</li>
<li style="font-weight: 400;">2 Tallers d’electrotècnia</li>
<li style="font-weight: 400;">3 Tallers de comerç</li>
<li style="font-weight: 400;">1 Taller de fred i calor</li>
<li style="font-weight: 400;">1 Taller d&#8217;impressió gràfica</li>
<li>1 Taller de preimpressió digital</li>
<li>1 Taller d&#8217;impressió digital</li>
<li style="font-weight: 400;">1 Biblioteca</li>
<li style="font-weight: 400;">1 Bar- Cantina</li>
</ul>

<p>L&#8217;Institut Santa Eugènia de Girona és un centre públic que ofereix Educació Secundària Obligatòria (ESO), les modalitats de Ciències i Tecnologia, i d&#8217;Humanitats i Ciències Socials, de Batxillerat i cicles formatius de grau mitjà i de grau superior. Les instal·lacions estan situades en el número&hellip;  <a href="https://agora.xtec.cat/iessantaeugenia/linstitut/historia-i-espais-de-ledifici/" title="Read Història i espais de l&#8217;edifici">Llegeix més»</a></p>
