{"id":654,"date":"2020-06-10T13:04:44","date_gmt":"2020-06-10T11:04:44","guid":{"rendered":"http:\/\/agora.xtec.cat\/iessantaeugenia\/?page_id=654"},"modified":"2022-03-09T11:36:06","modified_gmt":"2022-03-09T10:36:06","slug":"certificats-i-nivell-c","status":"publish","type":"page","link":"https:\/\/agora.xtec.cat\/iessantaeugenia\/secretaria\/certificats-i-nivell-c\/","title":{"rendered":"Certificats de catal\u00e0"},"content":{"rendered":"<header class=\"entry-header\">\n<h1 class=\"entry-title\"><span style=\"color: #0000ff;\">Reconeixement de nivells de catal\u00e0 B1 i C2<\/span><\/h1>\n<\/header>\n<div class=\"entry-content\">\n<p>Els centres p\u00fablics d\u2019Educaci\u00f3 Secund\u00e0ria de Catalunya poden expedir certificats d\u2019equival\u00e8ncia del nivell de Catal\u00e0 a l\u2019alumnat que ho sol\u00b7liciti i acompleixi les condicions establertes per la normativa.<\/p>\n<p>Ho poden demanar:<\/p>\n<p>Les persones nascudes a partir de l\u2019any 1972 que volen obtenir aquest reconeixement i l\u2019itinerari educatiu de les quals s\u2019hagi portat a terme \u00edntegrament a Catalunya o, parcialment, a d\u2019altres territoris on el catal\u00e0 hi fos llengua curricular i avaluable, de manera\u00a0<strong>que\u00a0s\u2019hagi acabat obtenint la titulaci\u00f3 al sistema educatiu de Catalunya<\/strong>.<\/p>\n<p>Aix\u00ed doncs, la primera promoci\u00f3 escolar que t\u00e9 dret a demanar aquest reconeixement \u00e9s la que va comen\u00e7ar el primer any de l\u2019educaci\u00f3 general b\u00e0sica (EGB) el curs 1978-1979, a partir del qual l\u2019ensenyament del catal\u00e0 va ser oficial al sistema educatiu de Catalunya.<\/p>\n<p>La persona interessada ha d\u2019emplenar la <span style=\"text-decoration: underline;\"><strong><a href=\"https:\/\/drive.google.com\/file\/d\/1P5SFp0auBC2VODtkN1PCXz1fCuCwqQFz\/view?usp=sharing\" target=\"_blank\" rel=\"noopener\">SOL\u00b7LICITUD DE RECONEIXEMENT D&#8217;EQUIVAL\u00c8NCIA <\/a><\/strong><\/span>i portar-la o enviar-la al correu de secretaria amb la seg\u00fcent documentaci\u00f3 escanejada per comprovar el compliment dels requisits. En el moment de recollir el certificat haur\u00e0 de portar els originals per tal de verificar l\u2019autenticitat dels documents enviats.<\/p>\n<p><a href=\"https:\/\/agora.xtec.cat\/iesmarti-i-pol\/wp-content\/uploads\/usu1292\/2020\/10\/S_Nivell-B2.png\"><img loading=\"lazy\" decoding=\"async\" class=\"alignnone size-full wp-image-17593\" src=\"https:\/\/agora.xtec.cat\/iesmarti-i-pol\/wp-content\/uploads\/usu1292\/2020\/10\/S_Nivell-B2.png\" sizes=\"auto, (max-width: 760px) 100vw, 760px\" srcset=\"https:\/\/agora.xtec.cat\/iesmarti-i-pol\/wp-content\/uploads\/usu1292\/2020\/10\/S_Nivell-B2.png 760w, https:\/\/agora.xtec.cat\/iesmarti-i-pol\/wp-content\/uploads\/usu1292\/2020\/10\/S_Nivell-B2-300x131.png 300w\" alt=\"\" width=\"760\" height=\"332\" \/><\/a><\/p>\n<p><a href=\"https:\/\/agora.xtec.cat\/iesmarti-i-pol\/wp-content\/uploads\/usu1292\/2020\/10\/S_Nivell-C1.png\"><img loading=\"lazy\" decoding=\"async\" class=\"alignnone size-full wp-image-17594\" src=\"https:\/\/agora.xtec.cat\/iesmarti-i-pol\/wp-content\/uploads\/usu1292\/2020\/10\/S_Nivell-C1.png\" sizes=\"auto, (max-width: 760px) 100vw, 760px\" srcset=\"https:\/\/agora.xtec.cat\/iesmarti-i-pol\/wp-content\/uploads\/usu1292\/2020\/10\/S_Nivell-C1.png 760w, https:\/\/agora.xtec.cat\/iesmarti-i-pol\/wp-content\/uploads\/usu1292\/2020\/10\/S_Nivell-C1-300x259.png 300w\" alt=\"\" width=\"760\" height=\"656\" \/><\/a><\/p>\n<ul>\n<li>Si no es disposa del Llibre d\u2019escolaritat tamb\u00e9 es pot presentar un certificat acreditatiu d\u2019haver estat escolaritzat a Catalunya sense haver tingut exempci\u00f3 de catal\u00e0.<\/li>\n<\/ul>\n<\/div>\n<p>Podeu trobar tota la informaci\u00f3 sobre aquest tema a la p\u00e0gina web del <a href=\"http:\/\/www20.gencat.cat\/portal\/site\/Llengcat\/menuitem.b318de7236aed0e7a129d410b0c0e1a0\/?vgnextoid=8d9bf9465ff61110VgnVCM1000000b0c1e0aRCRD&amp;vgnextchannel=8d9bf9465ff61110VgnVCM1000000b0c1e0aRCRD&amp;vgnextfmt=default\" target=\"_blank\" rel=\"noopener\"><strong>Departament d\u2019Educaci\u00f3 de la Generalitat de Catalunya<\/strong><\/a><\/p>\n<h5><\/h5>\n<p>&nbsp;<\/p>\n","protected":false},"excerpt":{"rendered":"<p>Reconeixement de nivells de catal\u00e0 B1 i C2<\/p>\n<p>Els centres p\u00fablics d\u2019Educaci\u00f3 Secund\u00e0ria de Catalunya poden expedir certificats d\u2019equival\u00e8ncia del nivell de Catal\u00e0 a l\u2019alumnat que ho sol\u00b7liciti i acompleixi les condicions establertes per la normativa.<br \/>\nHo poden demanar:<br \/>\nLes persones nascudes a partir de l\u2019any 1972 que&hellip;  <a href=\"https:\/\/agora.xtec.cat\/iessantaeugenia\/secretaria\/certificats-i-nivell-c\/\" title=\"Read Certificats de catal\u00e0\">Llegeix m\u00e9s\u00bb<\/a><\/p>\n","protected":false},"author":1,"featured_media":0,"parent":81,"menu_order":0,"comment_status":"closed","ping_status":"closed","template":"page-templates\/side-menu.php","meta":{"_bbp_topic_count":0,"_bbp_reply_count":0,"_bbp_total_topic_count":0,"_bbp_total_reply_count":0,"_bbp_voice_count":0,"_bbp_anonymous_reply_count":0,"_bbp_topic_count_hidden":0,"_bbp_reply_count_hidden":0,"_bbp_forum_subforum_count":0,"footnotes":""},"class_list":["post-654","page","type-page","status-publish","hentry"],"post_mailing_queue_ids":[],"_links":{"self":[{"href":"https:\/\/agora.xtec.cat\/iessantaeugenia\/wp-json\/wp\/v2\/pages\/654","targetHints":{"allow":["GET"]}}],"collection":[{"href":"https:\/\/agora.xtec.cat\/iessantaeugenia\/wp-json\/wp\/v2\/pages"}],"about":[{"href":"https:\/\/agora.xtec.cat\/iessantaeugenia\/wp-json\/wp\/v2\/types\/page"}],"author":[{"embeddable":true,"href":"https:\/\/agora.xtec.cat\/iessantaeugenia\/wp-json\/wp\/v2\/users\/1"}],"replies":[{"embeddable":true,"href":"https:\/\/agora.xtec.cat\/iessantaeugenia\/wp-json\/wp\/v2\/comments?post=654"}],"version-history":[{"count":4,"href":"https:\/\/agora.xtec.cat\/iessantaeugenia\/wp-json\/wp\/v2\/pages\/654\/revisions"}],"predecessor-version":[{"id":3314,"href":"https:\/\/agora.xtec.cat\/iessantaeugenia\/wp-json\/wp\/v2\/pages\/654\/revisions\/3314"}],"up":[{"embeddable":true,"href":"https:\/\/agora.xtec.cat\/iessantaeugenia\/wp-json\/wp\/v2\/pages\/81"}],"wp:attachment":[{"href":"https:\/\/agora.xtec.cat\/iessantaeugenia\/wp-json\/wp\/v2\/media?parent=654"}],"curies":[{"name":"wp","href":"https:\/\/api.w.org\/{rel}","templated":true}]}}

Certificats de català

<header class="entry-header">
<h1 class="entry-title"><span style="color: #0000ff;">Reconeixement de nivells de català B1 i C2</span></h1>
</header>
<div class="entry-content">
<p>Els centres públics d’Educació Secundària de Catalunya poden expedir certificats d’equivalència del nivell de Català a l’alumnat que ho sol·liciti i acompleixi les condicions establertes per la normativa.</p>
<p>Ho poden demanar:</p>
<p>Les persones nascudes a partir de l’any 1972 que volen obtenir aquest reconeixement i l’itinerari educatiu de les quals s’hagi portat a terme íntegrament a Catalunya o, parcialment, a d’altres territoris on el català hi fos llengua curricular i avaluable, de manera <strong>que s’hagi acabat obtenint la titulació al sistema educatiu de Catalunya</strong>.</p>
<p>Així doncs, la primera promoció escolar que té dret a demanar aquest reconeixement és la que va començar el primer any de l’educació general bàsica (EGB) el curs 1978-1979, a partir del qual l’ensenyament del català va ser oficial al sistema educatiu de Catalunya.</p>
<p>La persona interessada ha d’emplenar la <span style="text-decoration: underline;"><strong><a href="https://drive.google.com/file/d/1P5SFp0auBC2VODtkN1PCXz1fCuCwqQFz/view?usp=sharing" target="_blank" rel="noopener">SOL·LICITUD DE RECONEIXEMENT D&#8217;EQUIVALÈNCIA </a></strong></span>i portar-la o enviar-la al correu de secretaria amb la següent documentació escanejada per comprovar el compliment dels requisits. En el moment de recollir el certificat haurà de portar els originals per tal de verificar l’autenticitat dels documents enviats.</p>
<p><a href="https://agora.xtec.cat/iesmarti-i-pol/wp-content/uploads/usu1292/2020/10/S_Nivell-B2.png"><img loading="lazy" decoding="async" class="alignnone size-full wp-image-17593" src="https://agora.xtec.cat/iesmarti-i-pol/wp-content/uploads/usu1292/2020/10/S_Nivell-B2.png" sizes="auto, (max-width: 760px) 100vw, 760px" srcset="https://agora.xtec.cat/iesmarti-i-pol/wp-content/uploads/usu1292/2020/10/S_Nivell-B2.png 760w, https://agora.xtec.cat/iesmarti-i-pol/wp-content/uploads/usu1292/2020/10/S_Nivell-B2-300x131.png 300w" alt="" width="760" height="332" /></a></p>
<p><a href="https://agora.xtec.cat/iesmarti-i-pol/wp-content/uploads/usu1292/2020/10/S_Nivell-C1.png"><img loading="lazy" decoding="async" class="alignnone size-full wp-image-17594" src="https://agora.xtec.cat/iesmarti-i-pol/wp-content/uploads/usu1292/2020/10/S_Nivell-C1.png" sizes="auto, (max-width: 760px) 100vw, 760px" srcset="https://agora.xtec.cat/iesmarti-i-pol/wp-content/uploads/usu1292/2020/10/S_Nivell-C1.png 760w, https://agora.xtec.cat/iesmarti-i-pol/wp-content/uploads/usu1292/2020/10/S_Nivell-C1-300x259.png 300w" alt="" width="760" height="656" /></a></p>
<ul>
<li>Si no es disposa del Llibre d’escolaritat també es pot presentar un certificat acreditatiu d’haver estat escolaritzat a Catalunya sense haver tingut exempció de català.</li>
</ul>
</div>
<p>Podeu trobar tota la informació sobre aquest tema a la pàgina web del <a href="http://www20.gencat.cat/portal/site/Llengcat/menuitem.b318de7236aed0e7a129d410b0c0e1a0/?vgnextoid=8d9bf9465ff61110VgnVCM1000000b0c1e0aRCRD&amp;vgnextchannel=8d9bf9465ff61110VgnVCM1000000b0c1e0aRCRD&amp;vgnextfmt=default" target="_blank" rel="noopener"><strong>Departament d’Educació de la Generalitat de Catalunya</strong></a></p>
<h5></h5>
<p>&nbsp;</p>

<p>Reconeixement de nivells de català B1 i C2</p>
<p>Els centres públics d’Educació Secundària de Catalunya poden expedir certificats d’equivalència del nivell de Català a l’alumnat que ho sol·liciti i acompleixi les condicions establertes per la normativa.<br />
Ho poden demanar:<br />
Les persones nascudes a partir de l’any 1972 que&hellip;  <a href="https://agora.xtec.cat/iessantaeugenia/secretaria/certificats-i-nivell-c/" title="Read Certificats de català">Llegeix més»</a></p>
