{"id":652,"date":"2020-06-10T12:56:50","date_gmt":"2020-06-10T10:56:50","guid":{"rendered":"http:\/\/agora.xtec.cat\/iessantaeugenia\/?page_id=652"},"modified":"2025-06-06T10:53:00","modified_gmt":"2025-06-06T08:53:00","slug":"matricula","status":"publish","type":"page","link":"https:\/\/agora.xtec.cat\/iessantaeugenia\/secretaria\/preinscripcions\/matricula\/","title":{"rendered":"Matr\u00edcula interna"},"content":{"rendered":"<h2><span style=\"color: #0000ff;\"><strong>CURS 25-26<\/strong><\/span><\/h2>\n<p>La\u00a0<strong>Secretaria\u00a0<\/strong>de l\u2019Institut Santa Eug\u00e8nia gestiona la confirmaci\u00f3 de la pla\u00e7a, la matr\u00edcula interna i l&#8217;actualitzaci\u00f3 de dades per a cursar estudis en el centre.<\/p>\n<h5 style=\"font-weight: 400;\"><strong>CONFIRMACI\u00d3 DE PLA\u00c7A-MATR\u00cdCULA INTERNA-ACTUALITZACI\u00d3 DE DADES<\/strong><\/h5>\n<h2><\/h2>\n<h2><a href=\"https:\/\/agora.xtec.cat\/iessantaeugenia\/secretaria\/preinscripcions\/matricula\/matricula-interna-eso\/\"><span style=\"text-decoration: underline;\"><strong>ESO<\/strong><\/span><\/a><\/h2>\n<h2><strong>\u00a0 \u00a0 \u00a0 <\/strong><a href=\"https:\/\/agora.xtec.cat\/iessantaeugenia\/secretaria\/preinscripcions\/matricula\/matricula-interna-batxillerat\/\"><span style=\"text-decoration: underline;\"><strong>BATXILLERAT<\/strong><\/span><\/a><\/h2>\n<h2><strong>\u00a0 \u00a0 \u00a0 \u00a0 \u00a0 \u00a0 \u00a0 \u00a0 \u00a0 \u00a0 \u00a0 \u00a0<\/strong><a href=\"https:\/\/agora.xtec.cat\/iessantaeugenia\/secretaria\/preinscripcions\/matricula\/matricula-interna-cicles\/\"><span style=\"text-decoration: underline;\"><strong>CICLES FORMATIUS GRAU MITJ\u00c0<\/strong><\/span><\/a><strong>\u00a0 \u00a0 \u00a0 \u00a0 \u00a0 \u00a0 \u00a0 \/\u00a0 \u00a0 \u00a0 \u00a0 \u00a0 \u00a0 \u00a0 \u00a0<\/strong><a href=\"https:\/\/agora.xtec.cat\/iessantaeugenia\/secretaria\/preinscripcions\/matricula\/matricula-interna-repetidors-de-2n\/\"><span style=\"color: #ff0000;\"><span style=\"text-decoration: underline;\">REPETIDORS DE 2n CFGM<\/span><\/span><\/a><\/h2>\n<h2><strong>\u00a0 \u00a0 \u00a0 \u00a0 \u00a0 \u00a0 \u00a0 \u00a0 \u00a0 \u00a0 \u00a0 \u00a0 \u00a0 \u00a0 \u00a0 \u00a0 \u00a0 \u00a0 \u00a0 \u00a0 \u00a0 \u00a0 <\/strong><a href=\"https:\/\/agora.xtec.cat\/iessantaeugenia\/secretaria\/preinscripcions\/matricula\/matricula-interna-cicles-formatius-gs\/\"><span style=\"text-decoration: underline;\"><strong>CICLES FORMATIUS GRAU SUPERIOR<\/strong><\/span><\/a><strong>\u00a0 \u00a0 \u00a0 \u00a0 \u00a0 \u00a0 \u00a0\/\u00a0 \u00a0 \u00a0 \u00a0 \u00a0 \u00a0 \u00a0 \u00a0 \u00a0<a href=\"https:\/\/agora.xtec.cat\/iessantaeugenia\/secretaria\/preinscripcions\/matricula\/matricula-interna-repetidors-de-2n-2\/\"><span style=\"text-decoration: underline; color: #ff0000;\">REPETIDORS DE 2n CFGS<\/span><\/a><\/strong><\/h2>\n","protected":false},"excerpt":{"rendered":"<p>CURS 25-26<br \/>\nLa\u00a0Secretaria\u00a0de l\u2019Institut Santa Eug\u00e8nia gestiona la confirmaci\u00f3 de la pla\u00e7a, la matr\u00edcula interna i l&#8217;actualitzaci\u00f3 de dades per a cursar estudis en el centre.<br \/>\nCONFIRMACI\u00d3 DE PLA\u00c7A-MATR\u00cdCULA INTERNA-ACTUALITZACI\u00d3 DE DADES<\/p>\n<p><a href=\"https:\/\/agora.xtec.cat\/iessantaeugenia\/secretaria\/preinscripcions\/matricula\/matricula-interna-eso\/\">ESO<\/a><br \/>\n\u00a0 \u00a0 \u00a0 <a href=\"https:\/\/agora.xtec.cat\/iessantaeugenia\/secretaria\/preinscripcions\/matricula\/matricula-interna-batxillerat\/\">BATXILLERAT<\/a><br \/>\n\u00a0 \u00a0 \u00a0 \u00a0 \u00a0 \u00a0 \u00a0 \u00a0 \u00a0 \u00a0 \u00a0&hellip;  <a href=\"https:\/\/agora.xtec.cat\/iessantaeugenia\/secretaria\/preinscripcions\/matricula\/\" title=\"Read Matr\u00edcula interna\">Llegeix m\u00e9s\u00bb<\/a><\/p>\n","protected":false},"author":1,"featured_media":0,"parent":650,"menu_order":10,"comment_status":"closed","ping_status":"closed","template":"page-templates\/side-menu.php","meta":{"_bbp_topic_count":0,"_bbp_reply_count":0,"_bbp_total_topic_count":0,"_bbp_total_reply_count":0,"_bbp_voice_count":0,"_bbp_anonymous_reply_count":0,"_bbp_topic_count_hidden":0,"_bbp_reply_count_hidden":0,"_bbp_forum_subforum_count":0,"footnotes":""},"class_list":["post-652","page","type-page","status-publish","hentry"],"post_mailing_queue_ids":[],"_links":{"self":[{"href":"https:\/\/agora.xtec.cat\/iessantaeugenia\/wp-json\/wp\/v2\/pages\/652","targetHints":{"allow":["GET"]}}],"collection":[{"href":"https:\/\/agora.xtec.cat\/iessantaeugenia\/wp-json\/wp\/v2\/pages"}],"about":[{"href":"https:\/\/agora.xtec.cat\/iessantaeugenia\/wp-json\/wp\/v2\/types\/page"}],"author":[{"embeddable":true,"href":"https:\/\/agora.xtec.cat\/iessantaeugenia\/wp-json\/wp\/v2\/users\/1"}],"replies":[{"embeddable":true,"href":"https:\/\/agora.xtec.cat\/iessantaeugenia\/wp-json\/wp\/v2\/comments?post=652"}],"version-history":[{"count":7,"href":"https:\/\/agora.xtec.cat\/iessantaeugenia\/wp-json\/wp\/v2\/pages\/652\/revisions"}],"predecessor-version":[{"id":12697,"href":"https:\/\/agora.xtec.cat\/iessantaeugenia\/wp-json\/wp\/v2\/pages\/652\/revisions\/12697"}],"up":[{"embeddable":true,"href":"https:\/\/agora.xtec.cat\/iessantaeugenia\/wp-json\/wp\/v2\/pages\/650"}],"wp:attachment":[{"href":"https:\/\/agora.xtec.cat\/iessantaeugenia\/wp-json\/wp\/v2\/media?parent=652"}],"curies":[{"name":"wp","href":"https:\/\/api.w.org\/{rel}","templated":true}]}}

Matrícula interna

<h2><span style="color: #0000ff;"><strong>CURS 25-26</strong></span></h2>
<p>La <strong>Secretaria </strong>de l’Institut Santa Eugènia gestiona la confirmació de la plaça, la matrícula interna i l&#8217;actualització de dades per a cursar estudis en el centre.</p>
<h5 style="font-weight: 400;"><strong>CONFIRMACIÓ DE PLAÇA-MATRÍCULA INTERNA-ACTUALITZACIÓ DE DADES</strong></h5>
<h2></h2>
<h2><a href="https://agora.xtec.cat/iessantaeugenia/secretaria/preinscripcions/matricula/matricula-interna-eso/"><span style="text-decoration: underline;"><strong>ESO</strong></span></a></h2>
<h2><strong>      </strong><a href="https://agora.xtec.cat/iessantaeugenia/secretaria/preinscripcions/matricula/matricula-interna-batxillerat/"><span style="text-decoration: underline;"><strong>BATXILLERAT</strong></span></a></h2>
<h2><strong>                       </strong><a href="https://agora.xtec.cat/iessantaeugenia/secretaria/preinscripcions/matricula/matricula-interna-cicles/"><span style="text-decoration: underline;"><strong>CICLES FORMATIUS GRAU MITJÀ</strong></span></a><strong>              /               </strong><a href="https://agora.xtec.cat/iessantaeugenia/secretaria/preinscripcions/matricula/matricula-interna-repetidors-de-2n/"><span style="color: #ff0000;"><span style="text-decoration: underline;">REPETIDORS DE 2n CFGM</span></span></a></h2>
<h2><strong>                                            </strong><a href="https://agora.xtec.cat/iessantaeugenia/secretaria/preinscripcions/matricula/matricula-interna-cicles-formatius-gs/"><span style="text-decoration: underline;"><strong>CICLES FORMATIUS GRAU SUPERIOR</strong></span></a><strong>             /                 <a href="https://agora.xtec.cat/iessantaeugenia/secretaria/preinscripcions/matricula/matricula-interna-repetidors-de-2n-2/"><span style="text-decoration: underline; color: #ff0000;">REPETIDORS DE 2n CFGS</span></a></strong></h2>

<p>CURS 25-26<br />
La Secretaria de l’Institut Santa Eugènia gestiona la confirmació de la plaça, la matrícula interna i l&#8217;actualització de dades per a cursar estudis en el centre.<br />
CONFIRMACIÓ DE PLAÇA-MATRÍCULA INTERNA-ACTUALITZACIÓ DE DADES</p>
<p><a href="https://agora.xtec.cat/iessantaeugenia/secretaria/preinscripcions/matricula/matricula-interna-eso/">ESO</a><br />
      <a href="https://agora.xtec.cat/iessantaeugenia/secretaria/preinscripcions/matricula/matricula-interna-batxillerat/">BATXILLERAT</a><br />
                     &hellip;  <a href="https://agora.xtec.cat/iessantaeugenia/secretaria/preinscripcions/matricula/" title="Read Matrícula interna">Llegeix més»</a></p>
