{"id":650,"date":"2020-06-10T12:56:32","date_gmt":"2020-06-10T10:56:32","guid":{"rendered":"http:\/\/agora.xtec.cat\/iessantaeugenia\/?page_id=650"},"modified":"2025-04-02T08:40:47","modified_gmt":"2025-04-02T06:40:47","slug":"preinscripcions","status":"publish","type":"page","link":"https:\/\/agora.xtec.cat\/iessantaeugenia\/secretaria\/preinscripcions\/","title":{"rendered":"Preinscripci\u00f3 i matr\u00edcula"},"content":{"rendered":"<ul class=\"estudis\">\n<li><a class=\"estudi01\" href=\"http:\/\/agora.xtec.cat\/iessantaeugenia\/secretaria\/preinscripcions\/preinscripcio-e-s-o\/\">Preinscripci\u00f3 i matr\u00edcula<br \/>\nESO<\/a><\/li>\n<li><a class=\"estudi02\" href=\"http:\/\/agora.xtec.cat\/iessantaeugenia\/secretaria\/preinscripcions\/preinscripcio-batxillerat\/\">Preinscripci\u00f3 i matr\u00edcula<br \/>\nBatxillerat<\/a><\/li>\n<li><a class=\"estudi03\" href=\"https:\/\/agora.xtec.cat\/iessantaeugenia\/secretaria\/preinscripcions\/preinscripcio-cicles-formatius\/\">Preinscripci\u00f3 i matr\u00edcula Cicles Formatius Grau Mitja<\/a><\/li>\n<li><a class=\"estudi03\" href=\"https:\/\/agora.xtec.cat\/iessantaeugenia\/secretaria\/preinscripcions\/preinscripcio-cicles-formatius-grau-superior-cfgs\/\">Preinscripci\u00f3 i matr\u00edcula Cicles Formatius Grau Superior<\/a><\/li>\n<li style=\"text-align: center;\"><a href=\"https:\/\/agora.xtec.cat\/iessantaeugenia\/secretaria\/preinscripcions\/preinscripcio-programes-de-formacio-i-insercio\/\">Preinscripci\u00f3 Programes de formaci\u00f3 i inserci\u00f3 (PFI)<\/a><\/li>\n<li><a href=\"https:\/\/agora.xtec.cat\/iessantaeugenia\/secretaria\/preinscripcions\/curs-especialitzacio-modelatge-del-la-informacio-de-la-construccio-bim\/\">Preinscripci\u00f3 i matr\u00edcula Curs Modelatge de la Informaci\u00f3 de la Construcci\u00f3 (BIM)<\/a><\/li>\n<\/ul>\n","protected":false},"excerpt":{"rendered":"<ul class=\"estudis\">\n<li><a class=\"estudi01\" href=\"http:\/\/agora.xtec.cat\/iessantaeugenia\/secretaria\/preinscripcions\/preinscripcio-e-s-o\/\">Preinscripci\u00f3 i matr\u00edcula<br \/>\nESO<\/a><\/li>\n<li><a class=\"estudi02\" href=\"http:\/\/agora.xtec.cat\/iessantaeugenia\/secretaria\/preinscripcions\/preinscripcio-batxillerat\/\">Preinscripci\u00f3 i matr\u00edcula<br \/>\nBatxillerat<\/a><\/li>\n<li><a class=\"estudi03\" href=\"https:\/\/agora.xtec.cat\/iessantaeugenia\/secretaria\/preinscripcions\/preinscripcio-cicles-formatius\/\">Preinscripci\u00f3 i matr\u00edcula Cicles Formatius Grau Mitja<\/a><\/li>\n<li><a class=\"estudi03\" href=\"https:\/\/agora.xtec.cat\/iessantaeugenia\/secretaria\/preinscripcions\/preinscripcio-cicles-formatius-grau-superior-cfgs\/\">Preinscripci\u00f3 i matr\u00edcula Cicles Formatius Grau Superior<\/a><\/li>\n<li style=\"text-align: center;\"><a href=\"https:\/\/agora.xtec.cat\/iessantaeugenia\/secretaria\/preinscripcions\/preinscripcio-programes-de-formacio-i-insercio\/\">Preinscripci\u00f3 Programes de formaci\u00f3 i inserci\u00f3 (PFI)<\/a><\/li>\n<li><a href=\"https:\/\/agora.xtec.cat\/iessantaeugenia\/secretaria\/preinscripcions\/curs-especialitzacio-modelatge-del-la-informacio-de-la-construccio-bim\/\">Preinscripci\u00f3 i matr\u00edcula Curs Modelatge de la Informaci\u00f3 de la&hellip;  <a href=\"https:\/\/agora.xtec.cat\/iessantaeugenia\/secretaria\/preinscripcions\/\" title=\"Read Preinscripci\u00f3 i matr\u00edcula\">Llegeix m\u00e9s\u00bb<\/a><br \/>\n","protected":false},"author":1,"featured_media":0,"parent":81,"menu_order":0,"comment_status":"closed","ping_status":"closed","template":"page-templates\/side-menu.php","meta":{"_bbp_topic_count":0,"_bbp_reply_count":0,"_bbp_total_topic_count":0,"_bbp_total_reply_count":0,"_bbp_voice_count":0,"_bbp_anonymous_reply_count":0,"_bbp_topic_count_hidden":0,"_bbp_reply_count_hidden":0,"_bbp_forum_subforum_count":0,"footnotes":""},"class_list":["post-650","page","type-page","status-publish","hentry"],"post_mailing_queue_ids":[],"_links":{"self":[{"href":"https:\/\/agora.xtec.cat\/iessantaeugenia\/wp-json\/wp\/v2\/pages\/650","targetHints":{"allow":["GET"]}}],"collection":[{"href":"https:\/\/agora.xtec.cat\/iessantaeugenia\/wp-json\/wp\/v2\/pages"}],"about":[{"href":"https:\/\/agora.xtec.cat\/iessantaeugenia\/wp-json\/wp\/v2\/types\/page"}],"author":[{"embeddable":true,"href":"https:\/\/agora.xtec.cat\/iessantaeugenia\/wp-json\/wp\/v2\/users\/1"}],"replies":[{"embeddable":true,"href":"https:\/\/agora.xtec.cat\/iessantaeugenia\/wp-json\/wp\/v2\/comments?post=650"}],"version-history":[{"count":4,"href":"https:\/\/agora.xtec.cat\/iessantaeugenia\/wp-json\/wp\/v2\/pages\/650\/revisions"}],"predecessor-version":[{"id":12381,"href":"https:\/\/agora.xtec.cat\/iessantaeugenia\/wp-json\/wp\/v2\/pages\/650\/revisions\/12381"}],"up":[{"embeddable":true,"href":"https:\/\/agora.xtec.cat\/iessantaeugenia\/wp-json\/wp\/v2\/pages\/81"}],"wp:attachment":[{"href":"https:\/\/agora.xtec.cat\/iessantaeugenia\/wp-json\/wp\/v2\/media?parent=650"}],"curies":[{"name":"wp","href":"https:\/\/api.w.org\/{rel}","templated":true}]}}

Preinscripció i matrícula

<ul class="estudis">
<li><a class="estudi01" href="http://agora.xtec.cat/iessantaeugenia/secretaria/preinscripcions/preinscripcio-e-s-o/">Preinscripció i matrícula<br />
ESO</a></li>
<li><a class="estudi02" href="http://agora.xtec.cat/iessantaeugenia/secretaria/preinscripcions/preinscripcio-batxillerat/">Preinscripció i matrícula<br />
Batxillerat</a></li>
<li><a class="estudi03" href="https://agora.xtec.cat/iessantaeugenia/secretaria/preinscripcions/preinscripcio-cicles-formatius/">Preinscripció i matrícula Cicles Formatius Grau Mitja</a></li>
<li><a class="estudi03" href="https://agora.xtec.cat/iessantaeugenia/secretaria/preinscripcions/preinscripcio-cicles-formatius-grau-superior-cfgs/">Preinscripció i matrícula Cicles Formatius Grau Superior</a></li>
<li style="text-align: center;"><a href="https://agora.xtec.cat/iessantaeugenia/secretaria/preinscripcions/preinscripcio-programes-de-formacio-i-insercio/">Preinscripció Programes de formació i inserció (PFI)</a></li>
<li><a href="https://agora.xtec.cat/iessantaeugenia/secretaria/preinscripcions/curs-especialitzacio-modelatge-del-la-informacio-de-la-construccio-bim/">Preinscripció i matrícula Curs Modelatge de la Informació de la Construcció (BIM)</a></li>
</ul>

<ul class="estudis">
<li><a class="estudi01" href="http://agora.xtec.cat/iessantaeugenia/secretaria/preinscripcions/preinscripcio-e-s-o/">Preinscripció i matrícula<br />
ESO</a></li>
<li><a class="estudi02" href="http://agora.xtec.cat/iessantaeugenia/secretaria/preinscripcions/preinscripcio-batxillerat/">Preinscripció i matrícula<br />
Batxillerat</a></li>
<li><a class="estudi03" href="https://agora.xtec.cat/iessantaeugenia/secretaria/preinscripcions/preinscripcio-cicles-formatius/">Preinscripció i matrícula Cicles Formatius Grau Mitja</a></li>
<li><a class="estudi03" href="https://agora.xtec.cat/iessantaeugenia/secretaria/preinscripcions/preinscripcio-cicles-formatius-grau-superior-cfgs/">Preinscripció i matrícula Cicles Formatius Grau Superior</a></li>
<li style="text-align: center;"><a href="https://agora.xtec.cat/iessantaeugenia/secretaria/preinscripcions/preinscripcio-programes-de-formacio-i-insercio/">Preinscripció Programes de formació i inserció (PFI)</a></li>
<li><a href="https://agora.xtec.cat/iessantaeugenia/secretaria/preinscripcions/curs-especialitzacio-modelatge-del-la-informacio-de-la-construccio-bim/">Preinscripció i matrícula Curs Modelatge de la Informació de la&hellip;  <a href="https://agora.xtec.cat/iessantaeugenia/secretaria/preinscripcions/" title="Read Preinscripció i matrícula">Llegeix més»</a><br />
