{"id":647,"date":"2020-06-10T12:51:07","date_gmt":"2020-06-10T10:51:07","guid":{"rendered":"http:\/\/agora.xtec.cat\/iessantaeugenia\/?page_id=647"},"modified":"2023-06-05T15:27:13","modified_gmt":"2023-06-05T13:27:13","slug":"atencio-al-public","status":"publish","type":"page","link":"https:\/\/agora.xtec.cat\/iessantaeugenia\/secretaria\/atencio-al-public\/","title":{"rendered":"Atenci\u00f3 al p\u00fablic"},"content":{"rendered":"<p>La\u00a0<strong>Secretaria\u00a0<\/strong>de l\u2019Institut Santa Eug\u00e8nia t\u00e9 el seg\u00fcent horari d&#8217;atenci\u00f3 al p\u00fablic<\/p>\n<ul>\n<li>\n<h6><strong>HORARI ATENCI\u00d3 PRESENCIAL<\/strong><\/h6>\n<\/li>\n<\/ul>\n<p><strong>De l&#8217;1 de juny al 30 de setembre:\u00a0 De dilluns a divendres, de 10 a 13 h.\u00a0<\/strong><\/p>\n<p>De l&#8217;1 d&#8217;octubre al 31 de maig:<\/p>\n<ul>\n<li>De dilluns a divendres, de 10 a 13 h.<\/li>\n<li>Dimarts dimecres i dijous de 16 a 18:20 h<\/li>\n<\/ul>\n<p>Ens trobareu al carrer d&#8217;Enric Marqu\u00e8s i Ribalta, 3, de Girona (17006).<\/p>\n<ul>\n<li>\n<h6><strong>HORARI ATENCI\u00d3 TELEF\u00d2NICA<\/strong><\/h6>\n<\/li>\n<\/ul>\n<p>De dilluns a divendres, de 9 a 14 h\u00a0 <strong>(CONSERGERIA)<\/strong><\/p>\n<p>De dilluns a divendres, de 10 a 13 h\u00a0 <strong>(SECRETARIA)<\/strong><\/p>\n<p>Tel\u00e8fon: 972- 23-01-11<\/p>\n<p>Adre\u00e7a de correu electr\u00f2nic: <strong>secretaria@isantaeugenia.cat<\/strong><\/p>\n","protected":false},"excerpt":{"rendered":"<p>La\u00a0Secretaria\u00a0de l\u2019Institut Santa Eug\u00e8nia t\u00e9 el seg\u00fcent horari d&#8217;atenci\u00f3 al p\u00fablic<\/p>\n<ul>\n<li>\nHORARI ATENCI\u00d3 PRESENCIAL\n<\/li>\n<\/ul>\n<p>De l&#8217;1 de juny al 30 de setembre:\u00a0 De dilluns a divendres, de 10 a 13 h.\u00a0<br \/>\nDe l&#8217;1 d&#8217;octubre al 31 de maig:<\/p>\n<ul>\n<li>De dilluns a divendres, de 10 a 13 h.<\/li>\n<li>Dimarts dimecres i&hellip;  <a href=\"https:\/\/agora.xtec.cat\/iessantaeugenia\/secretaria\/atencio-al-public\/\" title=\"Read Atenci\u00f3 al p\u00fablic\">Llegeix m\u00e9s\u00bb<\/a><br \/>\n","protected":false},"author":1,"featured_media":0,"parent":81,"menu_order":0,"comment_status":"closed","ping_status":"closed","template":"page-templates\/side-menu.php","meta":{"_bbp_topic_count":0,"_bbp_reply_count":0,"_bbp_total_topic_count":0,"_bbp_total_reply_count":0,"_bbp_voice_count":0,"_bbp_anonymous_reply_count":0,"_bbp_topic_count_hidden":0,"_bbp_reply_count_hidden":0,"_bbp_forum_subforum_count":0,"footnotes":""},"class_list":["post-647","page","type-page","status-publish","hentry"],"post_mailing_queue_ids":[],"_links":{"self":[{"href":"https:\/\/agora.xtec.cat\/iessantaeugenia\/wp-json\/wp\/v2\/pages\/647","targetHints":{"allow":["GET"]}}],"collection":[{"href":"https:\/\/agora.xtec.cat\/iessantaeugenia\/wp-json\/wp\/v2\/pages"}],"about":[{"href":"https:\/\/agora.xtec.cat\/iessantaeugenia\/wp-json\/wp\/v2\/types\/page"}],"author":[{"embeddable":true,"href":"https:\/\/agora.xtec.cat\/iessantaeugenia\/wp-json\/wp\/v2\/users\/1"}],"replies":[{"embeddable":true,"href":"https:\/\/agora.xtec.cat\/iessantaeugenia\/wp-json\/wp\/v2\/comments?post=647"}],"version-history":[{"count":3,"href":"https:\/\/agora.xtec.cat\/iessantaeugenia\/wp-json\/wp\/v2\/pages\/647\/revisions"}],"predecessor-version":[{"id":9376,"href":"https:\/\/agora.xtec.cat\/iessantaeugenia\/wp-json\/wp\/v2\/pages\/647\/revisions\/9376"}],"up":[{"embeddable":true,"href":"https:\/\/agora.xtec.cat\/iessantaeugenia\/wp-json\/wp\/v2\/pages\/81"}],"wp:attachment":[{"href":"https:\/\/agora.xtec.cat\/iessantaeugenia\/wp-json\/wp\/v2\/media?parent=647"}],"curies":[{"name":"wp","href":"https:\/\/api.w.org\/{rel}","templated":true}]}}