{"id":3115,"date":"2022-03-01T10:35:32","date_gmt":"2022-03-01T09:35:32","guid":{"rendered":"https:\/\/agora.xtec.cat\/iessantaeugenia\/?page_id=3115"},"modified":"2025-11-24T15:21:26","modified_gmt":"2025-11-24T14:21:26","slug":"sollicituds-diverses","status":"publish","type":"page","link":"https:\/\/agora.xtec.cat\/iessantaeugenia\/secretaria\/sollicituds-diverses\/","title":{"rendered":"Sol\u00b7licituds gen\u00e8riques, convalidacions i semipresencialitat"},"content":{"rendered":"<div>\n<h4><span style=\"text-decoration: underline;\"><strong>FORMULARI CONVALIDACIONS M\u00d2DULS PROFESSIONALS C. FORMATIUS GRAU MITJ\u00c0<\/strong><\/span><\/h4>\n<h4><span style=\"text-decoration: underline;\"><strong>FORMULARI CONVALIDACIONS M\u00d2DULS PROFESSIONALS C. FORMATIUS GRAU SUPERIOR<\/strong><\/span><\/h4>\n<\/div>\n<div>\n<div id=\"contingutApartat\">\n<div id=\"textApartat\">\n<p align=\"justify\">&#8230;&#8230;&#8230;&#8230;&#8230;&#8230;&#8230;&#8230;&#8230;&#8230;&#8230;&#8230;&#8230;&#8230;&#8230;&#8230;&#8230;&#8230;&#8230;&#8230;&#8230;&#8230;&#8230;&#8230;&#8230;&#8230;&#8230;&#8230;&#8230;&#8230;&#8230;&#8230;&#8230;&#8230;&#8230;&#8230;&#8230;&#8230;&#8230;&#8230;&#8230;&#8230;&#8230;&#8230;&#8230;&#8230;&#8230;&#8230;&#8230;&#8230;&#8230;&#8230;&#8230;&#8230;&#8230;.<\/p>\n<pre>Per\u00a0 fer <strong>tr\u00e0mits<\/strong> gen\u00e8rics a la Secretaria del centre, disposeu d'un model de sol\u00b7licitud gen\u00e8ric que podeu descarregar-vos des de l'enlla\u00e7 que trobareu al final d'aquesta p\u00e0gina.<\/pre>\n<p align=\"justify\">Aquest impr\u00e8s \u00e9s \u00fatil tant per a l&#8217;alumnat de l&#8217;Institut, com per a les fam\u00edlies, professorat i p\u00fablic en general, per poder fer sol\u00b7licituds de tr\u00e0mits administratius de totes aquelles gestions que no disposen de model espec\u00edfic. En particular pot servir per a demanar:<\/p>\n<ul>\n<li>Exempcions parcials o totals del cr\u00e8dit de Formaci\u00f3 en Centres de Treball (FCT)<\/li>\n<li>Donar-se de baixa dels estudis o de mat\u00e8ries \/ cr\u00e8dits \/ unitats formatives concretes (cal ser major d&#8217;edat)<\/li>\n<li>Formular la reclamaci\u00f3 de la qualificaci\u00f3 obtinguda en una mat\u00e8ria \/ cr\u00e8dit \/ unitat formativa a la convocat\u00f2ria ordin\u00e0ria o extraordin\u00e0ria<\/li>\n<li>Formular una reclamaci\u00f3<\/li>\n<li>Altres<\/li>\n<\/ul>\n<h5><strong>DESCARREGUEU-VOS EL DOCUMENT<\/strong><\/h5>\n<p align=\"justify\"><span style=\"text-decoration: underline;\"><a href=\"https:\/\/drive.google.com\/file\/d\/11bJQrgUIIVU3DTSbPaKPj2yviSYGaTWm\/view?usp=sharing\" target=\"_blank\" rel=\"noopener\">MODEL DE SOL\u00b7LICITUD GEN\u00c8RICA<\/a><\/span><\/p>\n<\/div>\n<\/div>\n<div id=\"contingutApartat\">\n<div id=\"textApartat\">\n<div>\n<div id=\"contingutApartat\"><span style=\"text-decoration: underline;\"><a href=\"https:\/\/drive.google.com\/file\/d\/1Ewn7FOY_i8rD4RuyOB-wD4jO9XYVUa4h\/view?usp=sharing\" target=\"_blank\" rel=\"noopener\">SOL\u00b7LICITUD DE CANVI DE MATR\u00cdCULA A SEMIPRESENCIAL<\/a><\/span><\/div>\n<\/div>\n<p>&nbsp;<\/p>\n<\/div>\n<\/div>\n<\/div>\n","protected":false},"excerpt":{"rendered":"<p>FORMULARI CONVALIDACIONS M\u00d2DULS PROFESSIONALS C. FORMATIUS GRAU MITJ\u00c0<br \/>\nFORMULARI CONVALIDACIONS M\u00d2DULS PROFESSIONALS C. FORMATIUS GRAU SUPERIOR<\/p>\n<p>&#8230;&#8230;&#8230;&#8230;&#8230;&#8230;&#8230;&#8230;&#8230;&#8230;&#8230;&#8230;&#8230;&#8230;&#8230;&#8230;&#8230;&#8230;&#8230;&#8230;&#8230;&#8230;&#8230;&#8230;&#8230;&#8230;&#8230;&#8230;&#8230;&#8230;&#8230;&#8230;&#8230;&#8230;&#8230;&#8230;&#8230;&#8230;&#8230;&#8230;&#8230;&#8230;&#8230;&#8230;&#8230;&#8230;&#8230;&#8230;&#8230;&#8230;&#8230;&#8230;&#8230;&#8230;&#8230;.<br \/>\nPer\u00a0 fer tr\u00e0mits gen\u00e8rics a la Secretaria del centre, disposeu d&#8217;un model de sol\u00b7licitud gen\u00e8ric que podeu descarregar-vos des de l&#8217;enlla\u00e7 que trobareu al final d&#8217;aquesta p\u00e0gina.<br \/>\nAquest impr\u00e8s \u00e9s \u00fatil tant&hellip;  <a href=\"https:\/\/agora.xtec.cat\/iessantaeugenia\/secretaria\/sollicituds-diverses\/\" title=\"Read Sol\u00b7licituds gen\u00e8riques, convalidacions i semipresencialitat\">Llegeix m\u00e9s\u00bb<\/a><\/p>\n","protected":false},"author":1,"featured_media":0,"parent":81,"menu_order":6,"comment_status":"closed","ping_status":"closed","template":"page-templates\/side-menu.php","meta":{"_bbp_topic_count":0,"_bbp_reply_count":0,"_bbp_total_topic_count":0,"_bbp_total_reply_count":0,"_bbp_voice_count":0,"_bbp_anonymous_reply_count":0,"_bbp_topic_count_hidden":0,"_bbp_reply_count_hidden":0,"_bbp_forum_subforum_count":0,"footnotes":""},"class_list":["post-3115","page","type-page","status-publish","hentry"],"post_mailing_queue_ids":[],"_links":{"self":[{"href":"https:\/\/agora.xtec.cat\/iessantaeugenia\/wp-json\/wp\/v2\/pages\/3115","targetHints":{"allow":["GET"]}}],"collection":[{"href":"https:\/\/agora.xtec.cat\/iessantaeugenia\/wp-json\/wp\/v2\/pages"}],"about":[{"href":"https:\/\/agora.xtec.cat\/iessantaeugenia\/wp-json\/wp\/v2\/types\/page"}],"author":[{"embeddable":true,"href":"https:\/\/agora.xtec.cat\/iessantaeugenia\/wp-json\/wp\/v2\/users\/1"}],"replies":[{"embeddable":true,"href":"https:\/\/agora.xtec.cat\/iessantaeugenia\/wp-json\/wp\/v2\/comments?post=3115"}],"version-history":[{"count":6,"href":"https:\/\/agora.xtec.cat\/iessantaeugenia\/wp-json\/wp\/v2\/pages\/3115\/revisions"}],"predecessor-version":[{"id":13422,"href":"https:\/\/agora.xtec.cat\/iessantaeugenia\/wp-json\/wp\/v2\/pages\/3115\/revisions\/13422"}],"up":[{"embeddable":true,"href":"https:\/\/agora.xtec.cat\/iessantaeugenia\/wp-json\/wp\/v2\/pages\/81"}],"wp:attachment":[{"href":"https:\/\/agora.xtec.cat\/iessantaeugenia\/wp-json\/wp\/v2\/media?parent=3115"}],"curies":[{"name":"wp","href":"https:\/\/api.w.org\/{rel}","templated":true}]}}

Sol·licituds genèriques, convalidacions i semipresencialitat

<div>
<h4><span style="text-decoration: underline;"><strong>FORMULARI CONVALIDACIONS MÒDULS PROFESSIONALS C. FORMATIUS GRAU MITJÀ</strong></span></h4>
<h4><span style="text-decoration: underline;"><strong>FORMULARI CONVALIDACIONS MÒDULS PROFESSIONALS C. FORMATIUS GRAU SUPERIOR</strong></span></h4>
</div>
<div>
<div id="contingutApartat">
<div id="textApartat">
<p align="justify">&#8230;&#8230;&#8230;&#8230;&#8230;&#8230;&#8230;&#8230;&#8230;&#8230;&#8230;&#8230;&#8230;&#8230;&#8230;&#8230;&#8230;&#8230;&#8230;&#8230;&#8230;&#8230;&#8230;&#8230;&#8230;&#8230;&#8230;&#8230;&#8230;&#8230;&#8230;&#8230;&#8230;&#8230;&#8230;&#8230;&#8230;&#8230;&#8230;&#8230;&#8230;&#8230;&#8230;&#8230;&#8230;&#8230;&#8230;&#8230;&#8230;&#8230;&#8230;&#8230;&#8230;&#8230;&#8230;.</p>
<pre>Per  fer <strong>tràmits</strong> genèrics a la Secretaria del centre, disposeu d'un model de sol·licitud genèric que podeu descarregar-vos des de l'enllaç que trobareu al final d'aquesta pàgina.</pre>
<p align="justify">Aquest imprès és útil tant per a l&#8217;alumnat de l&#8217;Institut, com per a les famílies, professorat i públic en general, per poder fer sol·licituds de tràmits administratius de totes aquelles gestions que no disposen de model específic. En particular pot servir per a demanar:</p>
<ul>
<li>Exempcions parcials o totals del crèdit de Formació en Centres de Treball (FCT)</li>
<li>Donar-se de baixa dels estudis o de matèries / crèdits / unitats formatives concretes (cal ser major d&#8217;edat)</li>
<li>Formular la reclamació de la qualificació obtinguda en una matèria / crèdit / unitat formativa a la convocatòria ordinària o extraordinària</li>
<li>Formular una reclamació</li>
<li>Altres</li>
</ul>
<h5><strong>DESCARREGUEU-VOS EL DOCUMENT</strong></h5>
<p align="justify"><span style="text-decoration: underline;"><a href="https://drive.google.com/file/d/11bJQrgUIIVU3DTSbPaKPj2yviSYGaTWm/view?usp=sharing" target="_blank" rel="noopener">MODEL DE SOL·LICITUD GENÈRICA</a></span></p>
</div>
</div>
<div id="contingutApartat">
<div id="textApartat">
<div>
<div id="contingutApartat"><span style="text-decoration: underline;"><a href="https://drive.google.com/file/d/1Ewn7FOY_i8rD4RuyOB-wD4jO9XYVUa4h/view?usp=sharing" target="_blank" rel="noopener">SOL·LICITUD DE CANVI DE MATRÍCULA A SEMIPRESENCIAL</a></span></div>
</div>
<p>&nbsp;</p>
</div>
</div>
</div>

<p>FORMULARI CONVALIDACIONS MÒDULS PROFESSIONALS C. FORMATIUS GRAU MITJÀ<br />
FORMULARI CONVALIDACIONS MÒDULS PROFESSIONALS C. FORMATIUS GRAU SUPERIOR</p>
<p>&#8230;&#8230;&#8230;&#8230;&#8230;&#8230;&#8230;&#8230;&#8230;&#8230;&#8230;&#8230;&#8230;&#8230;&#8230;&#8230;&#8230;&#8230;&#8230;&#8230;&#8230;&#8230;&#8230;&#8230;&#8230;&#8230;&#8230;&#8230;&#8230;&#8230;&#8230;&#8230;&#8230;&#8230;&#8230;&#8230;&#8230;&#8230;&#8230;&#8230;&#8230;&#8230;&#8230;&#8230;&#8230;&#8230;&#8230;&#8230;&#8230;&#8230;&#8230;&#8230;&#8230;&#8230;&#8230;.<br />
Per  fer tràmits genèrics a la Secretaria del centre, disposeu d&#8217;un model de sol·licitud genèric que podeu descarregar-vos des de l&#8217;enllaç que trobareu al final d&#8217;aquesta pàgina.<br />
Aquest imprès és útil tant&hellip;  <a href="https://agora.xtec.cat/iessantaeugenia/secretaria/sollicituds-diverses/" title="Read Sol·licituds genèriques, convalidacions i semipresencialitat">Llegeix més»</a></p>
