{"id":2726,"date":"2022-02-09T12:38:21","date_gmt":"2022-02-09T11:38:21","guid":{"rendered":"https:\/\/agora.xtec.cat\/iessantaeugenia\/?page_id=2726"},"modified":"2025-02-06T12:01:45","modified_gmt":"2025-02-06T11:01:45","slug":"queixes-i-suggeriments","status":"publish","type":"page","link":"https:\/\/agora.xtec.cat\/iessantaeugenia\/linstitut\/queixes-i-suggeriments\/","title":{"rendered":"Queixes, suggeriments i felicitacions"},"content":{"rendered":"<p>Qualsevol persona, sigui o no integrant de la comunitat educativa, pot formular una <strong>queixa<\/strong>, <strong>suggeriment<\/strong> o <strong>reclamaci\u00f3<\/strong>; igualment pot adre\u00e7ar al centre una <strong>felicitaci\u00f3<\/strong> quan ho cregui oport\u00fa.<\/p>\n<p>Totes les aportacions que es facin seran ateses i tractades amb l&#8217;objectiu de <strong>millorar la qualitat de la prestaci\u00f3 dels nostres serveis<\/strong>.<\/p>\n<p>Podeu adre\u00e7ar-nos la vostra queixa, suggeriment, reclamaci\u00f3 o felicitaci\u00f3 mitjan\u00e7ant aquest formulari:<\/p>\n<p><a href=\"https:\/\/forms.gle\/WPUzNWRCRynhfMU69\" target=\"_blank\" rel=\"noopener\"><img loading=\"lazy\" decoding=\"async\" class=\"alignnone size-medium wp-image-2731\" src=\"https:\/\/agora.xtec.cat\/iessantaeugenia\/wp-content\/uploads\/usu1801\/2022\/02\/gestio-academica-web_color-300x219.jpg\" alt=\"\" width=\"300\" height=\"219\" srcset=\"https:\/\/agora.xtec.cat\/iessantaeugenia\/wp-content\/uploads\/usu1801\/2022\/02\/gestio-academica-web_color-300x219.jpg 300w, https:\/\/agora.xtec.cat\/iessantaeugenia\/wp-content\/uploads\/usu1801\/2022\/02\/gestio-academica-web_color.jpg 486w\" sizes=\"auto, (max-width: 300px) 100vw, 300px\" \/><\/a><\/p>\n","protected":false},"excerpt":{"rendered":"<p>Qualsevol persona, sigui o no integrant de la comunitat educativa, pot formular una queixa, suggeriment o reclamaci\u00f3; igualment pot adre\u00e7ar al centre una felicitaci\u00f3 quan ho cregui oport\u00fa.<br \/>\nTotes les aportacions que es facin seran ateses i tractades amb l&#8217;objectiu de millorar la qualitat de la&hellip;  <a href=\"https:\/\/agora.xtec.cat\/iessantaeugenia\/linstitut\/queixes-i-suggeriments\/\" title=\"Read Queixes, suggeriments i felicitacions\">Llegeix m\u00e9s\u00bb<\/a><\/p>\n","protected":false},"author":1,"featured_media":0,"parent":19,"menu_order":5,"comment_status":"closed","ping_status":"closed","template":"page-templates\/side-menu.php","meta":{"_bbp_topic_count":0,"_bbp_reply_count":0,"_bbp_total_topic_count":0,"_bbp_total_reply_count":0,"_bbp_voice_count":0,"_bbp_anonymous_reply_count":0,"_bbp_topic_count_hidden":0,"_bbp_reply_count_hidden":0,"_bbp_forum_subforum_count":0,"footnotes":""},"class_list":["post-2726","page","type-page","status-publish","hentry"],"post_mailing_queue_ids":[],"_links":{"self":[{"href":"https:\/\/agora.xtec.cat\/iessantaeugenia\/wp-json\/wp\/v2\/pages\/2726","targetHints":{"allow":["GET"]}}],"collection":[{"href":"https:\/\/agora.xtec.cat\/iessantaeugenia\/wp-json\/wp\/v2\/pages"}],"about":[{"href":"https:\/\/agora.xtec.cat\/iessantaeugenia\/wp-json\/wp\/v2\/types\/page"}],"author":[{"embeddable":true,"href":"https:\/\/agora.xtec.cat\/iessantaeugenia\/wp-json\/wp\/v2\/users\/1"}],"replies":[{"embeddable":true,"href":"https:\/\/agora.xtec.cat\/iessantaeugenia\/wp-json\/wp\/v2\/comments?post=2726"}],"version-history":[{"count":6,"href":"https:\/\/agora.xtec.cat\/iessantaeugenia\/wp-json\/wp\/v2\/pages\/2726\/revisions"}],"predecessor-version":[{"id":10301,"href":"https:\/\/agora.xtec.cat\/iessantaeugenia\/wp-json\/wp\/v2\/pages\/2726\/revisions\/10301"}],"up":[{"embeddable":true,"href":"https:\/\/agora.xtec.cat\/iessantaeugenia\/wp-json\/wp\/v2\/pages\/19"}],"wp:attachment":[{"href":"https:\/\/agora.xtec.cat\/iessantaeugenia\/wp-json\/wp\/v2\/media?parent=2726"}],"curies":[{"name":"wp","href":"https:\/\/api.w.org\/{rel}","templated":true}]}}