{"id":1153,"date":"2020-06-17T16:48:49","date_gmt":"2020-06-17T14:48:49","guid":{"rendered":"http:\/\/agora.xtec.cat\/iessantaeugenia\/?page_id=1153"},"modified":"2025-02-23T23:00:08","modified_gmt":"2025-02-23T22:00:08","slug":"cfgm-obres-dinterior-decoracio-i-rehabilitacio","status":"publish","type":"page","link":"https:\/\/agora.xtec.cat\/iessantaeugenia\/cicles-formatius\/edificacio-i-obra-civil\/cfgm-obres-dinterior-decoracio-i-rehabilitacio\/","title":{"rendered":"CFGM Obres d&#8217;Interior Decoraci\u00f3 i Rehabilitaci\u00f3"},"content":{"rendered":"<h5><a href=\"https:\/\/triaeducativa.gencat.cat\/ca\/estudis\/?obres-interior-decoracio-rehabilitacio&amp;p_id=1390\" target=\"_blank\" rel=\"noopener noreferrer\">P\u00c0GINA OFICIAL DELS ESTUDIS<\/a><\/h5>\n<h5><a href=\"http:\/\/www.gencat.cat\/ensenyament\/eac\/pdf\/CFPM____EO10_CA.pdf\" target=\"_blank\" rel=\"noopener noreferrer\">FITXA OFICIAL DELS ESTUDIS<\/a><\/h5>\n<p><span style=\"color: #ffffff;\">.<\/span><\/p>\n<ul class=\"CEDU_nostyle\">\n<li><strong>Ensenyament:<\/strong>\u00a0Formaci\u00f3 professional<\/li>\n<li><strong>Grau:<\/strong>\u00a0Grau mitj\u00e0<\/li>\n<li><strong>Titulaci\u00f3:<\/strong>\u00a0T\u00e8cnic\/a<\/li>\n<li><strong>Sistema:<\/strong>\u00a0LOE<\/li>\n<li><strong>Fam\u00edlia professional:<\/strong>\u00a0<a href=\"https:\/\/agora.xtec.cat\/iessantaeugenia\/cicles-formatius\/edificacio-i-obra-civil\/\">Edificaci\u00f3 i obra civil<\/a><\/li>\n<\/ul>\n<h2><strong>T\u00e8cnic o t\u00e8cnica en Obres d&#8217;Interior, Decoraci\u00f3 i Rehabilitaci\u00f3<\/strong><\/h2>\n<p><span style=\"text-decoration: underline;\">Codi:\u00a0CFPM EO10<\/span><\/p>\n<p>Aquests estudis capaciten per organitzar i executar els acabats de construcci\u00f3 en obra nova, reforma i rehabilitaci\u00f3, realitzant s\u00f2ls, particions i sostres, mitjan\u00e7ant la instal\u00b7laci\u00f3 de plafons o peces prefabricades, la col\u00b7locaci\u00f3 de plaques o l\u00e0mines, l&#8217;aplicaci\u00f3 de revestiments continus i la pintura de superf\u00edcies, complint les condicions i terminis establerts aix\u00ed com les prescripcions de qualitat, seguretat i medi ambient.<\/p>\n<p>La durada \u00e9s de <strong>2.000 hores<\/strong> (1.485 en un centre educatiu i 515 en un centre de treball) distribu\u00efdes en <strong>dos cursos\u00a0acad\u00e8mics<\/strong>.<\/p>\n<p>Aquest estudi\u00a0<strong>substitueix\u00a0<\/strong>el cicle Acabats de Construcci\u00f3 (LOGSE).<\/p>\n<h3>Continguts<\/h3>\n<ul>\n<li>F\u00e0briques a revestir<\/li>\n<li>Construcci\u00f3<\/li>\n<li>Interpretaci\u00f3 de pl\u00e0nols de construcci\u00f3<\/li>\n<li>Paviments, enrajolats i aplacats<\/li>\n<li>Revestiments continus<\/li>\n<li>Particions prefabricades<\/li>\n<li>Mampares i terres t\u00e8cnics<\/li>\n<li>Falsos sostres<\/li>\n<li>Revestiments lleugers<\/li>\n<li>Pintura decorativa en construcci\u00f3<\/li>\n<li>Organitzaci\u00f3 de treballs d&#8217;interior, decoraci\u00f3 i rehabilitaci\u00f3<\/li>\n<li>Angl\u00e8s professional<\/li>\n<li>Digitalitzaci\u00f3 aplicada als sectors productius<\/li>\n<li>Sostenibilitat aplicada al sistema productiu<\/li>\n<li>Itinerari personal per a l&#8217;ocupabilitat I<\/li>\n<li>Itinerari personal per a l&#8217;ocupabilitat II<\/li>\n<li>Projecte intermodular<\/li>\n<li>M\u00f2dul professional optatiu<\/li>\n<\/ul>\n<p>M\u00e9s informaci\u00f3 del\u00a0<strong><a title=\"V\u00e9s al BOE\" href=\"http:\/\/www.boe.es\/diario_boe\/txt.php?id=BOE-A-2011-19604\" target=\"_blank\" rel=\"noopener noreferrer\">CURR\u00cdCULUM<\/a><\/strong><\/p>\n<h3>Acc\u00e9s<\/h3>\n<p>Tenen\u00a0<strong>acc\u00e9s directe<\/strong>\u00a0al cicle les persones que compleixen algun dels requisits seg\u00fcents:<\/p>\n<ul>\n<li>\u00a0tenir el t\u00edtol de graduat en educaci\u00f3 secund\u00e0ria obligat\u00f2ria,<\/li>\n<li>\u00a0haver superat el\u00a0<strong><a href=\"http:\/\/queestudiar.gencat.cat\/ca\/estudis\/acces-cicles\/gm\" target=\"_blank\" rel=\"noopener\">CURS ESPEC\u00cdFIC PER A L&#8217;ACC\u00c9S DELS CICLES DE GRAU MITJ\u00c0<\/a><\/strong>,<\/li>\n<li>\u00a0tenir el t\u00edtol de t\u00e8cnic o de t\u00e8cnic auxiliar,<\/li>\n<li>\u00a0haver superat el segon curs del batxillerat unificat i polivalent (BUP),<\/li>\n<li>\u00a0tenir altres estudis equivalents a efectes acad\u00e8mics,<\/li>\n<li>\u00a0haver superat la prova d&#8217;acc\u00e9s a la universitat per a m\u00e9s grans de 25 anys,<\/li>\n<li>\u00a0haver superat els m\u00f2duls obligatoris d&#8217;un programa de qualificaci\u00f3 professional inicial (PQPI),<\/li>\n<li>\u00a0tenir un t\u00edtol per accedir a un cicle formatiu de grau superior.<\/li>\n<\/ul>\n<p>Les persones que no compleixen cap dels requisits esmentats han de superar una\u00a0<strong><a href=\"http:\/\/ensenyament.gencat.cat\/ca\/serveis-tramits\/proves\/proves-acces\/gm-fp\/\" target=\"_blank\" rel=\"noopener noreferrer\">PROVA D&#8217;ACC\u00c9S<\/a><\/strong>. Per presentar-s&#8217;hi cal tenir com a m\u00ednim 17 anys l&#8217;any en qu\u00e8 es fa la prova.<\/p>\n","protected":false},"excerpt":{"rendered":"<p><a href=\"https:\/\/triaeducativa.gencat.cat\/ca\/estudis\/?obres-interior-decoracio-rehabilitacio&amp;p_id=1390\" target=\"_blank\" rel=\"noopener noreferrer\">P\u00c0GINA OFICIAL DELS ESTUDIS<\/a><br \/>\n<a href=\"http:\/\/www.gencat.cat\/ensenyament\/eac\/pdf\/CFPM____EO10_CA.pdf\" target=\"_blank\" rel=\"noopener noreferrer\">FITXA OFICIAL DELS ESTUDIS<\/a><br \/>\n.<\/p>\n<ul class=\"CEDU_nostyle\">\n<li>Ensenyament:\u00a0Formaci\u00f3 professional<\/li>\n<li>Grau:\u00a0Grau mitj\u00e0<\/li>\n<li>Titulaci\u00f3:\u00a0T\u00e8cnic\/a<\/li>\n<li>Sistema:\u00a0LOE<\/li>\n<li>Fam\u00edlia professional:\u00a0<a href=\"https:\/\/agora.xtec.cat\/iessantaeugenia\/cicles-formatius\/edificacio-i-obra-civil\/\">Edificaci\u00f3 i obra civil<\/a><\/li>\n<\/ul>\n<p>T\u00e8cnic o t\u00e8cnica en Obres d&#8217;Interior, Decoraci\u00f3 i Rehabilitaci\u00f3<br \/>\nCodi:\u00a0CFPM EO10<br \/>\nAquests estudis capaciten per organitzar i executar els acabats de construcci\u00f3 en obra nova,&hellip;  <a href=\"https:\/\/agora.xtec.cat\/iessantaeugenia\/cicles-formatius\/edificacio-i-obra-civil\/cfgm-obres-dinterior-decoracio-i-rehabilitacio\/\" title=\"Read CFGM Obres d&#8217;Interior Decoraci\u00f3 i Rehabilitaci\u00f3\">Llegeix m\u00e9s\u00bb<\/a><\/p>\n","protected":false},"author":1,"featured_media":0,"parent":718,"menu_order":0,"comment_status":"closed","ping_status":"closed","template":"page-templates\/side-menu.php","meta":{"_bbp_topic_count":0,"_bbp_reply_count":0,"_bbp_total_topic_count":0,"_bbp_total_reply_count":0,"_bbp_voice_count":0,"_bbp_anonymous_reply_count":0,"_bbp_topic_count_hidden":0,"_bbp_reply_count_hidden":0,"_bbp_forum_subforum_count":0,"footnotes":""},"class_list":["post-1153","page","type-page","status-publish","hentry"],"post_mailing_queue_ids":[],"_links":{"self":[{"href":"https:\/\/agora.xtec.cat\/iessantaeugenia\/wp-json\/wp\/v2\/pages\/1153","targetHints":{"allow":["GET"]}}],"collection":[{"href":"https:\/\/agora.xtec.cat\/iessantaeugenia\/wp-json\/wp\/v2\/pages"}],"about":[{"href":"https:\/\/agora.xtec.cat\/iessantaeugenia\/wp-json\/wp\/v2\/types\/page"}],"author":[{"embeddable":true,"href":"https:\/\/agora.xtec.cat\/iessantaeugenia\/wp-json\/wp\/v2\/users\/1"}],"replies":[{"embeddable":true,"href":"https:\/\/agora.xtec.cat\/iessantaeugenia\/wp-json\/wp\/v2\/comments?post=1153"}],"version-history":[{"count":6,"href":"https:\/\/agora.xtec.cat\/iessantaeugenia\/wp-json\/wp\/v2\/pages\/1153\/revisions"}],"predecessor-version":[{"id":12129,"href":"https:\/\/agora.xtec.cat\/iessantaeugenia\/wp-json\/wp\/v2\/pages\/1153\/revisions\/12129"}],"up":[{"embeddable":true,"href":"https:\/\/agora.xtec.cat\/iessantaeugenia\/wp-json\/wp\/v2\/pages\/718"}],"wp:attachment":[{"href":"https:\/\/agora.xtec.cat\/iessantaeugenia\/wp-json\/wp\/v2\/media?parent=1153"}],"curies":[{"name":"wp","href":"https:\/\/api.w.org\/{rel}","templated":true}]}}

CFGM Obres d&#8217;Interior Decoració i Rehabilitació

<h5><a href="https://triaeducativa.gencat.cat/ca/estudis/?obres-interior-decoracio-rehabilitacio&amp;p_id=1390" target="_blank" rel="noopener noreferrer">PÀGINA OFICIAL DELS ESTUDIS</a></h5>
<h5><a href="http://www.gencat.cat/ensenyament/eac/pdf/CFPM____EO10_CA.pdf" target="_blank" rel="noopener noreferrer">FITXA OFICIAL DELS ESTUDIS</a></h5>
<p><span style="color: #ffffff;">.</span></p>
<ul class="CEDU_nostyle">
<li><strong>Ensenyament:</strong> Formació professional</li>
<li><strong>Grau:</strong> Grau mitjà</li>
<li><strong>Titulació:</strong> Tècnic/a</li>
<li><strong>Sistema:</strong> LOE</li>
<li><strong>Família professional:</strong> <a href="https://agora.xtec.cat/iessantaeugenia/cicles-formatius/edificacio-i-obra-civil/">Edificació i obra civil</a></li>
</ul>
<h2><strong>Tècnic o tècnica en Obres d&#8217;Interior, Decoració i Rehabilitació</strong></h2>
<p><span style="text-decoration: underline;">Codi: CFPM EO10</span></p>
<p>Aquests estudis capaciten per organitzar i executar els acabats de construcció en obra nova, reforma i rehabilitació, realitzant sòls, particions i sostres, mitjançant la instal·lació de plafons o peces prefabricades, la col·locació de plaques o làmines, l&#8217;aplicació de revestiments continus i la pintura de superfícies, complint les condicions i terminis establerts així com les prescripcions de qualitat, seguretat i medi ambient.</p>
<p>La durada és de <strong>2.000 hores</strong> (1.485 en un centre educatiu i 515 en un centre de treball) distribuïdes en <strong>dos cursos acadèmics</strong>.</p>
<p>Aquest estudi <strong>substitueix </strong>el cicle Acabats de Construcció (LOGSE).</p>
<h3>Continguts</h3>
<ul>
<li>Fàbriques a revestir</li>
<li>Construcció</li>
<li>Interpretació de plànols de construcció</li>
<li>Paviments, enrajolats i aplacats</li>
<li>Revestiments continus</li>
<li>Particions prefabricades</li>
<li>Mampares i terres tècnics</li>
<li>Falsos sostres</li>
<li>Revestiments lleugers</li>
<li>Pintura decorativa en construcció</li>
<li>Organització de treballs d&#8217;interior, decoració i rehabilitació</li>
<li>Anglès professional</li>
<li>Digitalització aplicada als sectors productius</li>
<li>Sostenibilitat aplicada al sistema productiu</li>
<li>Itinerari personal per a l&#8217;ocupabilitat I</li>
<li>Itinerari personal per a l&#8217;ocupabilitat II</li>
<li>Projecte intermodular</li>
<li>Mòdul professional optatiu</li>
</ul>
<p>Més informació del <strong><a title="Vés al BOE" href="http://www.boe.es/diario_boe/txt.php?id=BOE-A-2011-19604" target="_blank" rel="noopener noreferrer">CURRÍCULUM</a></strong></p>
<h3>Accés</h3>
<p>Tenen <strong>accés directe</strong> al cicle les persones que compleixen algun dels requisits següents:</p>
<ul>
<li> tenir el títol de graduat en educació secundària obligatòria,</li>
<li> haver superat el <strong><a href="http://queestudiar.gencat.cat/ca/estudis/acces-cicles/gm" target="_blank" rel="noopener">CURS ESPECÍFIC PER A L&#8217;ACCÉS DELS CICLES DE GRAU MITJÀ</a></strong>,</li>
<li> tenir el títol de tècnic o de tècnic auxiliar,</li>
<li> haver superat el segon curs del batxillerat unificat i polivalent (BUP),</li>
<li> tenir altres estudis equivalents a efectes acadèmics,</li>
<li> haver superat la prova d&#8217;accés a la universitat per a més grans de 25 anys,</li>
<li> haver superat els mòduls obligatoris d&#8217;un programa de qualificació professional inicial (PQPI),</li>
<li> tenir un títol per accedir a un cicle formatiu de grau superior.</li>
</ul>
<p>Les persones que no compleixen cap dels requisits esmentats han de superar una <strong><a href="http://ensenyament.gencat.cat/ca/serveis-tramits/proves/proves-acces/gm-fp/" target="_blank" rel="noopener noreferrer">PROVA D&#8217;ACCÉS</a></strong>. Per presentar-s&#8217;hi cal tenir com a mínim 17 anys l&#8217;any en què es fa la prova.</p>

<p><a href="https://triaeducativa.gencat.cat/ca/estudis/?obres-interior-decoracio-rehabilitacio&amp;p_id=1390" target="_blank" rel="noopener noreferrer">PÀGINA OFICIAL DELS ESTUDIS</a><br />
<a href="http://www.gencat.cat/ensenyament/eac/pdf/CFPM____EO10_CA.pdf" target="_blank" rel="noopener noreferrer">FITXA OFICIAL DELS ESTUDIS</a><br />
.</p>
<ul class="CEDU_nostyle">
<li>Ensenyament: Formació professional</li>
<li>Grau: Grau mitjà</li>
<li>Titulació: Tècnic/a</li>
<li>Sistema: LOE</li>
<li>Família professional: <a href="https://agora.xtec.cat/iessantaeugenia/cicles-formatius/edificacio-i-obra-civil/">Edificació i obra civil</a></li>
</ul>
<p>Tècnic o tècnica en Obres d&#8217;Interior, Decoració i Rehabilitació<br />
Codi: CFPM EO10<br />
Aquests estudis capaciten per organitzar i executar els acabats de construcció en obra nova,&hellip;  <a href="https://agora.xtec.cat/iessantaeugenia/cicles-formatius/edificacio-i-obra-civil/cfgm-obres-dinterior-decoracio-i-rehabilitacio/" title="Read CFGM Obres d&#8217;Interior Decoració i Rehabilitació">Llegeix més»</a></p>
