{"id":1011,"date":"2020-06-15T18:07:44","date_gmt":"2020-06-15T16:07:44","guid":{"rendered":"http:\/\/agora.xtec.cat\/iessantaeugenia\/?page_id=1011"},"modified":"2025-02-23T23:00:32","modified_gmt":"2025-02-23T22:00:32","slug":"preimpressio-digital-dual","status":"publish","type":"page","link":"https:\/\/agora.xtec.cat\/iessantaeugenia\/cicles-formatius\/arts-grafiques\/preimpressio-digital-dual\/","title":{"rendered":"CFGM Preimpressi\u00f3 Digital"},"content":{"rendered":"<h5><a href=\"https:\/\/triaeducativa.gencat.cat\/ca\/estudis\/?preimpressio-digital&amp;p_id=1230\" target=\"_blank\" rel=\"noopener noreferrer\">P\u00c0GINA OFICIAL DELS ESTUDIS<\/a><\/h5>\n<h5><a style=\"color: #2795b6;\" href=\"http:\/\/www.gencat.cat\/ensenyament\/eac\/pdf\/CFPM____AF10_CA.pdf\" target=\"_blank\" rel=\"noopener noreferrer\">FITXA OFICIAL DELS ESTUDIS<\/a><\/h5>\n<p>&nbsp;<\/p>\n<ul>\n<li><strong>Ensenyament:<\/strong> Formaci\u00f3 professional<\/li>\n<li><strong>Grau:<\/strong> Grau mitj\u00e0<\/li>\n<li><strong>Titulaci\u00f3:<\/strong> T\u00e8cnic\/a<\/li>\n<li><strong>Sistema:<\/strong> LOE<\/li>\n<li><strong>Fam\u00edlia professional:<\/strong>\u00a0<a href=\"https:\/\/agora.xtec.cat\/iessantaeugenia\/cicles-formatius\/arts-grafiques\/\">Arts gr\u00e0fiques<\/a><\/li>\n<li><strong>Entorn:<\/strong>\u00a0Art\u00edstic<\/li>\n<\/ul>\n<h2><strong>T\u00e8cnic o t\u00e8cnica en Preimpressi\u00f3 Digital<\/strong><\/h2>\n<p><span style=\"text-decoration: underline;\">Codi:\u00a0CFPM AF10<\/span><\/p>\n<p>Aquests estudis capaciten per realitzar les operacions dassemblatge en publicacions electr\u00f2niques, tractament i compaginaci\u00f3 de textos i imatges, imposici\u00f3 de p\u00e0gines,obtenci\u00f3 digital de les formes impressores i la impressi\u00f3 amb procediments digitals, assegurant la qualitat i complint la normativa de seguretat i protecci\u00f3 ambiental.<\/p>\n<p>La durada \u00e9s de <strong>2.000 hores<\/strong> (1.485 en un centre educatiu i 515 en un centre de treball) distribu\u00efdes en <strong>dos cursos\u00a0acad\u00e8mics<\/strong>.<\/p>\n<p>Aquest estudi\u00a0<strong>substitueix<\/strong>\u00a0el cicle\u00a0Preimpressi\u00f3 en Arts Gr\u00e0fiques (LOGSE).<\/p>\n<h2>Continguts<\/h2>\n<ul>\n<li>Tractament de textos<\/li>\n<li>Tractament d&#8217;imatges en mapa de bits<\/li>\n<li>Imposici\u00f3 i obtenci\u00f3 digital de la forma impressora<\/li>\n<li>Impressi\u00f3 digital<\/li>\n<li>Compaginaci\u00f3<\/li>\n<li>Identificaci\u00f3 de materials en preimpressi\u00f3<\/li>\n<li>Realitzaci\u00f3 de publicacions electr\u00f2niques<\/li>\n<li>Il\u00b7lustraci\u00f3 vectorial<\/li>\n<li>Angl\u00e8s professional<\/li>\n<li>Digitalitzaci\u00f3 aplicada als sectors productius<\/li>\n<li>Sostenibilitat aplicada al sistema productiu<\/li>\n<li>Itinerari personal per a l&#8217;ocupabilitat I<\/li>\n<li>Itinerari personal per a l&#8217;ocupabilitat II<\/li>\n<li>Projecte intermodular<\/li>\n<li>M\u00f2dul professional optatiu<\/li>\n<\/ul>\n<p>M\u00e9s informaci\u00f3 del\u00a0<strong><a title=\"V\u00e9s al DOGC\" href=\"http:\/\/dogc.gencat.cat\/ca\/pdogc_canals_interns\/pdogc_resultats_fitxa\/?action=fitxa&amp;documentId=749241&amp;language=ca_ES\" target=\"_blank\" rel=\"noopener noreferrer\">CURR\u00cdCULUM<\/a><\/strong>\u00a0a l&#8217;annex, apartat 5.3: &#8216;Descripci\u00f3 dels m\u00f2duls professionals i de les unitats formatives&#8217;.<\/p>\n<h2>Acc\u00e9s<\/h2>\n<p>Tenen\u00a0<strong>acc\u00e9s directe<\/strong>\u00a0al cicle les persones que compleixen algun dels requisits seg\u00fcents:<\/p>\n<ul>\n<li>\u00a0tenir el t\u00edtol de graduat en educaci\u00f3 secund\u00e0ria obligat\u00f2ria<\/li>\n<li>\u00a0haver superat el\u00a0<strong><a href=\"http:\/\/queestudiar.gencat.cat\/ca\/estudis\/acces-cicles\/gm\" target=\"_blank\" rel=\"noopener\">CURS ESPEC\u00cdFIC PER A L&#8217;ACC\u00c9S ALS CICLES DE GRAU MITJ\u00c0<\/a><\/strong><\/li>\n<li>\u00a0tenir el t\u00edtol de t\u00e8cnic o de t\u00e8cnic auxiliar<\/li>\n<li>\u00a0haver superat el segon curs del batxillerat unificat i polivalent (BUP)<\/li>\n<li>\u00a0tenir altres estudis equivalents a efectes acad\u00e8mics<\/li>\n<li>\u00a0haver superat la prova d&#8217;acc\u00e9s a la universitat per a m\u00e9s grans de 25 anys<\/li>\n<li>\u00a0haver superat els m\u00f2duls obligatoris d&#8217;un programa de qualificaci\u00f3 professional inicial (PQPI)<\/li>\n<li>\u00a0tenir un t\u00edtol per accedir a un cicle formatiu de grau superior<\/li>\n<\/ul>\n<p>Les persones que no compleixen cap dels requisits esmentats han de superar una\u00a0<strong><a href=\"http:\/\/ensenyament.gencat.cat\/ca\/serveis-tramits\/proves\/proves-acces\/gm-fp\/\" target=\"_blank\" rel=\"noopener noreferrer\">PROVA D&#8217;ACC\u00c9S<\/a><\/strong>. Per presentar-s&#8217;hi cal tenir com a m\u00ednim 17 anys l&#8217;any en qu\u00e8 es fa la prova.<\/p>\n","protected":false},"excerpt":{"rendered":"<p><a href=\"https:\/\/triaeducativa.gencat.cat\/ca\/estudis\/?preimpressio-digital&amp;p_id=1230\" target=\"_blank\" rel=\"noopener noreferrer\">P\u00c0GINA OFICIAL DELS ESTUDIS<\/a><br \/>\n<a style=\"color: #2795b6;\" href=\"http:\/\/www.gencat.cat\/ensenyament\/eac\/pdf\/CFPM____AF10_CA.pdf\" target=\"_blank\" rel=\"noopener noreferrer\">FITXA OFICIAL DELS ESTUDIS<\/a><br \/>\n&nbsp;<\/p>\n<ul>\n<li>Ensenyament: Formaci\u00f3 professional<\/li>\n<li>Grau: Grau mitj\u00e0<\/li>\n<li>Titulaci\u00f3: T\u00e8cnic\/a<\/li>\n<li>Sistema: LOE<\/li>\n<li>Fam\u00edlia professional:\u00a0<a href=\"https:\/\/agora.xtec.cat\/iessantaeugenia\/cicles-formatius\/arts-grafiques\/\">Arts gr\u00e0fiques<\/a><\/li>\n<li>Entorn:\u00a0Art\u00edstic<\/li>\n<\/ul>\n<p>T\u00e8cnic o t\u00e8cnica en Preimpressi\u00f3 Digital<br \/>\nCodi:\u00a0CFPM AF10<br \/>\nAquests estudis capaciten per realitzar les operacions dassemblatge en publicacions electr\u00f2niques, tractament i compaginaci\u00f3&hellip;  <a href=\"https:\/\/agora.xtec.cat\/iessantaeugenia\/cicles-formatius\/arts-grafiques\/preimpressio-digital-dual\/\" title=\"Read CFGM Preimpressi\u00f3 Digital\">Llegeix m\u00e9s\u00bb<\/a><\/p>\n","protected":false},"author":1,"featured_media":0,"parent":714,"menu_order":0,"comment_status":"closed","ping_status":"closed","template":"page-templates\/side-menu.php","meta":{"_bbp_topic_count":0,"_bbp_reply_count":0,"_bbp_total_topic_count":0,"_bbp_total_reply_count":0,"_bbp_voice_count":0,"_bbp_anonymous_reply_count":0,"_bbp_topic_count_hidden":0,"_bbp_reply_count_hidden":0,"_bbp_forum_subforum_count":0,"footnotes":""},"class_list":["post-1011","page","type-page","status-publish","hentry"],"post_mailing_queue_ids":[],"_links":{"self":[{"href":"https:\/\/agora.xtec.cat\/iessantaeugenia\/wp-json\/wp\/v2\/pages\/1011","targetHints":{"allow":["GET"]}}],"collection":[{"href":"https:\/\/agora.xtec.cat\/iessantaeugenia\/wp-json\/wp\/v2\/pages"}],"about":[{"href":"https:\/\/agora.xtec.cat\/iessantaeugenia\/wp-json\/wp\/v2\/types\/page"}],"author":[{"embeddable":true,"href":"https:\/\/agora.xtec.cat\/iessantaeugenia\/wp-json\/wp\/v2\/users\/1"}],"replies":[{"embeddable":true,"href":"https:\/\/agora.xtec.cat\/iessantaeugenia\/wp-json\/wp\/v2\/comments?post=1011"}],"version-history":[{"count":6,"href":"https:\/\/agora.xtec.cat\/iessantaeugenia\/wp-json\/wp\/v2\/pages\/1011\/revisions"}],"predecessor-version":[{"id":12127,"href":"https:\/\/agora.xtec.cat\/iessantaeugenia\/wp-json\/wp\/v2\/pages\/1011\/revisions\/12127"}],"up":[{"embeddable":true,"href":"https:\/\/agora.xtec.cat\/iessantaeugenia\/wp-json\/wp\/v2\/pages\/714"}],"wp:attachment":[{"href":"https:\/\/agora.xtec.cat\/iessantaeugenia\/wp-json\/wp\/v2\/media?parent=1011"}],"curies":[{"name":"wp","href":"https:\/\/api.w.org\/{rel}","templated":true}]}}

CFGM Preimpressió Digital

<h5><a href="https://triaeducativa.gencat.cat/ca/estudis/?preimpressio-digital&amp;p_id=1230" target="_blank" rel="noopener noreferrer">PÀGINA OFICIAL DELS ESTUDIS</a></h5>
<h5><a style="color: #2795b6;" href="http://www.gencat.cat/ensenyament/eac/pdf/CFPM____AF10_CA.pdf" target="_blank" rel="noopener noreferrer">FITXA OFICIAL DELS ESTUDIS</a></h5>
<p>&nbsp;</p>
<ul>
<li><strong>Ensenyament:</strong> Formació professional</li>
<li><strong>Grau:</strong> Grau mitjà</li>
<li><strong>Titulació:</strong> Tècnic/a</li>
<li><strong>Sistema:</strong> LOE</li>
<li><strong>Família professional:</strong> <a href="https://agora.xtec.cat/iessantaeugenia/cicles-formatius/arts-grafiques/">Arts gràfiques</a></li>
<li><strong>Entorn:</strong> Artístic</li>
</ul>
<h2><strong>Tècnic o tècnica en Preimpressió Digital</strong></h2>
<p><span style="text-decoration: underline;">Codi: CFPM AF10</span></p>
<p>Aquests estudis capaciten per realitzar les operacions dassemblatge en publicacions electròniques, tractament i compaginació de textos i imatges, imposició de pàgines,obtenció digital de les formes impressores i la impressió amb procediments digitals, assegurant la qualitat i complint la normativa de seguretat i protecció ambiental.</p>
<p>La durada és de <strong>2.000 hores</strong> (1.485 en un centre educatiu i 515 en un centre de treball) distribuïdes en <strong>dos cursos acadèmics</strong>.</p>
<p>Aquest estudi <strong>substitueix</strong> el cicle Preimpressió en Arts Gràfiques (LOGSE).</p>
<h2>Continguts</h2>
<ul>
<li>Tractament de textos</li>
<li>Tractament d&#8217;imatges en mapa de bits</li>
<li>Imposició i obtenció digital de la forma impressora</li>
<li>Impressió digital</li>
<li>Compaginació</li>
<li>Identificació de materials en preimpressió</li>
<li>Realització de publicacions electròniques</li>
<li>Il·lustració vectorial</li>
<li>Anglès professional</li>
<li>Digitalització aplicada als sectors productius</li>
<li>Sostenibilitat aplicada al sistema productiu</li>
<li>Itinerari personal per a l&#8217;ocupabilitat I</li>
<li>Itinerari personal per a l&#8217;ocupabilitat II</li>
<li>Projecte intermodular</li>
<li>Mòdul professional optatiu</li>
</ul>
<p>Més informació del <strong><a title="Vés al DOGC" href="http://dogc.gencat.cat/ca/pdogc_canals_interns/pdogc_resultats_fitxa/?action=fitxa&amp;documentId=749241&amp;language=ca_ES" target="_blank" rel="noopener noreferrer">CURRÍCULUM</a></strong> a l&#8217;annex, apartat 5.3: &#8216;Descripció dels mòduls professionals i de les unitats formatives&#8217;.</p>
<h2>Accés</h2>
<p>Tenen <strong>accés directe</strong> al cicle les persones que compleixen algun dels requisits següents:</p>
<ul>
<li> tenir el títol de graduat en educació secundària obligatòria</li>
<li> haver superat el <strong><a href="http://queestudiar.gencat.cat/ca/estudis/acces-cicles/gm" target="_blank" rel="noopener">CURS ESPECÍFIC PER A L&#8217;ACCÉS ALS CICLES DE GRAU MITJÀ</a></strong></li>
<li> tenir el títol de tècnic o de tècnic auxiliar</li>
<li> haver superat el segon curs del batxillerat unificat i polivalent (BUP)</li>
<li> tenir altres estudis equivalents a efectes acadèmics</li>
<li> haver superat la prova d&#8217;accés a la universitat per a més grans de 25 anys</li>
<li> haver superat els mòduls obligatoris d&#8217;un programa de qualificació professional inicial (PQPI)</li>
<li> tenir un títol per accedir a un cicle formatiu de grau superior</li>
</ul>
<p>Les persones que no compleixen cap dels requisits esmentats han de superar una <strong><a href="http://ensenyament.gencat.cat/ca/serveis-tramits/proves/proves-acces/gm-fp/" target="_blank" rel="noopener noreferrer">PROVA D&#8217;ACCÉS</a></strong>. Per presentar-s&#8217;hi cal tenir com a mínim 17 anys l&#8217;any en què es fa la prova.</p>

<p><a href="https://triaeducativa.gencat.cat/ca/estudis/?preimpressio-digital&amp;p_id=1230" target="_blank" rel="noopener noreferrer">PÀGINA OFICIAL DELS ESTUDIS</a><br />
<a style="color: #2795b6;" href="http://www.gencat.cat/ensenyament/eac/pdf/CFPM____AF10_CA.pdf" target="_blank" rel="noopener noreferrer">FITXA OFICIAL DELS ESTUDIS</a><br />
&nbsp;</p>
<ul>
<li>Ensenyament: Formació professional</li>
<li>Grau: Grau mitjà</li>
<li>Titulació: Tècnic/a</li>
<li>Sistema: LOE</li>
<li>Família professional: <a href="https://agora.xtec.cat/iessantaeugenia/cicles-formatius/arts-grafiques/">Arts gràfiques</a></li>
<li>Entorn: Artístic</li>
</ul>
<p>Tècnic o tècnica en Preimpressió Digital<br />
Codi: CFPM AF10<br />
Aquests estudis capaciten per realitzar les operacions dassemblatge en publicacions electròniques, tractament i compaginació&hellip;  <a href="https://agora.xtec.cat/iessantaeugenia/cicles-formatius/arts-grafiques/preimpressio-digital-dual/" title="Read CFGM Preimpressió Digital">Llegeix més»</a></p>
