{"id":8482,"date":"2026-03-02T21:38:57","date_gmt":"2026-03-02T20:38:57","guid":{"rendered":"https:\/\/agora.xtec.cat\/iessalvadorvilaseca\/?page_id=8482"},"modified":"2026-03-02T21:38:57","modified_gmt":"2026-03-02T20:38:57","slug":"xarxa-de-centres-civics","status":"publish","type":"page","link":"https:\/\/agora.xtec.cat\/iessalvadorvilaseca\/matricula\/xarxa-de-centres-civics\/","title":{"rendered":"Xarxa de Centres C\u00edvics"},"content":{"rendered":"<p>La Xarxa de Centres C\u00edvics et pot donar un cop de m\u00e0 en la preinscripci\u00f3 i matr\u00edcula dels teus fills i filles, clica en aquest: <a href=\"https:\/\/www.reus.cat\/ajuntament\/xarxa-de-centres-civics\">enlla\u00e7.<\/a><\/p>\n<p>Consulta l&#8217;horari:<\/p>\n<p><a href=\"https:\/\/agora.xtec.cat\/iessalvadorvilaseca\/wp-content\/uploads\/usu1231\/2026\/03\/unnamed.png\"><img loading=\"lazy\" decoding=\"async\" class=\"size-full wp-image-8483 aligncenter\" src=\"https:\/\/agora.xtec.cat\/iessalvadorvilaseca\/wp-content\/uploads\/usu1231\/2026\/03\/unnamed.png\" alt=\"\" width=\"579\" height=\"395\" srcset=\"https:\/\/agora.xtec.cat\/iessalvadorvilaseca\/wp-content\/uploads\/usu1231\/2026\/03\/unnamed.png 579w, https:\/\/agora.xtec.cat\/iessalvadorvilaseca\/wp-content\/uploads\/usu1231\/2026\/03\/unnamed-300x205.png 300w\" sizes=\"auto, (max-width: 579px) 100vw, 579px\" \/><\/a><\/p>\n","protected":false},"excerpt":{"rendered":"<p>La Xarxa de Centres C\u00edvics et pot donar un cop de m\u00e0 en la preinscripci\u00f3 i matr\u00edcula dels teus fills i filles, clica en aquest: <a href=\"https:\/\/www.reus.cat\/ajuntament\/xarxa-de-centres-civics\">enlla\u00e7.<\/a><br \/>\nConsulta l&#8217;horari:<br \/>\n<a href=\"https:\/\/agora.xtec.cat\/iessalvadorvilaseca\/wp-content\/uploads\/usu1231\/2026\/03\/unnamed.png\"><\/a><\/p>\n","protected":false},"author":331,"featured_media":0,"parent":7748,"menu_order":0,"comment_status":"closed","ping_status":"closed","template":"","meta":{"_bbp_topic_count":0,"_bbp_reply_count":0,"_bbp_total_topic_count":0,"_bbp_total_reply_count":0,"_bbp_voice_count":0,"_bbp_anonymous_reply_count":0,"_bbp_topic_count_hidden":0,"_bbp_reply_count_hidden":0,"_bbp_forum_subforum_count":0,"footnotes":""},"class_list":["post-8482","page","type-page","status-publish","hentry"],"post_mailing_queue_ids":[],"_links":{"self":[{"href":"https:\/\/agora.xtec.cat\/iessalvadorvilaseca\/wp-json\/wp\/v2\/pages\/8482","targetHints":{"allow":["GET"]}}],"collection":[{"href":"https:\/\/agora.xtec.cat\/iessalvadorvilaseca\/wp-json\/wp\/v2\/pages"}],"about":[{"href":"https:\/\/agora.xtec.cat\/iessalvadorvilaseca\/wp-json\/wp\/v2\/types\/page"}],"author":[{"embeddable":true,"href":"https:\/\/agora.xtec.cat\/iessalvadorvilaseca\/wp-json\/wp\/v2\/users\/331"}],"replies":[{"embeddable":true,"href":"https:\/\/agora.xtec.cat\/iessalvadorvilaseca\/wp-json\/wp\/v2\/comments?post=8482"}],"version-history":[{"count":1,"href":"https:\/\/agora.xtec.cat\/iessalvadorvilaseca\/wp-json\/wp\/v2\/pages\/8482\/revisions"}],"predecessor-version":[{"id":8484,"href":"https:\/\/agora.xtec.cat\/iessalvadorvilaseca\/wp-json\/wp\/v2\/pages\/8482\/revisions\/8484"}],"up":[{"embeddable":true,"href":"https:\/\/agora.xtec.cat\/iessalvadorvilaseca\/wp-json\/wp\/v2\/pages\/7748"}],"wp:attachment":[{"href":"https:\/\/agora.xtec.cat\/iessalvadorvilaseca\/wp-json\/wp\/v2\/media?parent=8482"}],"curies":[{"name":"wp","href":"https:\/\/api.w.org\/{rel}","templated":true}]}}