{"id":6336,"date":"2022-06-15T10:51:45","date_gmt":"2022-06-15T08:51:45","guid":{"rendered":"https:\/\/agora.xtec.cat\/iessalvadorvilaseca\/?page_id=6336"},"modified":"2026-02-25T12:22:26","modified_gmt":"2026-02-25T11:22:26","slug":"horari-datencio-al-public","status":"publish","type":"page","link":"https:\/\/agora.xtec.cat\/iessalvadorvilaseca\/secretaria\/horari-datencio-al-public\/","title":{"rendered":"Horari d&#8217;atenci\u00f3 al p\u00fablic"},"content":{"rendered":"<p>Horari d&#8217;hivern:<\/p>\n<ul>\n<li>Matins, de dilluns a divendres de 10:00 a 13:00 h.<\/li>\n<li>Tardes, dilluns i dijous de 17:00 a 18:00 h.<\/li>\n<\/ul>\n<p>Horari d&#8217;estiu:<\/p>\n<ul>\n<li>Matins, de l&#8217;1 de juny al 30 de setembre, de 10:00 a 13:00 h.<\/li>\n<\/ul>\n<p>La secretaria estar\u00e0 tancada el mes d\u2019agost i durant les vacances de Nadal i Setmana Santa.<\/p>\n<p>Per qualsevol dubte referent a tr\u00e0mits administratius podeu enviar un correu electr\u00f2nic a la seg\u00fcent adre\u00e7a:<\/p>\n<p>secretariacentre@savi.cat<\/p>\n","protected":false},"excerpt":{"rendered":"<p>Horari d&#8217;hivern:<\/p>\n<ul>\n<li>Matins, de dilluns a divendres de 10:00 a 13:00 h.<\/li>\n<li>Tardes, dilluns i dijous de 17:00 a 18:00 h.<\/li>\n<\/ul>\n<p>Horari d&#8217;estiu:<\/p>\n<ul>\n<li>Matins, de l&#8217;1 de juny al 30 de setembre, de 10:00 a 13:00 h.<\/li>\n<\/ul>\n<p>La secretaria estar\u00e0 tancada el mes d\u2019agost i durant les vacances de Nadal&hellip;  <a href=\"https:\/\/agora.xtec.cat\/iessalvadorvilaseca\/secretaria\/horari-datencio-al-public\/\" title=\"Read Horari d&#8217;atenci\u00f3 al p\u00fablic\">Llegeix m\u00e9s\u00bb<\/a><\/p>\n","protected":false},"author":3,"featured_media":0,"parent":81,"menu_order":0,"comment_status":"closed","ping_status":"closed","template":"","meta":{"_bbp_topic_count":0,"_bbp_reply_count":0,"_bbp_total_topic_count":0,"_bbp_total_reply_count":0,"_bbp_voice_count":0,"_bbp_anonymous_reply_count":0,"_bbp_topic_count_hidden":0,"_bbp_reply_count_hidden":0,"_bbp_forum_subforum_count":0,"footnotes":""},"class_list":["post-6336","page","type-page","status-publish","hentry"],"post_mailing_queue_ids":[],"_links":{"self":[{"href":"https:\/\/agora.xtec.cat\/iessalvadorvilaseca\/wp-json\/wp\/v2\/pages\/6336","targetHints":{"allow":["GET"]}}],"collection":[{"href":"https:\/\/agora.xtec.cat\/iessalvadorvilaseca\/wp-json\/wp\/v2\/pages"}],"about":[{"href":"https:\/\/agora.xtec.cat\/iessalvadorvilaseca\/wp-json\/wp\/v2\/types\/page"}],"author":[{"embeddable":true,"href":"https:\/\/agora.xtec.cat\/iessalvadorvilaseca\/wp-json\/wp\/v2\/users\/3"}],"replies":[{"embeddable":true,"href":"https:\/\/agora.xtec.cat\/iessalvadorvilaseca\/wp-json\/wp\/v2\/comments?post=6336"}],"version-history":[{"count":3,"href":"https:\/\/agora.xtec.cat\/iessalvadorvilaseca\/wp-json\/wp\/v2\/pages\/6336\/revisions"}],"predecessor-version":[{"id":8454,"href":"https:\/\/agora.xtec.cat\/iessalvadorvilaseca\/wp-json\/wp\/v2\/pages\/6336\/revisions\/8454"}],"up":[{"embeddable":true,"href":"https:\/\/agora.xtec.cat\/iessalvadorvilaseca\/wp-json\/wp\/v2\/pages\/81"}],"wp:attachment":[{"href":"https:\/\/agora.xtec.cat\/iessalvadorvilaseca\/wp-json\/wp\/v2\/media?parent=6336"}],"curies":[{"name":"wp","href":"https:\/\/api.w.org\/{rel}","templated":true}]}}