{"id":520,"date":"2016-07-19T13:22:59","date_gmt":"2016-07-19T12:22:59","guid":{"rendered":"http:\/\/agora.xtec.cat\/iessalvadorvilaseca\/?page_id=520"},"modified":"2016-07-19T13:23:12","modified_gmt":"2016-07-19T12:23:12","slug":"gaudi-estudiant-a-reus","status":"publish","type":"page","link":"https:\/\/agora.xtec.cat\/iessalvadorvilaseca\/linstitut\/historia\/gaudi-estudiant-a-reus\/","title":{"rendered":"Gaud\u00ed estudiant a Reus"},"content":{"rendered":"<h4><b>Gaud\u00ed estudiant<\/b><\/h4>\n<p>Gaud\u00ed va estudiar a l&#8217;escola del mestre Berenguer, al carrer de Monterols de Reus, on va aprendre les primeres lletres, i despr\u00e9s va anar al Col\u00b7legi dels Pares Escolapis de Reus, al convent de Sant Francesc, edifici que actualment ocupa l&#8217;INS Salvador Vilaseca.<\/p>\n<p>Va estudiar als Pares Escolapis des del curs 1863-64 fins al setembre de 1868. Llavors tenia 16 anys i es va traslladar amb la seva fam\u00edlia a Barcelona per acabar els estudis de batxillerat i iniciar els estudis de preparaci\u00f3 per a accedir a la carrera universit\u00e0ria. Als 21 anys va ingressar a l&#8217;Escola d&#8217;Arquitectura de Barcelona.<\/p>\n<p>En els anys de primera joventut va comen\u00e7ar a albirar projectes i treballs, com el de reconstrucci\u00f3 del monestir de Poblet, aix\u00ed com tamb\u00e9 va participar, juntament amb Eduard Toda i Josep Ribera, en la revista estudiantil \u00a8El Arlequ\u00edn\u00a8.<\/p>\n<p>\u00c9s f\u00e0cil imaginar-se el Gaud\u00ed adolescent a la biblioteca, al laboratori de ci\u00e8ncies naturals fent experiments, a les aules aprenent la geometria d&#8217;Euclides.Tamb\u00e9, pel claustre de l&#8217;Institut, pel jard\u00ed, fent els seus primers dibuixos de totes les formes i models de la natura que tant va reproduir despr\u00e9s en els seus projectes. Aquesta natura que ell anomenava sempre la \u00a8meva Mestra\u00a8 i que tenia com a marc de refer\u00e8ncia la zona del Camp de Tarragona, caracteritzada per ser una zona t\u00edpicament mediterr\u00e0nia, amb una gran lluminositat i cromatitzaci\u00f3.<\/p>\n<p>&nbsp;<\/p>\n","protected":false},"excerpt":{"rendered":"<p>Gaud\u00ed estudiant<br \/>\nGaud\u00ed va estudiar a l&#8217;escola del mestre Berenguer, al carrer de Monterols de Reus, on va aprendre les primeres lletres, i despr\u00e9s va anar al Col\u00b7legi dels Pares Escolapis de Reus, al convent de Sant Francesc, edifici que actualment ocupa l&#8217;INS Salvador Vilaseca.<br \/>\nVa estudiar&hellip;  <a href=\"https:\/\/agora.xtec.cat\/iessalvadorvilaseca\/linstitut\/historia\/gaudi-estudiant-a-reus\/\" title=\"Read Gaud\u00ed estudiant a Reus\">Llegeix m\u00e9s\u00bb<\/a><\/p>\n","protected":false},"author":1,"featured_media":0,"parent":27,"menu_order":0,"comment_status":"closed","ping_status":"closed","template":"page-templates\/side-menu.php","meta":{"_bbp_topic_count":0,"_bbp_reply_count":0,"_bbp_total_topic_count":0,"_bbp_total_reply_count":0,"_bbp_voice_count":0,"_bbp_anonymous_reply_count":0,"_bbp_topic_count_hidden":0,"_bbp_reply_count_hidden":0,"_bbp_forum_subforum_count":0,"footnotes":""},"class_list":["post-520","page","type-page","status-publish","hentry"],"post_mailing_queue_ids":[],"_links":{"self":[{"href":"https:\/\/agora.xtec.cat\/iessalvadorvilaseca\/wp-json\/wp\/v2\/pages\/520","targetHints":{"allow":["GET"]}}],"collection":[{"href":"https:\/\/agora.xtec.cat\/iessalvadorvilaseca\/wp-json\/wp\/v2\/pages"}],"about":[{"href":"https:\/\/agora.xtec.cat\/iessalvadorvilaseca\/wp-json\/wp\/v2\/types\/page"}],"author":[{"embeddable":true,"href":"https:\/\/agora.xtec.cat\/iessalvadorvilaseca\/wp-json\/wp\/v2\/users\/1"}],"replies":[{"embeddable":true,"href":"https:\/\/agora.xtec.cat\/iessalvadorvilaseca\/wp-json\/wp\/v2\/comments?post=520"}],"version-history":[{"count":1,"href":"https:\/\/agora.xtec.cat\/iessalvadorvilaseca\/wp-json\/wp\/v2\/pages\/520\/revisions"}],"predecessor-version":[{"id":521,"href":"https:\/\/agora.xtec.cat\/iessalvadorvilaseca\/wp-json\/wp\/v2\/pages\/520\/revisions\/521"}],"up":[{"embeddable":true,"href":"https:\/\/agora.xtec.cat\/iessalvadorvilaseca\/wp-json\/wp\/v2\/pages\/27"}],"wp:attachment":[{"href":"https:\/\/agora.xtec.cat\/iessalvadorvilaseca\/wp-json\/wp\/v2\/media?parent=520"}],"curies":[{"name":"wp","href":"https:\/\/api.w.org\/{rel}","templated":true}]}}

Gaudí estudiant a Reus

<h4><b>Gaudí estudiant</b></h4>
<p>Gaudí va estudiar a l&#8217;escola del mestre Berenguer, al carrer de Monterols de Reus, on va aprendre les primeres lletres, i després va anar al Col·legi dels Pares Escolapis de Reus, al convent de Sant Francesc, edifici que actualment ocupa l&#8217;INS Salvador Vilaseca.</p>
<p>Va estudiar als Pares Escolapis des del curs 1863-64 fins al setembre de 1868. Llavors tenia 16 anys i es va traslladar amb la seva família a Barcelona per acabar els estudis de batxillerat i iniciar els estudis de preparació per a accedir a la carrera universitària. Als 21 anys va ingressar a l&#8217;Escola d&#8217;Arquitectura de Barcelona.</p>
<p>En els anys de primera joventut va començar a albirar projectes i treballs, com el de reconstrucció del monestir de Poblet, així com també va participar, juntament amb Eduard Toda i Josep Ribera, en la revista estudiantil ¨El Arlequín¨.</p>
<p>És fàcil imaginar-se el Gaudí adolescent a la biblioteca, al laboratori de ciències naturals fent experiments, a les aules aprenent la geometria d&#8217;Euclides.També, pel claustre de l&#8217;Institut, pel jardí, fent els seus primers dibuixos de totes les formes i models de la natura que tant va reproduir després en els seus projectes. Aquesta natura que ell anomenava sempre la ¨meva Mestra¨ i que tenia com a marc de referència la zona del Camp de Tarragona, caracteritzada per ser una zona típicament mediterrània, amb una gran lluminositat i cromatització.</p>
<p>&nbsp;</p>

<p>Gaudí estudiant<br />
Gaudí va estudiar a l&#8217;escola del mestre Berenguer, al carrer de Monterols de Reus, on va aprendre les primeres lletres, i després va anar al Col·legi dels Pares Escolapis de Reus, al convent de Sant Francesc, edifici que actualment ocupa l&#8217;INS Salvador Vilaseca.<br />
Va estudiar&hellip;  <a href="https://agora.xtec.cat/iessalvadorvilaseca/linstitut/historia/gaudi-estudiant-a-reus/" title="Read Gaudí estudiant a Reus">Llegeix més»</a></p>
