{"id":511,"date":"2016-07-19T12:51:19","date_gmt":"2016-07-19T11:51:19","guid":{"rendered":"http:\/\/agora.xtec.cat\/iessalvadorvilaseca\/?page_id=511"},"modified":"2016-07-19T13:10:55","modified_gmt":"2016-07-19T12:10:55","slug":"125-anys-densenyament","status":"publish","type":"page","link":"https:\/\/agora.xtec.cat\/iessalvadorvilaseca\/linstitut\/historia\/125-anys-densenyament\/","title":{"rendered":"125 Anys d&#8217;Ensenyament"},"content":{"rendered":"<p><b>125 Anys d&#8217;Ensenyament Secundari als Instituts de Reus<a href=\"http:\/\/agora.xtec.cat\/iessalvadorvilaseca\/wp-content\/uploads\/usu1231\/2016\/07\/logo125anys.jpg\"><br \/>\n<\/a><\/b><\/p>\n<p>L&#8217;any 1875 l&#8217;Ajuntament de Reus va cedir a l&#8217;Estat l&#8217;edifici de l&#8217;antic convent dels franciscans per tal qu\u00e8 fos utilitzat com a centre d&#8217;ensenyament mitj\u00e0.<\/p>\n<p>Van comen\u00e7ar aix\u00ed l&#8217;any 1875, a l&#8217;edifici de l&#8217;antic convent, els ensenyaments mitjans de forma oficial a la ciutat de Reus. El nom imposat al centre va ser Instituto de Segunda Ense\u00f1anza de Reus i Eugeni Mata va ser el primer director.<\/p>\n<p>El curs 1972-1973 l&#8217;Institut Gaud\u00ed, que \u00e9s com s&#8217;anomenva el centre des del 1951, es trasllad\u00e0 a l&#8217;edifici actual del Barri Gaud\u00ed i el curs 1975-76 va celebrar el seu primer centenari.<\/p>\n<p>A l&#8217;edifici del convent francisc\u00e0 van continuar els estudis d&#8217;ensenyament mitj\u00e0 i el curs 1974-75 es va crear el Instituto de Batxillerato Mixto n\u00famero 2. El claustre de professors va decidir imposar al centre el nom de Salvador Vilaseca, en homenatge al metge i arque\u00f2leg reusenc Salvador Vilaseca i Anguera. El juliol del 1975 el Ministerio de Educaci\u00f3n y Ciencia va concedir oficialment el nom, l&#8217;abril del mateix any el Doctor Vilaseca va morir.<\/p>\n<p>El curs 2000-2001 es van celebrar els 125 Anys d&#8217;Ensenyament Secundari als Instituts de Reus, 125 anys de l&#8217;Institut Gaud\u00ed i 25 anys de l&#8217;Institut Salvador Vilaseca.<\/p>\n<p>Durant els darrers anys la llista d&#8217;Instituts d&#8217;Ensenyament Secundari de la ciutat de Reus s&#8217;ha ampliat i actualment consta de 8 Instituts d&#8217;Educaci\u00f3 Secund\u00e0ria:<\/p>\n<p>IES Gaud\u00ed<br \/>\nIES Salvador Vilaseca<br \/>\nIES Baix Camp<br \/>\nIES Gabriel Ferrater<br \/>\nIES Dom\u00e8nech i Muntaner<br \/>\nIES Josep Tapir\u00f3<br \/>\nIES d&#8217;Horticultura i Jardineria<br \/>\nIES Roseta Mauri<\/p>\n<p><b>Actes destacats dels 125 Anys<\/b><br \/>\n<b><br \/>\nActe de presentaci\u00f3<\/b><br \/>\nEs va celebrar el 27 d&#8217;octubre de 2000 al Teatre Bartrina, en el transcurs d&#8217;aquest acte es va fer un homenatge als professors jubilats de tots els centres de secund\u00e0ria de Reus i Ramon Gomis va fer una confer\u00e8ncia sobre El futur de la biomedicina al segle XXI.<\/p>\n<table>\n<tbody>\n<tr>\n<td style=\"width: 400px; border-color: #ffffff; background-color: #ffffff;\"><img loading=\"lazy\" decoding=\"async\" class=\"aligncenter size-full wp-image-513\" src=\"http:\/\/agora.xtec.cat\/iessalvadorvilaseca\/wp-content\/uploads\/usu1231\/2016\/07\/logo125anys.jpg\" alt=\"logo125anys\" width=\"245\" height=\"290\" \/><\/td>\n<td style=\"width: 400px; border-color: #ffffff; background-color: #ffffff;\"><a href=\"http:\/\/agora.xtec.cat\/iessalvadorvilaseca\/wp-content\/uploads\/usu1231\/2016\/07\/gaudeamus.jpg\"><img loading=\"lazy\" decoding=\"async\" class=\"aligncenter size-full wp-image-516\" src=\"http:\/\/agora.xtec.cat\/iessalvadorvilaseca\/wp-content\/uploads\/usu1231\/2016\/07\/gaudeamus.jpg\" alt=\"gaudeamus\" width=\"300\" height=\"200\" \/><\/a><\/td>\n<\/tr>\n<tr>\n<td style=\"width: 400px; border-color: #ffffff; background-color: #ffffff;\">Cartell commemoratiu<\/td>\n<td style=\"width: 400px; border-color: #ffffff; background-color: #ffffff;\"><i>Interpretaci\u00f3 de l&#8217;himne \u00a8Gaudeamus\u00a8 a c\u00e0rrec de l&#8217;Orfeo Reusenc, en l&#8217;acte de presentaci\u00f3 de les activitats programades per commemorar els 125 Anys, el 27 doctubre de 2000.<\/i><\/td>\n<\/tr>\n<\/tbody>\n<\/table>\n<p>Taller de Geometria amb bombolles de sab\u00f3<br \/>\nEl 20 de febrer de 2001 es va realitzar a la Sala Polivalent de la Palma un taller adre\u00e7at als alumnes de Batxillerat dels diferents instituts de Reus.<br \/>\nEl taller, a c\u00e0rrec d&#8217;Anton Aubanell, va combinar el poder modelitzador de les matem\u00e0tiques amb un element tan quotidi\u00e0 com s\u00f3n les bombolles de sab\u00f3; precisament l&#8217;any 2000 va ser l&#8217;any mundial de les matem\u00e0tiques.<\/p>\n<table>\n<tbody>\n<tr>\n<td style=\"width: 400px; border-color: #ffffff; background-color: #ffffff;\"><a href=\"http:\/\/agora.xtec.cat\/iessalvadorvilaseca\/wp-content\/uploads\/usu1231\/2016\/07\/xamoros.jpg\"><img loading=\"lazy\" decoding=\"async\" class=\"aligncenter size-full wp-image-518\" src=\"http:\/\/agora.xtec.cat\/iessalvadorvilaseca\/wp-content\/uploads\/usu1231\/2016\/07\/xamoros.jpg\" alt=\"xamoros\" width=\"300\" height=\"202\" \/><\/a><\/td>\n<td style=\"width: 400px; border-color: #ffffff; background-color: #ffffff;\"><a href=\"http:\/\/agora.xtec.cat\/iessalvadorvilaseca\/wp-content\/uploads\/usu1231\/2016\/07\/concursradio.jpg\"><img loading=\"lazy\" decoding=\"async\" class=\"aligncenter size-full wp-image-515\" src=\"http:\/\/agora.xtec.cat\/iessalvadorvilaseca\/wp-content\/uploads\/usu1231\/2016\/07\/concursradio.jpg\" alt=\"concursradio\" width=\"300\" height=\"201\" \/><\/a><\/td>\n<\/tr>\n<tr>\n<td style=\"width: 400px; border-color: #ffffff; background-color: #ffffff;\"><i id=\"yui_3_17_2_2_1468928853870_287\"><span id=\"yui_3_17_2_2_1468928853870_286\">Parlament de Xavier Amor\u00f3s Sol\u00e0 pronunciat en el decurs de la festa que va celebrar-se el 15 de juny de 2001, al pavell\u00f3 firal de la ciutat.<\/span><\/i><\/td>\n<td style=\"width: 400px; border-color: #ffffff; background-color: #ffffff;\"><i>Final del concurs \u00a8Ni solta ni volta\u00a8, guanyador del II Premi Reus de Comunicaci\u00f3 Jordi Costa i Riera de nous projectes per a un programa juvenil de r\u00e0dio en catal\u00e0. L&#8217;acte es va celebrar el 14 de juny al teatre<br \/>\nde l&#8217;IES Baix Camp.<\/i><\/td>\n<\/tr>\n<\/tbody>\n<\/table>\n<p><b>Confer\u00e8ncies<\/b><br \/>\nEls ensenyaments a l&#8217;Institut de Reus, el 27 de febrer de 2001, a c\u00e0rrec de M. Teresa Pitarch.<\/p>\n<p>L&#8217;adolesc\u00e8ncia avui, el 14 de mar\u00e7 de 2001, a c\u00e0rrec de Salvador Card\u00fas.<\/p>\n<p>L&#8217;obra d&#8217;Antoni Gaud\u00ed, el 7 de maig de 2001, a c\u00e0rrec de Juan Jos\u00e9 Lahuerta.<\/p>\n<p><b>Representaci\u00f3 teatral<\/b><br \/>\nUn grup d&#8217;alumnes dels IES de Reus va preparar un muntatge esc\u00e8nic sota la direcci\u00f3 del grup Natural Clown Killers. La representaci\u00f3 d&#8217;aquest muntatge es realitz\u00e0 el dia 31 de maig de 2001 a la Palma.<\/p>\n<table>\n<tbody>\n<tr>\n<td style=\"border-color: #ffffff; background-color: #ffffff;\"><a href=\"http:\/\/agora.xtec.cat\/iessalvadorvilaseca\/wp-content\/uploads\/usu1231\/2016\/07\/representacio.jpg\"><img loading=\"lazy\" decoding=\"async\" class=\"aligncenter size-full wp-image-517\" src=\"http:\/\/agora.xtec.cat\/iessalvadorvilaseca\/wp-content\/uploads\/usu1231\/2016\/07\/representacio.jpg\" alt=\"representacio\" width=\"300\" height=\"201\" \/><\/a><\/td>\n<\/tr>\n<tr>\n<td style=\"border-color: #ffffff; width: 400px;\"><i>Representaci\u00f3 teatral, interpretada per un grup d&#8217;alumnes procedents dels diferents instituts de Reus, de l&#8217;obra \u00a8Ad Libitum\u00a8, dirigida pel grup\u00a8Natural Clown Killers\u00a8. La representaci\u00f3 tingu\u00e9 lloc a la Palma<br \/>\nel 31 de maig de 2001<\/i><\/td>\n<\/tr>\n<\/tbody>\n<\/table>\n<p><b>Trobada d&#8217;antics alumnes i professors<\/b><br \/>\nEl 15 de juny de 2001, l&#8217;IES Gaud\u00ed i l&#8217;IES Salvador Vilaseca van obrir les seves portes per acollir la trobada. A continuaci\u00f3 es va fer un sopar als locals de la Fira de Reus.<\/p>\n<p><b>Concert de rock<\/b><br \/>\nEl dia 15 de juny de 2001 es va celebrar al parc de Sant Jordi, un concert de Rock, a c\u00e0rrec del grup Whiskins.<br \/>\nEn el decurs d&#8217;aquest concert es va presentar la can\u00e7\u00f3 guanyadora del concurs CAT canta, i es van donar els premis del concurs Ni solta ni volta.<\/p>\n<p><b>Acte de cloenda <\/b><br \/>\nEs va celebrar el 12 de desembre de 2001 al Teatre Bartrina, en el transcurs d&#8217;aquest acte es va presentar el llibre commemoratiu dels 125 Anys.<\/p>\n<p><b>El Llibre dels 125 Anys<\/b><\/p>\n<p>Com a final de la commemoraci\u00f3 dels 125 anys es va editar un llibre que recull els actes que es van celebrar, fotografies antigues, records de l&#8217;Institut, fotografies actuals dels diferents centres i diferents articles relacionats amb la hist\u00f2ria de l&#8217;Institut i amb l&#8217;educaci\u00f3 en general.<\/p>\n<p>La lletra impresa ens va oferir la possibilitat de reproduir totes les activitats realitzades i de preservar l&#8217;entusiasme i la vitalitat de la iniciativa en un volum ple d&#8217;imatges de tots aquests anys.<\/p>\n<p>L&#8217;edici\u00f3 d&#8217;aquest volum va ser possible gr\u00e0cies a la col\u00b7laboraci\u00f3 econ\u00f2mica de l&#8217;Ajuntament de Reus.<\/p>\n","protected":false},"excerpt":{"rendered":"<p>125 Anys d&#8217;Ensenyament Secundari als Instituts de Reus<a href=\"http:\/\/agora.xtec.cat\/iessalvadorvilaseca\/wp-content\/uploads\/usu1231\/2016\/07\/logo125anys.jpg\"><br \/>\n<\/a><br \/>\nL&#8217;any 1875 l&#8217;Ajuntament de Reus va cedir a l&#8217;Estat l&#8217;edifici de l&#8217;antic convent dels franciscans per tal qu\u00e8 fos utilitzat com a centre d&#8217;ensenyament mitj\u00e0.<br \/>\nVan comen\u00e7ar aix\u00ed l&#8217;any 1875, a l&#8217;edifici de l&#8217;antic convent, els ensenyaments mitjans&hellip;  <a href=\"https:\/\/agora.xtec.cat\/iessalvadorvilaseca\/linstitut\/historia\/125-anys-densenyament\/\" title=\"Read 125 Anys d&#8217;Ensenyament\">Llegeix m\u00e9s\u00bb<\/a><\/p>\n","protected":false},"author":1,"featured_media":0,"parent":27,"menu_order":0,"comment_status":"closed","ping_status":"closed","template":"page-templates\/side-menu.php","meta":{"_bbp_topic_count":0,"_bbp_reply_count":0,"_bbp_total_topic_count":0,"_bbp_total_reply_count":0,"_bbp_voice_count":0,"_bbp_anonymous_reply_count":0,"_bbp_topic_count_hidden":0,"_bbp_reply_count_hidden":0,"_bbp_forum_subforum_count":0,"footnotes":""},"class_list":["post-511","page","type-page","status-publish","hentry"],"post_mailing_queue_ids":[],"_links":{"self":[{"href":"https:\/\/agora.xtec.cat\/iessalvadorvilaseca\/wp-json\/wp\/v2\/pages\/511","targetHints":{"allow":["GET"]}}],"collection":[{"href":"https:\/\/agora.xtec.cat\/iessalvadorvilaseca\/wp-json\/wp\/v2\/pages"}],"about":[{"href":"https:\/\/agora.xtec.cat\/iessalvadorvilaseca\/wp-json\/wp\/v2\/types\/page"}],"author":[{"embeddable":true,"href":"https:\/\/agora.xtec.cat\/iessalvadorvilaseca\/wp-json\/wp\/v2\/users\/1"}],"replies":[{"embeddable":true,"href":"https:\/\/agora.xtec.cat\/iessalvadorvilaseca\/wp-json\/wp\/v2\/comments?post=511"}],"version-history":[{"count":3,"href":"https:\/\/agora.xtec.cat\/iessalvadorvilaseca\/wp-json\/wp\/v2\/pages\/511\/revisions"}],"predecessor-version":[{"id":519,"href":"https:\/\/agora.xtec.cat\/iessalvadorvilaseca\/wp-json\/wp\/v2\/pages\/511\/revisions\/519"}],"up":[{"embeddable":true,"href":"https:\/\/agora.xtec.cat\/iessalvadorvilaseca\/wp-json\/wp\/v2\/pages\/27"}],"wp:attachment":[{"href":"https:\/\/agora.xtec.cat\/iessalvadorvilaseca\/wp-json\/wp\/v2\/media?parent=511"}],"curies":[{"name":"wp","href":"https:\/\/api.w.org\/{rel}","templated":true}]}}

<p><b>125 Anys d&#8217;Ensenyament Secundari als Instituts de Reus<a href="http://agora.xtec.cat/iessalvadorvilaseca/wp-content/uploads/usu1231/2016/07/logo125anys.jpg"><br />
</a></b></p>
<p>L&#8217;any 1875 l&#8217;Ajuntament de Reus va cedir a l&#8217;Estat l&#8217;edifici de l&#8217;antic convent dels franciscans per tal què fos utilitzat com a centre d&#8217;ensenyament mitjà.</p>
<p>Van començar així l&#8217;any 1875, a l&#8217;edifici de l&#8217;antic convent, els ensenyaments mitjans de forma oficial a la ciutat de Reus. El nom imposat al centre va ser Instituto de Segunda Enseñanza de Reus i Eugeni Mata va ser el primer director.</p>
<p>El curs 1972-1973 l&#8217;Institut Gaudí, que és com s&#8217;anomenva el centre des del 1951, es traslladà a l&#8217;edifici actual del Barri Gaudí i el curs 1975-76 va celebrar el seu primer centenari.</p>
<p>A l&#8217;edifici del convent franciscà van continuar els estudis d&#8217;ensenyament mitjà i el curs 1974-75 es va crear el Instituto de Batxillerato Mixto número 2. El claustre de professors va decidir imposar al centre el nom de Salvador Vilaseca, en homenatge al metge i arqueòleg reusenc Salvador Vilaseca i Anguera. El juliol del 1975 el Ministerio de Educación y Ciencia va concedir oficialment el nom, l&#8217;abril del mateix any el Doctor Vilaseca va morir.</p>
<p>El curs 2000-2001 es van celebrar els 125 Anys d&#8217;Ensenyament Secundari als Instituts de Reus, 125 anys de l&#8217;Institut Gaudí i 25 anys de l&#8217;Institut Salvador Vilaseca.</p>
<p>Durant els darrers anys la llista d&#8217;Instituts d&#8217;Ensenyament Secundari de la ciutat de Reus s&#8217;ha ampliat i actualment consta de 8 Instituts d&#8217;Educació Secundària:</p>
<p>IES Gaudí<br />
IES Salvador Vilaseca<br />
IES Baix Camp<br />
IES Gabriel Ferrater<br />
IES Domènech i Muntaner<br />
IES Josep Tapiró<br />
IES d&#8217;Horticultura i Jardineria<br />
IES Roseta Mauri</p>
<p><b>Actes destacats dels 125 Anys</b><br />
<b><br />
Acte de presentació</b><br />
Es va celebrar el 27 d&#8217;octubre de 2000 al Teatre Bartrina, en el transcurs d&#8217;aquest acte es va fer un homenatge als professors jubilats de tots els centres de secundària de Reus i Ramon Gomis va fer una conferència sobre El futur de la biomedicina al segle XXI.</p>
<table>
<tbody>
<tr>
<td style="width: 400px; border-color: #ffffff; background-color: #ffffff;"><img loading="lazy" decoding="async" class="aligncenter size-full wp-image-513" src="http://agora.xtec.cat/iessalvadorvilaseca/wp-content/uploads/usu1231/2016/07/logo125anys.jpg" alt="logo125anys" width="245" height="290" /></td>
<td style="width: 400px; border-color: #ffffff; background-color: #ffffff;"><a href="http://agora.xtec.cat/iessalvadorvilaseca/wp-content/uploads/usu1231/2016/07/gaudeamus.jpg"><img loading="lazy" decoding="async" class="aligncenter size-full wp-image-516" src="http://agora.xtec.cat/iessalvadorvilaseca/wp-content/uploads/usu1231/2016/07/gaudeamus.jpg" alt="gaudeamus" width="300" height="200" /></a></td>
</tr>
<tr>
<td style="width: 400px; border-color: #ffffff; background-color: #ffffff;">Cartell commemoratiu</td>
<td style="width: 400px; border-color: #ffffff; background-color: #ffffff;"><i>Interpretació de l&#8217;himne ¨Gaudeamus¨ a càrrec de l&#8217;Orfeo Reusenc, en l&#8217;acte de presentació de les activitats programades per commemorar els 125 Anys, el 27 doctubre de 2000.</i></td>
</tr>
</tbody>
</table>
<p>Taller de Geometria amb bombolles de sabó<br />
El 20 de febrer de 2001 es va realitzar a la Sala Polivalent de la Palma un taller adreçat als alumnes de Batxillerat dels diferents instituts de Reus.<br />
El taller, a càrrec d&#8217;Anton Aubanell, va combinar el poder modelitzador de les matemàtiques amb un element tan quotidià com són les bombolles de sabó; precisament l&#8217;any 2000 va ser l&#8217;any mundial de les matemàtiques.</p>
<table>
<tbody>
<tr>
<td style="width: 400px; border-color: #ffffff; background-color: #ffffff;"><a href="http://agora.xtec.cat/iessalvadorvilaseca/wp-content/uploads/usu1231/2016/07/xamoros.jpg"><img loading="lazy" decoding="async" class="aligncenter size-full wp-image-518" src="http://agora.xtec.cat/iessalvadorvilaseca/wp-content/uploads/usu1231/2016/07/xamoros.jpg" alt="xamoros" width="300" height="202" /></a></td>
<td style="width: 400px; border-color: #ffffff; background-color: #ffffff;"><a href="http://agora.xtec.cat/iessalvadorvilaseca/wp-content/uploads/usu1231/2016/07/concursradio.jpg"><img loading="lazy" decoding="async" class="aligncenter size-full wp-image-515" src="http://agora.xtec.cat/iessalvadorvilaseca/wp-content/uploads/usu1231/2016/07/concursradio.jpg" alt="concursradio" width="300" height="201" /></a></td>
</tr>
<tr>
<td style="width: 400px; border-color: #ffffff; background-color: #ffffff;"><i id="yui_3_17_2_2_1468928853870_287"><span id="yui_3_17_2_2_1468928853870_286">Parlament de Xavier Amorós Solà pronunciat en el decurs de la festa que va celebrar-se el 15 de juny de 2001, al pavelló firal de la ciutat.</span></i></td>
<td style="width: 400px; border-color: #ffffff; background-color: #ffffff;"><i>Final del concurs ¨Ni solta ni volta¨, guanyador del II Premi Reus de Comunicació Jordi Costa i Riera de nous projectes per a un programa juvenil de ràdio en català. L&#8217;acte es va celebrar el 14 de juny al teatre<br />
de l&#8217;IES Baix Camp.</i></td>
</tr>
</tbody>
</table>
<p><b>Conferències</b><br />
Els ensenyaments a l&#8217;Institut de Reus, el 27 de febrer de 2001, a càrrec de M. Teresa Pitarch.</p>
<p>L&#8217;adolescència avui, el 14 de març de 2001, a càrrec de Salvador Cardús.</p>
<p>L&#8217;obra d&#8217;Antoni Gaudí, el 7 de maig de 2001, a càrrec de Juan José Lahuerta.</p>
<p><b>Representació teatral</b><br />
Un grup d&#8217;alumnes dels IES de Reus va preparar un muntatge escènic sota la direcció del grup Natural Clown Killers. La representació d&#8217;aquest muntatge es realitzà el dia 31 de maig de 2001 a la Palma.</p>
<table>
<tbody>
<tr>
<td style="border-color: #ffffff; background-color: #ffffff;"><a href="http://agora.xtec.cat/iessalvadorvilaseca/wp-content/uploads/usu1231/2016/07/representacio.jpg"><img loading="lazy" decoding="async" class="aligncenter size-full wp-image-517" src="http://agora.xtec.cat/iessalvadorvilaseca/wp-content/uploads/usu1231/2016/07/representacio.jpg" alt="representacio" width="300" height="201" /></a></td>
</tr>
<tr>
<td style="border-color: #ffffff; width: 400px;"><i>Representació teatral, interpretada per un grup d&#8217;alumnes procedents dels diferents instituts de Reus, de l&#8217;obra ¨Ad Libitum¨, dirigida pel grup¨Natural Clown Killers¨. La representació tingué lloc a la Palma<br />
el 31 de maig de 2001</i></td>
</tr>
</tbody>
</table>
<p><b>Trobada d&#8217;antics alumnes i professors</b><br />
El 15 de juny de 2001, l&#8217;IES Gaudí i l&#8217;IES Salvador Vilaseca van obrir les seves portes per acollir la trobada. A continuació es va fer un sopar als locals de la Fira de Reus.</p>
<p><b>Concert de rock</b><br />
El dia 15 de juny de 2001 es va celebrar al parc de Sant Jordi, un concert de Rock, a càrrec del grup Whiskins.<br />
En el decurs d&#8217;aquest concert es va presentar la cançó guanyadora del concurs CAT canta, i es van donar els premis del concurs Ni solta ni volta.</p>
<p><b>Acte de cloenda </b><br />
Es va celebrar el 12 de desembre de 2001 al Teatre Bartrina, en el transcurs d&#8217;aquest acte es va presentar el llibre commemoratiu dels 125 Anys.</p>
<p><b>El Llibre dels 125 Anys</b></p>
<p>Com a final de la commemoració dels 125 anys es va editar un llibre que recull els actes que es van celebrar, fotografies antigues, records de l&#8217;Institut, fotografies actuals dels diferents centres i diferents articles relacionats amb la història de l&#8217;Institut i amb l&#8217;educació en general.</p>
<p>La lletra impresa ens va oferir la possibilitat de reproduir totes les activitats realitzades i de preservar l&#8217;entusiasme i la vitalitat de la iniciativa en un volum ple d&#8217;imatges de tots aquests anys.</p>
<p>L&#8217;edició d&#8217;aquest volum va ser possible gràcies a la col·laboració econòmica de l&#8217;Ajuntament de Reus.</p>

<p>125 Anys d&#8217;Ensenyament Secundari als Instituts de Reus<a href="http://agora.xtec.cat/iessalvadorvilaseca/wp-content/uploads/usu1231/2016/07/logo125anys.jpg"><br />
</a><br />
L&#8217;any 1875 l&#8217;Ajuntament de Reus va cedir a l&#8217;Estat l&#8217;edifici de l&#8217;antic convent dels franciscans per tal què fos utilitzat com a centre d&#8217;ensenyament mitjà.<br />
Van començar així l&#8217;any 1875, a l&#8217;edifici de l&#8217;antic convent, els ensenyaments mitjans&hellip;  <a href="https://agora.xtec.cat/iessalvadorvilaseca/linstitut/historia/125-anys-densenyament/" title="Read 125 Anys d&#8217;Ensenyament">Llegeix més»</a></p>
