{"id":3045,"date":"2019-12-04T19:39:23","date_gmt":"2019-12-04T18:39:23","guid":{"rendered":"http:\/\/agora.xtec.cat\/iessalvadorvilaseca\/?page_id=3045"},"modified":"2024-03-05T08:33:48","modified_gmt":"2024-03-05T07:33:48","slug":"acords-del-consell-escolar","status":"publish","type":"page","link":"https:\/\/agora.xtec.cat\/iessalvadorvilaseca\/projecte-educatiu\/acords-del-consell-escolar\/","title":{"rendered":"Import aportacions volunt\u00e0ries de les fam\u00edlies"},"content":{"rendered":"<p>En formalitzar la matr\u00edcula per al curs vinent, les fam\u00edlies abonen les seg\u00fcents quantitats per alumne.<\/p>\n<ul>\n<li>Alumnes d&#8217;ESO: 25,00 \u20ac. Per als alumnes de primer i segon d&#8217;ESO que el curs 2023-2024 tenen reconegut l&#8217;informe NESE b per situacions socioecon\u00f2miques desafavorides estan exempts de fer aquest pagament.<\/li>\n<li>Alumnes de batxillerat: 30,00 \u20ac<\/li>\n<\/ul>\n<p>Aquests imports van destinats a la compra de material escolar.<\/p>\n<ul>\n<li>Quota cooperativa llibres de lectura: 8,00 \u20ac<\/li>\n<\/ul>\n","protected":false},"excerpt":{"rendered":"<p>En formalitzar la matr\u00edcula per al curs vinent, les fam\u00edlies abonen les seg\u00fcents quantitats per alumne.<\/p>\n<ul>\n<li>Alumnes d&#8217;ESO: 25,00 \u20ac. Per als alumnes de primer i segon d&#8217;ESO que el curs 2023-2024 tenen reconegut l&#8217;informe NESE b per situacions socioecon\u00f2miques desafavorides estan exempts de fer aquest&hellip;  <a href=\"https:\/\/agora.xtec.cat\/iessalvadorvilaseca\/projecte-educatiu\/acords-del-consell-escolar\/\" title=\"Read Import aportacions volunt\u00e0ries de les fam\u00edlies\">Llegeix m\u00e9s\u00bb<\/a><br \/>\n","protected":false},"author":3,"featured_media":0,"parent":57,"menu_order":0,"comment_status":"closed","ping_status":"closed","template":"","meta":{"_bbp_topic_count":0,"_bbp_reply_count":0,"_bbp_total_topic_count":0,"_bbp_total_reply_count":0,"_bbp_voice_count":0,"_bbp_anonymous_reply_count":0,"_bbp_topic_count_hidden":0,"_bbp_reply_count_hidden":0,"_bbp_forum_subforum_count":0,"footnotes":""},"class_list":["post-3045","page","type-page","status-publish","hentry"],"post_mailing_queue_ids":[],"_links":{"self":[{"href":"https:\/\/agora.xtec.cat\/iessalvadorvilaseca\/wp-json\/wp\/v2\/pages\/3045","targetHints":{"allow":["GET"]}}],"collection":[{"href":"https:\/\/agora.xtec.cat\/iessalvadorvilaseca\/wp-json\/wp\/v2\/pages"}],"about":[{"href":"https:\/\/agora.xtec.cat\/iessalvadorvilaseca\/wp-json\/wp\/v2\/types\/page"}],"author":[{"embeddable":true,"href":"https:\/\/agora.xtec.cat\/iessalvadorvilaseca\/wp-json\/wp\/v2\/users\/3"}],"replies":[{"embeddable":true,"href":"https:\/\/agora.xtec.cat\/iessalvadorvilaseca\/wp-json\/wp\/v2\/comments?post=3045"}],"version-history":[{"count":5,"href":"https:\/\/agora.xtec.cat\/iessalvadorvilaseca\/wp-json\/wp\/v2\/pages\/3045\/revisions"}],"predecessor-version":[{"id":7260,"href":"https:\/\/agora.xtec.cat\/iessalvadorvilaseca\/wp-json\/wp\/v2\/pages\/3045\/revisions\/7260"}],"up":[{"embeddable":true,"href":"https:\/\/agora.xtec.cat\/iessalvadorvilaseca\/wp-json\/wp\/v2\/pages\/57"}],"wp:attachment":[{"href":"https:\/\/agora.xtec.cat\/iessalvadorvilaseca\/wp-json\/wp\/v2\/media?parent=3045"}],"curies":[{"name":"wp","href":"https:\/\/api.w.org\/{rel}","templated":true}]}}