{"id":3073,"date":"2020-07-01T13:33:32","date_gmt":"2020-07-01T11:33:32","guid":{"rendered":"https:\/\/agora.xtec.cat\/iessalvadorsegui\/?page_id=3073"},"modified":"2023-02-06T09:58:08","modified_gmt":"2023-02-06T08:58:08","slug":"instancia-a-secretaria","status":"publish","type":"page","link":"https:\/\/agora.xtec.cat\/iessalvadorsegui\/secretaria\/tramits\/instancia-a-secretaria\/","title":{"rendered":"Inst\u00e0ncia a secretaria"},"content":{"rendered":"<p style=\"text-align: justify;\">Per fer una inst\u00e0ncia a secretaria has de fer servir aquest <a href=\"https:\/\/agora.xtec.cat\/iessalvadorsegui\/wp-content\/uploads\/usu2033\/2020\/07\/DOCUMENT-INST\u00c0NCIA-2.pdf\">DOCUMENT <\/a>.<\/p>\n<p style=\"text-align: justify;\"><strong>Procediment<\/strong>: Enviar el document signat, el DNI\/NIE\/passaport i la documentaci\u00f3 adjunta si escau, per correu a <a href=\"mailto:secretaria@salvadorsegui.net\" target=\"_blank\" rel=\"noopener noreferrer\">secretaria@salvadorsegui.net<\/a><\/p>\n<p style=\"text-align: justify;\">Poseu en assumpte del correu electr\u00f2nic:<strong> <span style=\"color: #ff0000;\">Inst\u00e0ncia<\/span><\/strong><\/p>\n<p style=\"text-align: justify;\">En cas de no poder fer el tr\u00e0mit presencialment, la persona que l\u2019hagi de fer ha de portar aquesta AUTORITZACI\u00d3: <a href=\"https:\/\/agora.xtec.cat\/iessalvadorsegui\/wp-content\/uploads\/usu2033\/2020\/11\/Document-autoritzaci\u00f3-realitzaci\u00f3-tr\u00e0mit.pdf\">Document autoritzaci\u00f3 realitzaci\u00f3 tr\u00e0mit<\/a>, degudament complimentada i acompanyada de la documentaci\u00f3 acreditativa.<\/p>\n","protected":false},"excerpt":{"rendered":"<p>Per fer una inst\u00e0ncia a secretaria has de fer servir aquest DOCUMENT . Procediment: Enviar el document signat, el DNI\/NIE\/passaport i la documentaci\u00f3 adjunta si escau, per correu a secretaria@salvadorsegui.net Poseu en assumpte del correu electr\u00f2nic: Inst\u00e0ncia En cas de no poder fer el tr\u00e0mit presencialment, la persona que l\u2019hagi de fer ha de portar [&hellip;]<\/p>\n","protected":false},"author":12,"featured_media":0,"parent":1069,"menu_order":8,"comment_status":"closed","ping_status":"closed","template":"page-templates\/side-menu.php","meta":{"_bbp_topic_count":0,"_bbp_reply_count":0,"_bbp_total_topic_count":0,"_bbp_total_reply_count":0,"_bbp_voice_count":0,"_bbp_anonymous_reply_count":0,"_bbp_topic_count_hidden":0,"_bbp_reply_count_hidden":0,"_bbp_forum_subforum_count":0,"site-sidebar-layout":"default","site-content-layout":"","ast-site-content-layout":"","site-content-style":"default","site-sidebar-style":"default","ast-global-header-display":"","ast-banner-title-visibility":"","ast-main-header-display":"","ast-hfb-above-header-display":"","ast-hfb-below-header-display":"","ast-hfb-mobile-header-display":"","site-post-title":"","ast-breadcrumbs-content":"","ast-featured-img":"","footer-sml-layout":"","theme-transparent-header-meta":"","adv-header-id-meta":"","stick-header-meta":"","header-above-stick-meta":"","header-main-stick-meta":"","header-below-stick-meta":"","astra-migrate-meta-layouts":"default","ast-page-background-enabled":"default","ast-page-background-meta":{"desktop":{"background-color":"var(--ast-global-color-4)","background-image":"","background-repeat":"repeat","background-position":"center center","background-size":"auto","background-attachment":"scroll","background-type":"","background-media":"","overlay-type":"","overlay-color":"","overlay-opacity":"","overlay-gradient":""},"tablet":{"background-color":"","background-image":"","background-repeat":"repeat","background-position":"center center","background-size":"auto","background-attachment":"scroll","background-type":"","background-media":"","overlay-type":"","overlay-color":"","overlay-opacity":"","overlay-gradient":""},"mobile":{"background-color":"","background-image":"","background-repeat":"repeat","background-position":"center center","background-size":"auto","background-attachment":"scroll","background-type":"","background-media":"","overlay-type":"","overlay-color":"","overlay-opacity":"","overlay-gradient":""}},"ast-content-background-meta":{"desktop":{"background-color":"var(--ast-global-color-5)","background-image":"","background-repeat":"repeat","background-position":"center center","background-size":"auto","background-attachment":"scroll","background-type":"","background-media":"","overlay-type":"","overlay-color":"","overlay-opacity":"","overlay-gradient":""},"tablet":{"background-color":"var(--ast-global-color-5)","background-image":"","background-repeat":"repeat","background-position":"center center","background-size":"auto","background-attachment":"scroll","background-type":"","background-media":"","overlay-type":"","overlay-color":"","overlay-opacity":"","overlay-gradient":""},"mobile":{"background-color":"var(--ast-global-color-5)","background-image":"","background-repeat":"repeat","background-position":"center center","background-size":"auto","background-attachment":"scroll","background-type":"","background-media":"","overlay-type":"","overlay-color":"","overlay-opacity":"","overlay-gradient":""}},"footnotes":""},"class_list":["post-3073","page","type-page","status-publish","hentry"],"post_mailing_queue_ids":[],"_links":{"self":[{"href":"https:\/\/agora.xtec.cat\/iessalvadorsegui\/wp-json\/wp\/v2\/pages\/3073","targetHints":{"allow":["GET"]}}],"collection":[{"href":"https:\/\/agora.xtec.cat\/iessalvadorsegui\/wp-json\/wp\/v2\/pages"}],"about":[{"href":"https:\/\/agora.xtec.cat\/iessalvadorsegui\/wp-json\/wp\/v2\/types\/page"}],"author":[{"embeddable":true,"href":"https:\/\/agora.xtec.cat\/iessalvadorsegui\/wp-json\/wp\/v2\/users\/12"}],"replies":[{"embeddable":true,"href":"https:\/\/agora.xtec.cat\/iessalvadorsegui\/wp-json\/wp\/v2\/comments?post=3073"}],"version-history":[{"count":3,"href":"https:\/\/agora.xtec.cat\/iessalvadorsegui\/wp-json\/wp\/v2\/pages\/3073\/revisions"}],"predecessor-version":[{"id":6819,"href":"https:\/\/agora.xtec.cat\/iessalvadorsegui\/wp-json\/wp\/v2\/pages\/3073\/revisions\/6819"}],"up":[{"embeddable":true,"href":"https:\/\/agora.xtec.cat\/iessalvadorsegui\/wp-json\/wp\/v2\/pages\/1069"}],"wp:attachment":[{"href":"https:\/\/agora.xtec.cat\/iessalvadorsegui\/wp-json\/wp\/v2\/media?parent=3073"}],"curies":[{"name":"wp","href":"https:\/\/api.w.org\/{rel}","templated":true}]}}