{"id":1086,"date":"2020-03-31T14:57:43","date_gmt":"2020-03-31T12:57:43","guid":{"rendered":"https:\/\/agora.xtec.cat\/iessalvadorsegui\/?page_id=1086"},"modified":"2025-09-23T08:58:03","modified_gmt":"2025-09-23T06:58:03","slug":"idalu-numero-didentificacio-de-lalumne","status":"publish","type":"page","link":"https:\/\/agora.xtec.cat\/iessalvadorsegui\/secretaria\/tramits\/idalu-numero-didentificacio-de-lalumne\/","title":{"rendered":"Certificats de matr\u00edcula, de qualificacions o altres"},"content":{"rendered":"<p style=\"text-align: justify;\"><span style=\"font-weight: 400;\">Existeixen diversos tipus de certificats, els m\u00e9s habituals s\u00f3n:<\/span><\/p>\n<ul>\n<li><span style=\"font-weight: 400;\">\u00a0 Certificat de matr\u00edcula<\/span><\/li>\n<li><span style=\"font-weight: 400;\"> \u00a0 Certificat de qualificacions<\/span><\/li>\n<li>\u00a0 Certificat de qualificacions per la universitat<\/li>\n<\/ul>\n<p><strong>Per presentar la sol\u00b7licitud, <\/strong>caldr\u00e0 que omplis el <strong><a href=\"https:\/\/docs.google.com\/forms\/d\/e\/1FAIpQLSc_YA6QrmCOz-2t8XdESjlJstpNyFFxyrixh8gErHk6dppjZg\/viewform?gxids=7628\">FORMULARI<\/a><\/strong><\/p>\n<p style=\"text-align: justify;\">El certificat <strong>s&#8217;enviar\u00e0 al mateix correu del sol\u00b7licitant, 7 dies laborables despr\u00e9s<\/strong> d\u2019haver presentat la sol\u00b7licitud. Cada <strong>canvi<\/strong> en el certificat implica un nou periode de realitzaci\u00f3.<\/p>\n<p style=\"text-align: justify;\"><span style=\"font-weight: 400;\"><strong>Nota informativa :<\/strong> <\/span><\/p>\n<ul>\n<li style=\"text-align: justify;\"><span style=\"font-weight: 400;\">La persona que l\u2019hagi de recollir presencialment, si no \u00e9s el\/la titular, ha de portar la seg\u00fcent AUTORITZACI\u00d3: <a href=\"https:\/\/agora.xtec.cat\/iessalvadorsegui\/wp-content\/uploads\/usu2033\/2020\/11\/Document-autoritzaci\u00f3-realitzaci\u00f3-tr\u00e0mit.pdf\">Document autoritzaci\u00f3 realitzaci\u00f3 tr\u00e0mit<\/a>, degudament complimentada i acompanyada de la documentaci\u00f3 acreditativa.<\/span><\/li>\n<\/ul>\n<p><strong>En cas de dubte o problemes amb el formulari, contactar amb secretaria@salvadorsegui.net<\/strong><\/p>\n","protected":false},"excerpt":{"rendered":"<p>Existeixen diversos tipus de certificats, els m\u00e9s habituals s\u00f3n: \u00a0 Certificat de matr\u00edcula \u00a0 Certificat de qualificacions \u00a0 Certificat de qualificacions per la universitat Per presentar la sol\u00b7licitud, caldr\u00e0 que omplis el FORMULARI El certificat s&#8217;enviar\u00e0 al mateix correu del sol\u00b7licitant, 7 dies laborables despr\u00e9s d\u2019haver presentat la sol\u00b7licitud. Cada canvi en el certificat implica [&hellip;]<\/p>\n","protected":false},"author":12,"featured_media":0,"parent":1069,"menu_order":1,"comment_status":"closed","ping_status":"closed","template":"","meta":{"_bbp_topic_count":0,"_bbp_reply_count":0,"_bbp_total_topic_count":0,"_bbp_total_reply_count":0,"_bbp_voice_count":0,"_bbp_anonymous_reply_count":0,"_bbp_topic_count_hidden":0,"_bbp_reply_count_hidden":0,"_bbp_forum_subforum_count":0,"site-sidebar-layout":"default","site-content-layout":"","ast-site-content-layout":"default","site-content-style":"default","site-sidebar-style":"default","ast-global-header-display":"","ast-banner-title-visibility":"","ast-main-header-display":"","ast-hfb-above-header-display":"","ast-hfb-below-header-display":"","ast-hfb-mobile-header-display":"","site-post-title":"","ast-breadcrumbs-content":"","ast-featured-img":"","footer-sml-layout":"","theme-transparent-header-meta":"","adv-header-id-meta":"","stick-header-meta":"","header-above-stick-meta":"","header-main-stick-meta":"","header-below-stick-meta":"","astra-migrate-meta-layouts":"set","ast-page-background-enabled":"default","ast-page-background-meta":{"desktop":{"background-color":"var(--ast-global-color-4)","background-image":"","background-repeat":"repeat","background-position":"center center","background-size":"auto","background-attachment":"scroll","background-type":"","background-media":"","overlay-type":"","overlay-color":"","overlay-opacity":"","overlay-gradient":""},"tablet":{"background-color":"","background-image":"","background-repeat":"repeat","background-position":"center center","background-size":"auto","background-attachment":"scroll","background-type":"","background-media":"","overlay-type":"","overlay-color":"","overlay-opacity":"","overlay-gradient":""},"mobile":{"background-color":"","background-image":"","background-repeat":"repeat","background-position":"center center","background-size":"auto","background-attachment":"scroll","background-type":"","background-media":"","overlay-type":"","overlay-color":"","overlay-opacity":"","overlay-gradient":""}},"ast-content-background-meta":{"desktop":{"background-color":"var(--ast-global-color-5)","background-image":"","background-repeat":"repeat","background-position":"center center","background-size":"auto","background-attachment":"scroll","background-type":"","background-media":"","overlay-type":"","overlay-color":"","overlay-opacity":"","overlay-gradient":""},"tablet":{"background-color":"var(--ast-global-color-5)","background-image":"","background-repeat":"repeat","background-position":"center center","background-size":"auto","background-attachment":"scroll","background-type":"","background-media":"","overlay-type":"","overlay-color":"","overlay-opacity":"","overlay-gradient":""},"mobile":{"background-color":"var(--ast-global-color-5)","background-image":"","background-repeat":"repeat","background-position":"center center","background-size":"auto","background-attachment":"scroll","background-type":"","background-media":"","overlay-type":"","overlay-color":"","overlay-opacity":"","overlay-gradient":""}},"footnotes":""},"class_list":["post-1086","page","type-page","status-publish","hentry"],"post_mailing_queue_ids":[],"_links":{"self":[{"href":"https:\/\/agora.xtec.cat\/iessalvadorsegui\/wp-json\/wp\/v2\/pages\/1086","targetHints":{"allow":["GET"]}}],"collection":[{"href":"https:\/\/agora.xtec.cat\/iessalvadorsegui\/wp-json\/wp\/v2\/pages"}],"about":[{"href":"https:\/\/agora.xtec.cat\/iessalvadorsegui\/wp-json\/wp\/v2\/types\/page"}],"author":[{"embeddable":true,"href":"https:\/\/agora.xtec.cat\/iessalvadorsegui\/wp-json\/wp\/v2\/users\/12"}],"replies":[{"embeddable":true,"href":"https:\/\/agora.xtec.cat\/iessalvadorsegui\/wp-json\/wp\/v2\/comments?post=1086"}],"version-history":[{"count":5,"href":"https:\/\/agora.xtec.cat\/iessalvadorsegui\/wp-json\/wp\/v2\/pages\/1086\/revisions"}],"predecessor-version":[{"id":9959,"href":"https:\/\/agora.xtec.cat\/iessalvadorsegui\/wp-json\/wp\/v2\/pages\/1086\/revisions\/9959"}],"up":[{"embeddable":true,"href":"https:\/\/agora.xtec.cat\/iessalvadorsegui\/wp-json\/wp\/v2\/pages\/1069"}],"wp:attachment":[{"href":"https:\/\/agora.xtec.cat\/iessalvadorsegui\/wp-json\/wp\/v2\/media?parent=1086"}],"curies":[{"name":"wp","href":"https:\/\/api.w.org\/{rel}","templated":true}]}}