{"id":81,"date":"2014-09-18T10:38:05","date_gmt":"2014-09-18T10:38:05","guid":{"rendered":"http:\/\/agora.xtec.cat\/iessalvadorespriu-salt\/?page_id=81"},"modified":"2025-01-25T11:21:22","modified_gmt":"2025-01-25T10:21:22","slug":"secretaria","status":"publish","type":"page","link":"https:\/\/agora.xtec.cat\/iessalvadorespriu-salt\/secretaria\/","title":{"rendered":"Secretaria"},"content":{"rendered":"<p><a href=\"https:\/\/agora.xtec.cat\/iessalvadorespriu-salt\/wp-content\/uploads\/usu2103\/2021\/04\/Service.jpg\"><img loading=\"lazy\" decoding=\"async\" class=\"alignright wp-image-1648\" src=\"https:\/\/agora.xtec.cat\/iessalvadorespriu-salt\/wp-content\/uploads\/usu2103\/2021\/04\/Service-300x146.jpg\" alt=\"\" width=\"343\" height=\"167\" srcset=\"https:\/\/agora.xtec.cat\/iessalvadorespriu-salt\/wp-content\/uploads\/usu2103\/2021\/04\/Service-300x146.jpg 300w, https:\/\/agora.xtec.cat\/iessalvadorespriu-salt\/wp-content\/uploads\/usu2103\/2021\/04\/Service-768x373.jpg 768w, https:\/\/agora.xtec.cat\/iessalvadorespriu-salt\/wp-content\/uploads\/usu2103\/2021\/04\/Service.jpg 1019w\" sizes=\"auto, (max-width: 343px) 100vw, 343px\" \/><\/a>La Secretaria de l&#8217;Institut Espriu ofereix tant atenci\u00f3 presencial com a dist\u00e0ncia (<a href=\"https:\/\/agora.xtec.cat\/iessalvadorespriu-salt\/local\/\">localitzaci\u00f3<\/a>).<\/p>\n<p>Per a informaci\u00f3 general, us recomanem que <strong>abans<\/strong> d&#8217;adre\u00e7ar-vos a la Secretaria <strong>consulteu els continguts de la p\u00e0gina web<\/strong>. L&#8217;atenci\u00f3 a dist\u00e0ncia (per correu electr\u00f2nic o per tel\u00e8fon) us pot estalviar despla\u00e7aments.<\/p>\n<h4><span style=\"color: #0000ff;\"><strong>Horari<\/strong><\/span><\/h4>\n<p>L&#8217;<strong>horari<\/strong> d&#8217;atenci\u00f3 al p\u00fablic \u00e9s:<\/p>\n<ul>\n<li style=\"list-style-type: none;\">\n<ul>\n<li><strong>Presencial<\/strong>: l&#8217;horari de les Oficines \u00e9s <strong>de dilluns a divendres de 9:00 a 13:00<\/strong> (\u00e9s preferible acudir amb cita pr\u00e8via, trucant per tel\u00e8fon)<\/li>\n<li>Per <strong>tel\u00e8fon<\/strong> (en horari d&#8217;Oficina), trucant al 972 240 246<\/li>\n<\/ul>\n<\/li>\n<\/ul>\n<p>Atenci\u00f3 <strong>telem\u00e0tica<\/strong>, per e-mail: b7003203<span class=\"\">@xtec.cat<\/span><\/p>\n<h4><strong><span style=\"color: #0000ff;\">Ajuda temes concrets<\/span><br \/>\n<\/strong><\/h4>\n<ul>\n<li style=\"list-style-type: none;\">\n<ul>\n<li><a href=\"https:\/\/drive.google.com\/file\/d\/1za1ssJdkFH2SYG6KnMu1iOJzkzV3HAVk\/view?usp=sharing\" target=\"_blank\" rel=\"noopener noreferrer\">Com fer pagaments amb targeta des d&#8217;un ordinador?<\/a><\/li>\n<li><a href=\"https:\/\/agora.xtec.cat\/iessalvadorespriu-salt\/local\/\">Localitzaci\u00f3 del centre i petici\u00f3 de serveis<\/a><\/li>\n<\/ul>\n<\/li>\n<\/ul>\n<ul>\n<li style=\"list-style-type: none;\"><\/li>\n<\/ul>\n<h4><span style=\"color: #0000ff;\">Preguntes freq\u00fcents<\/span><\/h4>\n<p>Potser trobi <strong>la resposta o orientaci\u00f3<\/strong> sobre les q\u00fcestions que desitja saber a algun d&#8217;aquests reculls:<\/p>\n<ul>\n<li style=\"list-style-type: none;\">\n<ul>\n<li><a href=\"https:\/\/docs.google.com\/spreadsheets\/u\/1\/d\/e\/2PACX-1vRVgau9k7tuf2LGkqY0WjO7fItNf13r6MdbCxIP88L0mtUSSQ37ip22KYSPEu7Xdz0YubyThhPld8bz\/pubhtml?gid=490245052&amp;single=true\" target=\"_blank\" rel=\"noopener\">PMF\/FAQ d&#8217;alumnat<\/a><\/li>\n<li><a href=\"https:\/\/docs.google.com\/spreadsheets\/u\/1\/d\/e\/2PACX-1vRVgau9k7tuf2LGkqY0WjO7fItNf13r6MdbCxIP88L0mtUSSQ37ip22KYSPEu7Xdz0YubyThhPld8bz\/pubhtml?gid=1359927625&amp;single=true\" target=\"_blank\" rel=\"noopener\">PMF\/FAQ de la comunitat educativa<\/a><\/li>\n<\/ul>\n<\/li>\n<\/ul>\n","protected":false},"excerpt":{"rendered":"<p><a href=\"https:\/\/agora.xtec.cat\/iessalvadorespriu-salt\/wp-content\/uploads\/usu2103\/2021\/04\/Service.jpg\"><\/a>La Secretaria de l&#8217;Institut Espriu ofereix tant atenci\u00f3 presencial com a dist\u00e0ncia (<a href=\"https:\/\/agora.xtec.cat\/iessalvadorespriu-salt\/local\/\">localitzaci\u00f3<\/a>).<br \/>\nPer a informaci\u00f3 general, us recomanem que abans d&#8217;adre\u00e7ar-vos a la Secretaria consulteu els continguts de la p\u00e0gina web. L&#8217;atenci\u00f3 a dist\u00e0ncia (per correu electr\u00f2nic o per tel\u00e8fon) us pot estalviar&hellip;  <a href=\"https:\/\/agora.xtec.cat\/iessalvadorespriu-salt\/secretaria\/\" title=\"Read Secretaria\">Llegeix m\u00e9s\u00bb<\/a><\/p>\n","protected":false},"author":1,"featured_media":0,"parent":0,"menu_order":0,"comment_status":"closed","ping_status":"closed","template":"page-templates\/side-menu.php","meta":{"_bbp_topic_count":0,"_bbp_reply_count":0,"_bbp_total_topic_count":0,"_bbp_total_reply_count":0,"_bbp_voice_count":0,"_bbp_anonymous_reply_count":0,"_bbp_topic_count_hidden":0,"_bbp_reply_count_hidden":0,"_bbp_forum_subforum_count":0,"footnotes":""},"class_list":["post-81","page","type-page","status-publish","hentry"],"post_mailing_queue_ids":[],"_links":{"self":[{"href":"https:\/\/agora.xtec.cat\/iessalvadorespriu-salt\/wp-json\/wp\/v2\/pages\/81","targetHints":{"allow":["GET"]}}],"collection":[{"href":"https:\/\/agora.xtec.cat\/iessalvadorespriu-salt\/wp-json\/wp\/v2\/pages"}],"about":[{"href":"https:\/\/agora.xtec.cat\/iessalvadorespriu-salt\/wp-json\/wp\/v2\/types\/page"}],"author":[{"embeddable":true,"href":"https:\/\/agora.xtec.cat\/iessalvadorespriu-salt\/wp-json\/wp\/v2\/users\/1"}],"replies":[{"embeddable":true,"href":"https:\/\/agora.xtec.cat\/iessalvadorespriu-salt\/wp-json\/wp\/v2\/comments?post=81"}],"version-history":[{"count":6,"href":"https:\/\/agora.xtec.cat\/iessalvadorespriu-salt\/wp-json\/wp\/v2\/pages\/81\/revisions"}],"predecessor-version":[{"id":6135,"href":"https:\/\/agora.xtec.cat\/iessalvadorespriu-salt\/wp-json\/wp\/v2\/pages\/81\/revisions\/6135"}],"wp:attachment":[{"href":"https:\/\/agora.xtec.cat\/iessalvadorespriu-salt\/wp-json\/wp\/v2\/media?parent=81"}],"curies":[{"name":"wp","href":"https:\/\/api.w.org\/{rel}","templated":true}]}}