{"id":7540,"date":"2026-04-29T13:04:55","date_gmt":"2026-04-29T11:04:55","guid":{"rendered":"https:\/\/agora.xtec.cat\/iessalvadorespriu-salt\/?page_id=7540"},"modified":"2026-04-30T03:08:16","modified_gmt":"2026-04-30T01:08:16","slug":"agenda-destacada","status":"publish","type":"page","link":"https:\/\/agora.xtec.cat\/iessalvadorespriu-salt\/agenda-destacada\/","title":{"rendered":"Agenda destacada \/ Not\u00edcies recents"},"content":{"rendered":"<p style=\"text-align: left;\"><span style=\"color: #ff0000;\">\ud83d\udcc5 <strong>AGENDA DESTACADA i NOT\u00cdCIES RECENTS<\/strong><\/span><\/p>\n<ul>\n<li><span style=\"color: #0000ff;\"><strong>Calendari<\/strong><\/span>: es recorda que el divendres 1 de maig \u00e9s festiu, i el dilluns 4 tamb\u00e9 (dia no lectiu de lliure elecci\u00f3)<strong>. Les classes reprenen el dimarts 5 de maig<\/strong><\/li>\n<li><span style=\"color: #0000ff;\"><strong>Campanya de beques per a estudis postobligatoris<\/strong><\/span>: <a href=\"https:\/\/espai.educacio.gencat.cat\/Departament\/Comunicacio\/Noticies\/Pagines\/campanya-beques-postob.aspx\" target=\"_blank\" rel=\"noopener\">acc\u00e9s<\/a><\/li>\n<li><span style=\"color: #0000ff;\"><strong>FP &#8211; Ex\u00e0mens de compleci\u00f3 SMX<\/strong><\/span>: <a href=\"https:\/\/drive.google.com\/file\/d\/11IlvBgwtIe8lHIITCehbCUdOcAk9N4qJ\/view?usp=drive_link\" target=\"_blank\" rel=\"noopener\">indicacions<\/a> &#8211; <a href=\"https:\/\/drive.google.com\/file\/d\/1wYYgXSNQ5XlhLDN6x1ZxGt1KofGd3cL_\/view?usp=drive_link\" target=\"_blank\" rel=\"noopener\">calendari i horaris<\/a>\u00a0(vegeu <a href=\"https:\/\/padlet.com\/espriusalt\/tauler-d-anuncis-de-l-espriu-qbzwrexuslyvqnrw\" target=\"_blank\" rel=\"noopener\">Tauler<\/a>)<\/li>\n<li><strong><span style=\"color: #0000ff;\">Erasmus FP<\/span><\/strong>:\n<ul>\n<li><strong>cursos estiu per a docents: <\/strong>prioritzaci\u00f3 definitiva (vegeu <a href=\"https:\/\/padlet.com\/espriusalt\/tauler-d-anuncis-de-l-espriu-qbzwrexuslyvqnrw\" target=\"_blank\" rel=\"noopener\">Tauler<\/a>)<\/li>\n<li>publicada la <strong>prioritzaci\u00f3 definitiva per mobilitat FP<\/strong> als Pa\u00efsos Baixos (vegeu <a href=\"https:\/\/padlet.com\/espriusalt\/tauler-d-anuncis-de-l-espriu-qbzwrexuslyvqnrw\" target=\"_blank\" rel=\"noopener\">Tauler<\/a>)<\/li>\n<\/ul>\n<\/li>\n<li><span style=\"color: #0000ff;\"><b>Jornada de Portes Obertes 2026 <\/b><\/span><span style=\"color: #ff0000;\"><span style=\"color: #000000;\">(<a href=\"https:\/\/agora.xtec.cat\/iessalvadorespriu-salt\/secretaria\/jornades-portes-obertes\/\" target=\"_blank\" rel=\"noopener\">Informaci\u00f3<\/a><\/span><\/span>)\n<ul>\n<li><b>ESO, Batxillerat, CFGM i PFI<\/b>: ja realitzades<\/li>\n<\/ul>\n<\/li>\n<li><strong><span style=\"color: #0000ff;\">Preinscripcions 2026<\/span>:<\/strong>\n<ul>\n<li><strong>Batxillerat<\/strong>: del 9 al 16 d&#8217;abril de 2026 &gt;&gt;&gt; <a href=\"https:\/\/agora.xtec.cat\/iessalvadorespriu-salt\/secretaria\/preinscripcions\/bat\/\">inscripci\u00f3<\/a><\/li>\n<li><strong>ESO<\/strong>: ja realitzades<\/li>\n<\/ul>\n<\/li>\n<li><strong><span style=\"color: #0000ff;\">50\u00e8 aniversari de l&#8217;Institut<\/span>:\u00a0<\/strong><strong>actualitzaci\u00f3<\/strong> de dades (<a href=\"https:\/\/forms.gle\/5DpfvhgM1Hw3ugio6\" target=\"_blank\" rel=\"noopener\">Formulari<\/a>) &#8211;\u00a0<a href=\"mailto:50@espriusalt.cat\" target=\"_blank\" rel=\"noopener\">Email de contacte<\/a><\/li>\n<\/ul>\n<hr \/>\n<p><span style=\"color: #0000ff;\"><strong>Refer\u00e8ncia<\/strong>: V03-26 (30\/03\/26). DIR. Aquesta p\u00e0gina pot quedar obsoleta un cop impresa.<\/span><\/p>\n","protected":false},"excerpt":{"rendered":"<p>\ud83d\udcc5 AGENDA DESTACADA i NOT\u00cdCIES RECENTS Calendari: es recorda que el divendres 1 de maig \u00e9s festiu, i el dilluns 4 tamb\u00e9 (dia no lectiu de lliure elecci\u00f3). Les classes reprenen el dimarts 5 de maig Campanya de beques per a estudis postobligatoris: acc\u00e9s FP &#8211; Ex\u00e0mens de compleci\u00f3 SMX: indicacions &#8211; calendari i horaris\u00a0(vegeu [&hellip;]<\/p>\n","protected":false},"author":4,"featured_media":0,"parent":0,"menu_order":0,"comment_status":"closed","ping_status":"closed","template":"","meta":{"_bbp_topic_count":0,"_bbp_reply_count":0,"_bbp_total_topic_count":0,"_bbp_total_reply_count":0,"_bbp_voice_count":0,"_bbp_anonymous_reply_count":0,"_bbp_topic_count_hidden":0,"_bbp_reply_count_hidden":0,"_bbp_forum_subforum_count":0,"site-sidebar-layout":"no-sidebar","site-content-layout":"","ast-site-content-layout":"default","site-content-style":"default","site-sidebar-style":"default","ast-global-header-display":"","ast-banner-title-visibility":"","ast-main-header-display":"","ast-hfb-above-header-display":"","ast-hfb-below-header-display":"","ast-hfb-mobile-header-display":"","site-post-title":"","ast-breadcrumbs-content":"","ast-featured-img":"","footer-sml-layout":"","theme-transparent-header-meta":"default","adv-header-id-meta":"","stick-header-meta":"","header-above-stick-meta":"","header-main-stick-meta":"","header-below-stick-meta":"","astra-migrate-meta-layouts":"set","ast-page-background-enabled":"default","ast-page-background-meta":{"desktop":{"background-color":"var(--ast-global-color-4)","background-image":"","background-repeat":"repeat","background-position":"center center","background-size":"auto","background-attachment":"scroll","background-type":"","background-media":"","overlay-type":"","overlay-color":"","overlay-opacity":"","overlay-gradient":""},"tablet":{"background-color":"","background-image":"","background-repeat":"repeat","background-position":"center center","background-size":"auto","background-attachment":"scroll","background-type":"","background-media":"","overlay-type":"","overlay-color":"","overlay-opacity":"","overlay-gradient":""},"mobile":{"background-color":"","background-image":"","background-repeat":"repeat","background-position":"center center","background-size":"auto","background-attachment":"scroll","background-type":"","background-media":"","overlay-type":"","overlay-color":"","overlay-opacity":"","overlay-gradient":""}},"ast-content-background-meta":{"desktop":{"background-color":"var(--ast-global-color-5)","background-image":"","background-repeat":"repeat","background-position":"center center","background-size":"auto","background-attachment":"scroll","background-type":"","background-media":"","overlay-type":"","overlay-color":"","overlay-opacity":"","overlay-gradient":""},"tablet":{"background-color":"var(--ast-global-color-5)","background-image":"","background-repeat":"repeat","background-position":"center center","background-size":"auto","background-attachment":"scroll","background-type":"","background-media":"","overlay-type":"","overlay-color":"","overlay-opacity":"","overlay-gradient":""},"mobile":{"background-color":"var(--ast-global-color-5)","background-image":"","background-repeat":"repeat","background-position":"center center","background-size":"auto","background-attachment":"scroll","background-type":"","background-media":"","overlay-type":"","overlay-color":"","overlay-opacity":"","overlay-gradient":""}},"footnotes":""},"class_list":["post-7540","page","type-page","status-publish","hentry"],"post_mailing_queue_ids":[],"_links":{"self":[{"href":"https:\/\/agora.xtec.cat\/iessalvadorespriu-salt\/wp-json\/wp\/v2\/pages\/7540","targetHints":{"allow":["GET"]}}],"collection":[{"href":"https:\/\/agora.xtec.cat\/iessalvadorespriu-salt\/wp-json\/wp\/v2\/pages"}],"about":[{"href":"https:\/\/agora.xtec.cat\/iessalvadorespriu-salt\/wp-json\/wp\/v2\/types\/page"}],"author":[{"embeddable":true,"href":"https:\/\/agora.xtec.cat\/iessalvadorespriu-salt\/wp-json\/wp\/v2\/users\/4"}],"replies":[{"embeddable":true,"href":"https:\/\/agora.xtec.cat\/iessalvadorespriu-salt\/wp-json\/wp\/v2\/comments?post=7540"}],"version-history":[{"count":4,"href":"https:\/\/agora.xtec.cat\/iessalvadorespriu-salt\/wp-json\/wp\/v2\/pages\/7540\/revisions"}],"predecessor-version":[{"id":7583,"href":"https:\/\/agora.xtec.cat\/iessalvadorespriu-salt\/wp-json\/wp\/v2\/pages\/7540\/revisions\/7583"}],"wp:attachment":[{"href":"https:\/\/agora.xtec.cat\/iessalvadorespriu-salt\/wp-json\/wp\/v2\/media?parent=7540"}],"curies":[{"name":"wp","href":"https:\/\/api.w.org\/{rel}","templated":true}]}}

Agenda destacada / Notícies recents

<p style="text-align: left;"><span style="color: #ff0000;">📅 <strong>AGENDA DESTACADA i NOTÍCIES RECENTS</strong></span></p>
<ul>
<li><span style="color: #0000ff;"><strong>Calendari</strong></span>: es recorda que el divendres 1 de maig és festiu, i el dilluns 4 també (dia no lectiu de lliure elecció)<strong>. Les classes reprenen el dimarts 5 de maig</strong></li>
<li><span style="color: #0000ff;"><strong>Campanya de beques per a estudis postobligatoris</strong></span>: <a href="https://espai.educacio.gencat.cat/Departament/Comunicacio/Noticies/Pagines/campanya-beques-postob.aspx" target="_blank" rel="noopener">accés</a></li>
<li><span style="color: #0000ff;"><strong>FP &#8211; Exàmens de compleció SMX</strong></span>: <a href="https://drive.google.com/file/d/11IlvBgwtIe8lHIITCehbCUdOcAk9N4qJ/view?usp=drive_link" target="_blank" rel="noopener">indicacions</a> &#8211; <a href="https://drive.google.com/file/d/1wYYgXSNQ5XlhLDN6x1ZxGt1KofGd3cL_/view?usp=drive_link" target="_blank" rel="noopener">calendari i horaris</a> (vegeu <a href="https://padlet.com/espriusalt/tauler-d-anuncis-de-l-espriu-qbzwrexuslyvqnrw" target="_blank" rel="noopener">Tauler</a>)</li>
<li><strong><span style="color: #0000ff;">Erasmus FP</span></strong>:
<ul>
<li><strong>cursos estiu per a docents: </strong>priorització definitiva (vegeu <a href="https://padlet.com/espriusalt/tauler-d-anuncis-de-l-espriu-qbzwrexuslyvqnrw" target="_blank" rel="noopener">Tauler</a>)</li>
<li>publicada la <strong>priorització definitiva per mobilitat FP</strong> als Països Baixos (vegeu <a href="https://padlet.com/espriusalt/tauler-d-anuncis-de-l-espriu-qbzwrexuslyvqnrw" target="_blank" rel="noopener">Tauler</a>)</li>
</ul>
</li>
<li><span style="color: #0000ff;"><b>Jornada de Portes Obertes 2026 </b></span><span style="color: #ff0000;"><span style="color: #000000;">(<a href="https://agora.xtec.cat/iessalvadorespriu-salt/secretaria/jornades-portes-obertes/" target="_blank" rel="noopener">Informació</a></span></span>)
<ul>
<li><b>ESO, Batxillerat, CFGM i PFI</b>: ja realitzades</li>
</ul>
</li>
<li><strong><span style="color: #0000ff;">Preinscripcions 2026</span>:</strong>
<ul>
<li><strong>Batxillerat</strong>: del 9 al 16 d&#8217;abril de 2026 &gt;&gt;&gt; <a href="https://agora.xtec.cat/iessalvadorespriu-salt/secretaria/preinscripcions/bat/">inscripció</a></li>
<li><strong>ESO</strong>: ja realitzades</li>
</ul>
</li>
<li><strong><span style="color: #0000ff;">50è aniversari de l&#8217;Institut</span>: </strong><strong>actualització</strong> de dades (<a href="https://forms.gle/5DpfvhgM1Hw3ugio6" target="_blank" rel="noopener">Formulari</a>) &#8211; <a href="mailto:50@espriusalt.cat" target="_blank" rel="noopener">Email de contacte</a></li>
</ul>
<hr />
<p><span style="color: #0000ff;"><strong>Referència</strong>: V03-26 (30/03/26). DIR. Aquesta pàgina pot quedar obsoleta un cop impresa.</span></p>

<p>📅 AGENDA DESTACADA i NOTÍCIES RECENTS Calendari: es recorda que el divendres 1 de maig és festiu, i el dilluns 4 també (dia no lectiu de lliure elecció). Les classes reprenen el dimarts 5 de maig Campanya de beques per a estudis postobligatoris: accés FP &#8211; Exàmens de compleció SMX: indicacions &#8211; calendari i horaris (vegeu [&hellip;]</p>
