{"id":610,"date":"2020-10-19T01:10:53","date_gmt":"2020-10-18T23:10:53","guid":{"rendered":"https:\/\/agora.xtec.cat\/iessalvadorespriu-salt\/?page_id=610"},"modified":"2021-07-20T08:55:56","modified_gmt":"2021-07-20T06:55:56","slug":"qui-som","status":"publish","type":"page","link":"https:\/\/agora.xtec.cat\/iessalvadorespriu-salt\/associacions\/afa\/qui-som\/","title":{"rendered":"La junta"},"content":{"rendered":"<p>La Junta Directiva \u00e9s l&#8217;\u00f2rgan que regeix, administra i representa l&#8217;AMPA i est\u00e0 composta pel president\/a, el secretari\/\u00e0ria i el tresorer\/a. Tamb\u00e9 hi ha l&#8217;opci\u00f3 de tenir un vice-president i vocals. Aquests c\u00e0rrecs han de ser exercits durant un per\u00edode d&#8217;un any, sense perjudici que puguin ser reelegits, per persones diferents i gratu\u00eftament, sense cobrar res. L&#8217;elecci\u00f3 dels membres de la Junta Directiva, que han de ser socis o s\u00f2cies, es fa per votaci\u00f3 de l&#8217;Assemblea General. Els membres de la Junta Directiva exerceixen el c\u00e0rrec durant un per\u00edode d&#8217;un any, sense perjudici que puguin ser reelegits.<\/p>\n<p>La Junta Directiva s&#8217;encarrega a grans trets de:<\/p>\n<ul>\n<li>Representar, dirigir i administrar l&#8217;associaci\u00f3; complir les decisions preses per l&#8217;Assemblea General.<\/li>\n<li>Prendre els acords que calgui en relaci\u00f3 amb la compareixen\u00e7a davant dels organismes p\u00fablics i per exercir tota mena d&#8217;accions legals.<\/li>\n<li>Proposar a l&#8217;Assemblea General la defensa dels interessos de l&#8217;associaci\u00f3.<\/li>\n<li>Proposar a l&#8217;Assemblea General la defensa de l&#8217;establiment de les quotes que els membres de l&#8217;associaci\u00f3 han de satisfer.<\/li>\n<li>Convocar les assemblees generals i controlar que es compleixin els acords que s&#8217;hi adoptin.<\/li>\n<li>Presentar el balan\u00e7 i l&#8217;estat de comptes de l&#8217;exercici per a l&#8217;aprovaci\u00f3 de l&#8217;Assemblea General i el pressupost de l&#8217;exercici seg\u00fcent.<\/li>\n<li>Contractar els empleats que l&#8217;associaci\u00f3 pugui tenir i\/o els serveis que necessiti.<\/li>\n<li>Inspeccionar la comptabilitat i preocupar-se perqu\u00e8 els serveis funcionin amb normalitat.<\/li>\n<li>Establir grups de treball i nomenar els vocals de la Junta Directiva responsables de cada grup per aconseguir els fins de l&#8217;associaci\u00f3, i autoritzar els actes que es projectin dur a terme.<\/li>\n<li>Dur a terme les gestions necess\u00e0ries davant d&#8217;organismes p\u00fablics, entitats i altres persones.<\/li>\n<\/ul>\n<p>La Junta Directiva de l&#8217;AMPA est\u00e0 integrada per les seg\u00fcents persones:<\/p>\n<table style=\"width: 302px;\">\n<tbody>\n<tr>\n<td style=\"width: 166.6px;\">Xavier Felip<\/td>\n<td style=\"width: 127.4px;\"><strong>President<\/strong><\/td>\n<\/tr>\n<tr>\n<td style=\"width: 166.6px;\">Mar\u00eda Espinoza<\/td>\n<td style=\"width: 127.4px;\"><strong>Secret\u00e0ria<\/strong><\/td>\n<\/tr>\n<tr>\n<td style=\"width: 166.6px;\">M\u00f2nica Molina<\/td>\n<td style=\"width: 127.4px;\"><strong>Tresorera<\/strong><\/td>\n<\/tr>\n<\/tbody>\n<\/table>\n","protected":false},"excerpt":{"rendered":"<p>La Junta Directiva \u00e9s l&#8217;\u00f2rgan que regeix, administra i representa l&#8217;AMPA i est\u00e0 composta pel president\/a, el secretari\/\u00e0ria i el tresorer\/a. Tamb\u00e9 hi ha l&#8217;opci\u00f3 de tenir un vice-president i vocals. Aquests c\u00e0rrecs han de ser exercits durant un per\u00edode d&#8217;un any, sense perjudici que&hellip;  <a href=\"https:\/\/agora.xtec.cat\/iessalvadorespriu-salt\/associacions\/afa\/qui-som\/\" title=\"Read La junta\">Llegeix m\u00e9s\u00bb<\/a><\/p>\n","protected":false},"author":10,"featured_media":0,"parent":608,"menu_order":0,"comment_status":"closed","ping_status":"closed","template":"page-templates\/side-menu.php","meta":{"_bbp_topic_count":0,"_bbp_reply_count":0,"_bbp_total_topic_count":0,"_bbp_total_reply_count":0,"_bbp_voice_count":0,"_bbp_anonymous_reply_count":0,"_bbp_topic_count_hidden":0,"_bbp_reply_count_hidden":0,"_bbp_forum_subforum_count":0,"footnotes":""},"class_list":["post-610","page","type-page","status-publish","hentry"],"post_mailing_queue_ids":[],"_links":{"self":[{"href":"https:\/\/agora.xtec.cat\/iessalvadorespriu-salt\/wp-json\/wp\/v2\/pages\/610","targetHints":{"allow":["GET"]}}],"collection":[{"href":"https:\/\/agora.xtec.cat\/iessalvadorespriu-salt\/wp-json\/wp\/v2\/pages"}],"about":[{"href":"https:\/\/agora.xtec.cat\/iessalvadorespriu-salt\/wp-json\/wp\/v2\/types\/page"}],"author":[{"embeddable":true,"href":"https:\/\/agora.xtec.cat\/iessalvadorespriu-salt\/wp-json\/wp\/v2\/users\/10"}],"replies":[{"embeddable":true,"href":"https:\/\/agora.xtec.cat\/iessalvadorespriu-salt\/wp-json\/wp\/v2\/comments?post=610"}],"version-history":[{"count":3,"href":"https:\/\/agora.xtec.cat\/iessalvadorespriu-salt\/wp-json\/wp\/v2\/pages\/610\/revisions"}],"predecessor-version":[{"id":2217,"href":"https:\/\/agora.xtec.cat\/iessalvadorespriu-salt\/wp-json\/wp\/v2\/pages\/610\/revisions\/2217"}],"up":[{"embeddable":true,"href":"https:\/\/agora.xtec.cat\/iessalvadorespriu-salt\/wp-json\/wp\/v2\/pages\/608"}],"wp:attachment":[{"href":"https:\/\/agora.xtec.cat\/iessalvadorespriu-salt\/wp-json\/wp\/v2\/media?parent=610"}],"curies":[{"name":"wp","href":"https:\/\/api.w.org\/{rel}","templated":true}]}}