{"id":597,"date":"2020-10-19T00:51:06","date_gmt":"2020-10-18T22:51:06","guid":{"rendered":"https:\/\/agora.xtec.cat\/iessalvadorespriu-salt\/?page_id=597"},"modified":"2021-04-21T10:07:08","modified_gmt":"2021-04-21T08:07:08","slug":"beques","status":"publish","type":"page","link":"https:\/\/agora.xtec.cat\/iessalvadorespriu-salt\/secretaria\/beques\/","title":{"rendered":"Beques i ajuts"},"content":{"rendered":"<div class=\"entry-content\">\n<h4><a href=\"https:\/\/agora.xtec.cat\/iessalvadorespriu-salt\/wp-content\/uploads\/usu2103\/2021\/03\/unnamed.jpg\"><img loading=\"lazy\" decoding=\"async\" class=\"wp-image-1558 alignright\" src=\"https:\/\/agora.xtec.cat\/iessalvadorespriu-salt\/wp-content\/uploads\/usu2103\/2021\/03\/unnamed.jpg\" alt=\"\" width=\"352\" height=\"271\" srcset=\"https:\/\/agora.xtec.cat\/iessalvadorespriu-salt\/wp-content\/uploads\/usu2103\/2021\/03\/unnamed.jpg 512w, https:\/\/agora.xtec.cat\/iessalvadorespriu-salt\/wp-content\/uploads\/usu2103\/2021\/03\/unnamed-300x231.jpg 300w\" sizes=\"auto, (max-width: 352px) 100vw, 352px\" \/>Descripci\u00f3 de la informaci\u00f3<\/a><\/h4>\n<p><strong>Ajuts per a alumnat amb necessitat espec\u00edfica amb suport educatiu<\/strong><\/p>\n<ul>\n<li style=\"list-style-type: none;\">\n<ul>\n<li>Es pot consultar al tauler d&#8217;anuncis del centre (durant el temps previst per la normativa). Haureu rebut un missatge al vostre correu electr\u00f2nic (hi ha 10 dies h\u00e0bils per presentar un recurs, si ho considereu oport\u00fa, des del moment de la recepci\u00f3). Si no sortiu en el llistat, vol dir que la vostra beca encara s&#8217;est\u00e0 tramitant i haureu d&#8217;esperar.<\/li>\n<\/ul>\n<\/li>\n<\/ul>\n<p><strong>Beca d&#8217;estudis postobligatoris<\/strong><\/p>\n<ul>\n<li style=\"list-style-type: none;\">\n<ul>\n<li>Es pot consultar al tauler d&#8217;anuncis del centre (durant el temps previst per la normativa). Haureu rebut un missatge al vostre correu electr\u00f2nic (hi ha 10 dies h\u00e0bils per presentar un recurs, si ho considereu oport\u00fa, des del moment de la recepci\u00f3). Si no sortiu en el llistat, vol dir que la vostra beca encara s&#8217;est\u00e0 tramitant i haureu d&#8217;esperar<\/li>\n<\/ul>\n<\/li>\n<\/ul>\n<p><strong>Ajusts individuals de despla\u00e7ament<\/strong><\/p>\n<ul>\n<li style=\"list-style-type: none;\">\n<ul>\n<li>Del 15 de mar\u00e7 al 9 d&#8217;abril, pots demanar un ajut de despla\u00e7ament si:\n<ul>\n<li>estudies ESO i vius a m\u00e9s de 3 km del centre.<\/li>\n<li>ets alumne del SIEI, de la Ma\u00e7ana, de la UEC o fas compartida amb un centre d&#8217;educaci\u00f3 especial i vius a m\u00e9s d&#8217;1 km del centre<\/li>\n<\/ul>\n<\/li>\n<li>Podeu consultar <a href=\"https:\/\/drive.google.com\/file\/d\/1k4Uw1SpkmDY2-UmnTka5i4PI5_B_CeL8\/view?usp=sharing\">les instruccions en aquest enlla\u00e7<\/a><\/li>\n<\/ul>\n<\/li>\n<\/ul>\n<p><strong>Refer\u00e8ncies generals<\/strong><\/p>\n<p>Aqu\u00ed poden trobar una <a href=\"http:\/\/educacio.gencat.cat\/ca\/serveis-tramits\/beques\/\" target=\"_blank\" rel=\"noopener noreferrer\">informaci\u00f3 gen\u00e8rica del Departament d&#8217;Educaci\u00f3<\/a>.<\/p>\n<\/div>\n","protected":false},"excerpt":{"rendered":"<p><a href=\"https:\/\/agora.xtec.cat\/iessalvadorespriu-salt\/wp-content\/uploads\/usu2103\/2021\/03\/unnamed.jpg\">Descripci\u00f3 de la informaci\u00f3<\/a><br \/>\nAjuts per a alumnat amb necessitat espec\u00edfica amb suport educatiu<\/p>\n<ul>\n<li style=\"list-style-type: none;\">\n<ul>\n<li>Es pot consultar al tauler d&#8217;anuncis del centre (durant el temps previst per la normativa). Haureu rebut un missatge al vostre correu electr\u00f2nic (hi ha 10 dies h\u00e0bils per presentar&hellip;  <a href=\"https:\/\/agora.xtec.cat\/iessalvadorespriu-salt\/secretaria\/beques\/\" title=\"Read Beques i ajuts\">Llegeix m\u00e9s\u00bb<\/a><br \/>\n","protected":false},"author":10,"featured_media":0,"parent":81,"menu_order":16,"comment_status":"closed","ping_status":"closed","template":"page-templates\/side-menu.php","meta":{"_bbp_topic_count":0,"_bbp_reply_count":0,"_bbp_total_topic_count":0,"_bbp_total_reply_count":0,"_bbp_voice_count":0,"_bbp_anonymous_reply_count":0,"_bbp_topic_count_hidden":0,"_bbp_reply_count_hidden":0,"_bbp_forum_subforum_count":0,"footnotes":""},"class_list":["post-597","page","type-page","status-publish","hentry"],"post_mailing_queue_ids":[],"_links":{"self":[{"href":"https:\/\/agora.xtec.cat\/iessalvadorespriu-salt\/wp-json\/wp\/v2\/pages\/597","targetHints":{"allow":["GET"]}}],"collection":[{"href":"https:\/\/agora.xtec.cat\/iessalvadorespriu-salt\/wp-json\/wp\/v2\/pages"}],"about":[{"href":"https:\/\/agora.xtec.cat\/iessalvadorespriu-salt\/wp-json\/wp\/v2\/types\/page"}],"author":[{"embeddable":true,"href":"https:\/\/agora.xtec.cat\/iessalvadorespriu-salt\/wp-json\/wp\/v2\/users\/10"}],"replies":[{"embeddable":true,"href":"https:\/\/agora.xtec.cat\/iessalvadorespriu-salt\/wp-json\/wp\/v2\/comments?post=597"}],"version-history":[{"count":4,"href":"https:\/\/agora.xtec.cat\/iessalvadorespriu-salt\/wp-json\/wp\/v2\/pages\/597\/revisions"}],"predecessor-version":[{"id":1743,"href":"https:\/\/agora.xtec.cat\/iessalvadorespriu-salt\/wp-json\/wp\/v2\/pages\/597\/revisions\/1743"}],"up":[{"embeddable":true,"href":"https:\/\/agora.xtec.cat\/iessalvadorespriu-salt\/wp-json\/wp\/v2\/pages\/81"}],"wp:attachment":[{"href":"https:\/\/agora.xtec.cat\/iessalvadorespriu-salt\/wp-json\/wp\/v2\/media?parent=597"}],"curies":[{"name":"wp","href":"https:\/\/api.w.org\/{rel}","templated":true}]}}