{"id":572,"date":"2020-10-19T00:45:20","date_gmt":"2020-10-18T22:45:20","guid":{"rendered":"https:\/\/agora.xtec.cat\/iessalvadorespriu-salt\/?page_id=572"},"modified":"2026-03-19T17:34:24","modified_gmt":"2026-03-19T16:34:24","slug":"erasmus","status":"publish","type":"page","link":"https:\/\/agora.xtec.cat\/iessalvadorespriu-salt\/estudis\/projectes\/erasmus\/","title":{"rendered":"Projectes Erasmus+"},"content":{"rendered":"<table style=\"width: 90.2344%; border-collapse: collapse; border-style: solid; height: 10px;\">\n<tbody>\n<tr style=\"height: 141px;\">\n<td style=\"width: 28.9477%; height: 10px;\"><a href=\"https:\/\/agora.xtec.cat\/iessalvadorespriu-salt\/wp-content\/uploads\/usu2103\/2022\/11\/logo_nat.png\"><img loading=\"lazy\" decoding=\"async\" class=\"wp-image-3745 alignright\" src=\"https:\/\/agora.xtec.cat\/iessalvadorespriu-salt\/wp-content\/uploads\/usu2103\/2022\/11\/logo_nat-300x63.png\" alt=\"\" width=\"343\" height=\"72\" srcset=\"https:\/\/agora.xtec.cat\/iessalvadorespriu-salt\/wp-content\/uploads\/usu2103\/2022\/11\/logo_nat-300x63.png 300w, https:\/\/agora.xtec.cat\/iessalvadorespriu-salt\/wp-content\/uploads\/usu2103\/2022\/11\/logo_nat-1024x215.png 1024w, https:\/\/agora.xtec.cat\/iessalvadorespriu-salt\/wp-content\/uploads\/usu2103\/2022\/11\/logo_nat-768x161.png 768w, https:\/\/agora.xtec.cat\/iessalvadorespriu-salt\/wp-content\/uploads\/usu2103\/2022\/11\/logo_nat-1536x322.png 1536w, https:\/\/agora.xtec.cat\/iessalvadorespriu-salt\/wp-content\/uploads\/usu2103\/2022\/11\/logo_nat-2048x429.png 2048w\" sizes=\"auto, (max-width: 343px) 100vw, 343px\" \/><\/a><\/p>\n<p>&nbsp;<\/p>\n<p>&nbsp;<\/p>\n<ul>\n<li>\n<h5><a href=\"https:\/\/sites.google.com\/espriusalt.cat\/erasmus\" target=\"_blank\" rel=\"noopener\">Google Sites dels Erasmus+<\/a> del centre.<\/h5>\n<\/li>\n<li>\n<h5><a href=\"https:\/\/drive.google.com\/file\/d\/1AeVnDLozum4nu7Bs4mV_i7O4xJffHIyk\/view\" target=\"_blank\" rel=\"noopener\">Qu\u00e8 \u00e9s<\/a> Erasmus+?<\/h5>\n<\/li>\n<li>\n<h5><a href=\"https:\/\/agora.xtec.cat\/iessalvadorespriu-salt\/international\/erasmus\/\" target=\"_blank\" rel=\"noopener\">About our School<\/a>, and more!<\/h5>\n<\/li>\n<\/ul>\n<\/td>\n<td style=\"width: 25.8489%; height: 10px;\"><a href=\"https:\/\/agora.xtec.cat\/iessalvadorespriu-salt\/wp-content\/uploads\/usu2103\/2025\/07\/Imatge-008.jpg\"><img loading=\"lazy\" decoding=\"async\" class=\"wp-image-6824 aligncenter\" src=\"https:\/\/agora.xtec.cat\/iessalvadorespriu-salt\/wp-content\/uploads\/usu2103\/2025\/07\/Imatge-008-300x189.jpg\" alt=\"\" width=\"324\" height=\"204\" srcset=\"https:\/\/agora.xtec.cat\/iessalvadorespriu-salt\/wp-content\/uploads\/usu2103\/2025\/07\/Imatge-008-300x189.jpg 300w, https:\/\/agora.xtec.cat\/iessalvadorespriu-salt\/wp-content\/uploads\/usu2103\/2025\/07\/Imatge-008.jpg 742w\" sizes=\"auto, (max-width: 324px) 100vw, 324px\" \/><\/a><\/td>\n<td style=\"width: 34.4471%; height: 10px;\"><a href=\"https:\/\/agora.xtec.cat\/iessalvadorespriu-salt\/wp-content\/uploads\/usu2103\/2024\/12\/Imatge-013.jpg\"><img loading=\"lazy\" decoding=\"async\" class=\" wp-image-6073 alignnone\" src=\"https:\/\/agora.xtec.cat\/iessalvadorespriu-salt\/wp-content\/uploads\/usu2103\/2024\/12\/Imatge-013.jpg\" alt=\"\" width=\"471\" height=\"208\" srcset=\"https:\/\/agora.xtec.cat\/iessalvadorespriu-salt\/wp-content\/uploads\/usu2103\/2024\/12\/Imatge-013.jpg 1446w, https:\/\/agora.xtec.cat\/iessalvadorespriu-salt\/wp-content\/uploads\/usu2103\/2024\/12\/Imatge-013-300x132.jpg 300w, https:\/\/agora.xtec.cat\/iessalvadorespriu-salt\/wp-content\/uploads\/usu2103\/2024\/12\/Imatge-013-1024x451.jpg 1024w, https:\/\/agora.xtec.cat\/iessalvadorespriu-salt\/wp-content\/uploads\/usu2103\/2024\/12\/Imatge-013-768x338.jpg 768w\" sizes=\"auto, (max-width: 471px) 100vw, 471px\" \/><\/a><\/td>\n<\/tr>\n<\/tbody>\n<\/table>\n<p><strong><span style=\"color: #ff0000;\"><span class=\"x19la9d6 x1fc57z9 x6ikm8r x10wlt62 x19co3pv x1g5zs5t xfibh0p xiy17q3 x1xsqp64 x1lkfr7t xexx8yu x4uap5 x18d9i69 xkhd6sd\"><span class=\"xrtxmta x1bhl96m\">\ud83d\udccc<\/span><\/span><span style=\"color: #ba0d2d;\">NOT\u00cdCIES D&#8217;ACTUALITAT<\/span><\/span><br \/>\n<\/strong><\/p>\n<div id=\"enllacos\">\n<div style=\"display: flex; flex-wrap: wrap; justify-content: center;\"><a style=\"background-color: rgb(248 42 127); font-size: 12pt; line-height: 22px; border-radius: 4px; cursor: pointer; text-align: center; color: white !important; padding: 5px 50px; margin: 10px; display: inline-block;\" href=\"https:\/\/sites.google.com\/espriusalt.cat\/erasmus\" target=\"_blank\" rel=\"noopener\">Erasmus &#8211; Sites informatiu<\/a><br \/>\n<a style=\"background-color: rgb(42 153 248); font-size: 12pt; line-height: 22px; border-radius: 4px; cursor: pointer; text-align: center; color: white !important; padding: 5px 50px; margin: 10px; display: inline-block;\" href=\"https:\/\/agora.xtec.cat\/iessalvadorespriu-salt\/categoria\/erasmus\/\" target=\"_blank\" rel=\"noopener\">Erasmus &#8211; Not\u00edcies a la web<\/a><br \/>\n<a style=\"background-color: rgb(248 99 42); font-size: 12pt; line-height: 22px; border-radius: 4px; cursor: pointer; text-align: center; color: white !important; padding: 5px 50px; margin: 10px; display: inline-block;\" href=\"https:\/\/drive.google.com\/file\/d\/1N2iHJqEbK-ZlOyQX1ni07Zw6bxXYTY2N\/view?usp=drive_link\" target=\"_blank\" rel=\"noopener\">Erasmus &#8211; Criteris prioritzaci\u00f3 mobilitat alumnat<\/a><\/div>\n<p><span style=\"color: #0000ff;\"><strong>Objectius i actuacions<br \/>\n<\/strong><\/span><\/p>\n<p>L&#8217;Institut Espriu (OID: <strong>E10145743<\/strong>) t\u00e9 una <strong><a href=\"https:\/\/drive.google.com\/file\/d\/1DN2PairO8Vl13IvRcnv1KsrXbGe3QQIR\/view?usp=drive_link\" target=\"_blank\" rel=\"noopener\">Acreditaci\u00f3<\/a> <\/strong>(2022-2027, amb codi 2021-1-ES-01-KA120-<strong>SCH-000045930)<\/strong>, que ens permet desenvolupar diferents projectes, amb <strong>actuacions<\/strong> que es van definint anualment.<\/p>\n<ul>\n<li>Aqu\u00ed hi ha una<a href=\"https:\/\/drive.google.com\/drive\/u\/0\/folders\/1P_SG_pFrN9xOVZ8djnkfV3VP367v-c1L\" target=\"_blank\" rel=\"noopener\"> breu <strong>descripci\u00f3 i presentaci\u00f3 en angl\u00e8s<\/strong><\/a>.<\/li>\n<\/ul>\n<p>Els<strong> objectius <\/strong>s\u00f3n els seg\u00fcents:<\/p>\n<ol style=\"text-align: left;\">\n<li style=\"list-style-type: none;\">\n<ol>\n<li>Augment de la <strong>motivaci\u00f3<\/strong><\/li>\n<li>Desenvolupament de les <strong>habilitats TIC<\/strong> i promoure l&#8217;\u00fas de <strong>noves tecnologies<\/strong><\/li>\n<li>Millora de les <strong>compet\u00e8ncies comunicatives<\/strong><\/li>\n<li>Educaci\u00f3 en <strong>&#8220;mindfulness&#8221;<a href=\"https:\/\/agora.xtec.cat\/iessalvadorespriu-salt\/wp-content\/uploads\/usu2103\/2025\/01\/Copia-de-IMG_20231212_101009_1-768x432-1.jpg\"><img loading=\"lazy\" decoding=\"async\" class=\"alignright wp-image-6112\" src=\"https:\/\/agora.xtec.cat\/iessalvadorespriu-salt\/wp-content\/uploads\/usu2103\/2025\/01\/Copia-de-IMG_20231212_101009_1-768x432-1-300x169.jpg\" alt=\"\" width=\"341\" height=\"192\" srcset=\"https:\/\/agora.xtec.cat\/iessalvadorespriu-salt\/wp-content\/uploads\/usu2103\/2025\/01\/Copia-de-IMG_20231212_101009_1-768x432-1-300x169.jpg 300w, https:\/\/agora.xtec.cat\/iessalvadorespriu-salt\/wp-content\/uploads\/usu2103\/2025\/01\/Copia-de-IMG_20231212_101009_1-768x432-1.jpg 768w\" sizes=\"auto, (max-width: 341px) 100vw, 341px\" \/><\/a><\/strong><\/li>\n<\/ol>\n<\/li>\n<\/ol>\n<p>Per a assolir-los ens hem fixat uns reptes i podem comptar amb diferents <strong>tipus d&#8217;activitats i mobilitats:<\/strong><\/p>\n<ul>\n<li style=\"list-style-type: none;\">\n<ul>\n<li><strong>Mobilitats per als estudiants: <\/strong>es tracta projectes per a grups d&#8217;alumnes. S\u00f3n actuacions becades, amb una durada aproximada d&#8217;una setmana &#8211; anant o rebent estudiants d&#8217;un altre centre educatiu europeu &#8211; per a treballar en \u00e0rees relacionades\u00a0 amb els nostres objectius. Acc\u00e9s a <a href=\"https:\/\/drive.google.com\/file\/d\/1ppbmTNgPUAsFu9Br16mma2uxT1NsM1cz\/view?usp=drive_link\" target=\"_blank\" rel=\"noopener\">TwinSpace<\/a> (<em>eTwinning<\/em>) per a l&#8217;<a href=\"https:\/\/school-education.ec.europa.eu\/en\/pupil-login?prefLang=es\" target=\"_blank\" rel=\"noopener\">alumnat<\/a><\/li>\n<li><strong>Job Shadowing<\/strong> (estades d&#8217;observaci\u00f3): els docents dissenyen una visita de treball a un centre educatiu d&#8217;Europa: solen ser Instituts amb bones pr\u00e0ctiques per als nostres objectius. Es tracta d&#8217;aprendre estrat\u00e8gies que puguin implementar-se a l&#8217;Espriu, compartides amb tot el claustre.<\/li>\n<li><strong>Cursos de formaci\u00f3 per a docents: <\/strong>ofereix la possibilitat per als professionals de formar-se a l&#8217;estranger, priorit\u00e0riament durant l&#8217;estiu o en per\u00edodes no lectius. A m\u00e9s d&#8217;aprendre els continguts propis del curs, es poden establir contactes amb altres escoles d&#8217;Europa per dur a terme altres actuacions (com ara <em>Job Shadowing<\/em> o <em>Mobilitat de grups d&#8217;estudiants)<\/em>. Addicionalment, els docents milloren la seva pr\u00f2pia compet\u00e8ncia ling\u00fc\u00edstica en una llengua estrangera<\/li>\n<li><strong>Tamb\u00e9<\/strong> podem: rebre grups d&#8217;alumnes, convidar visitants &#8220;experts&#8221; o comptar amb docents forans que vinguin fer el seu <em>job shadowing<\/em> amb nosaltres.<\/li>\n<\/ul>\n<\/li>\n<\/ul>\n<hr \/>\n<p><span style=\"color: #ff0000;\"><strong>Projectes\u00a0<\/strong><\/span>(des del m\u00e9s recent)<strong><br \/>\n<\/strong><\/p>\n<ul style=\"text-align: left;\">\n<li><span style=\"color: #0000ff;\">Projecte 04 <strong>&#8220;Growing Together in a Digital World&#8221;<\/strong><span style=\"color: #000000;\"><strong> (2025-26)<\/strong>:<\/span><\/span> 2025-1-ES01-KA121-<b>SCH-<wbr \/>000320612<\/b> (pressupost: \u20ac42.009)<strong><br \/>\n<\/strong><\/p>\n<ul>\n<li><strong>Mobilitats d&#8217;estudiants<\/strong>\n<ul>\n<li><strong>Pinheiro <\/strong>(Penafiel, Portugal) [ <a href=\"https:\/\/agora.xtec.cat\/iessalvadorespriu-salt\/?s=erasmus\">news<\/a> \/ images here \/ images there \/ <a href=\"https:\/\/school-education.ec.europa.eu\/en\/etwinning\/projects\/using-artificial-intelligence-enhance-learning-communication-and-environmental-awareness\" target=\"_blank\" rel=\"noopener\">Projecte eTwinning<\/a>\u00a0\/ <a href=\"https:\/\/drive.google.com\/file\/d\/123JrwoYG6WboNPzi_ZWfMEahegtLO9dS\/view?usp=drive_link\" target=\"_blank\" rel=\"noopener\">Fact Sheet<\/a>\u00a0]<\/li>\n<li><strong>Brescia<\/strong> (Llombardia, It\u00e0lia) [ <a href=\"https:\/\/agora.xtec.cat\/iessalvadorespriu-salt\/?s=erasmus\">news<\/a> \/ images here \/ images there\u00a0 \/ <a href=\"https:\/\/school-education.ec.europa.eu\/en\/etwinning\/projects\/learning-learn-early-age-artificial-intelligence\" target=\"_blank\" rel=\"noopener\">Projecte eTwinning<\/a>\u00a0\/\u00a0<a href=\"https:\/\/drive.google.com\/file\/d\/1GgwyGbRhn5G-wtphD8OYiqIYna_uetSu\/view\" target=\"_blank\" rel=\"noopener\">Fact Sheet<\/a>\u00a0]<\/li>\n<\/ul>\n<\/li>\n<li><a href=\"https:\/\/agora.xtec.cat\/iessalvadorespriu-salt\/wp-content\/uploads\/usu2103\/2025\/07\/Imatge-006.jpg\"><img loading=\"lazy\" decoding=\"async\" class=\" wp-image-6823 alignright\" src=\"https:\/\/agora.xtec.cat\/iessalvadorespriu-salt\/wp-content\/uploads\/usu2103\/2025\/07\/Imatge-006-300x198.jpg\" alt=\"\" width=\"338\" height=\"223\" srcset=\"https:\/\/agora.xtec.cat\/iessalvadorespriu-salt\/wp-content\/uploads\/usu2103\/2025\/07\/Imatge-006-300x198.jpg 300w, https:\/\/agora.xtec.cat\/iessalvadorespriu-salt\/wp-content\/uploads\/usu2103\/2025\/07\/Imatge-006-768x508.jpg 768w, https:\/\/agora.xtec.cat\/iessalvadorespriu-salt\/wp-content\/uploads\/usu2103\/2025\/07\/Imatge-006.jpg 876w\" sizes=\"auto, (max-width: 338px) 100vw, 338px\" \/><\/a><strong>Estades d&#8217;observaci\u00f3 acad\u00e8mica<\/strong> &#8220;job shadowing&#8221;\n<ul>\n<li>(en preparaci\u00f3)<\/li>\n<\/ul>\n<\/li>\n<li><strong>Cursos internacionals de formaci\u00f3<\/strong> de professorat\n<ul>\n<li>(en preparaci\u00f3)<\/li>\n<\/ul>\n<\/li>\n<\/ul>\n<\/li>\n<\/ul>\n<ul>\n<li><span style=\"color: #0000ff;\">Projecte 03 <\/span><strong><span style=\"color: #0000ff;\">&#8220;Global Learning Synergy&#8221;<\/span> (2024-26)<\/strong>: 2024-1-ES01-KA121-<strong>SCH-<wbr \/>000231146<\/strong> (pressupost: \u20ac34.931)<strong><br \/>\n<\/strong><\/p>\n<ul>\n<li><strong>Mobilitats d&#8217;estudiants <\/strong>a:\n<ul>\n<li><strong>Bernalda<\/strong> (Basilicata, IT) [<a href=\"https:\/\/agora.xtec.cat\/iessalvadorespriu-salt\/eso\/eso-4\/alumnes-de-deso4-participen-en-un-projecte-erasmus-sobre-sostenibilitat-i-energies-renovables\/\">news<\/a> \/ <a href=\"https:\/\/photos.app.goo.gl\/teAdBhmnpJvcY8rX9\">images here<\/a> \/ images there \/ Projecte eTwinning \/ Fact Sheet ]<\/li>\n<li><strong>Rosolini<\/strong> (Sic\u00edlia, IT) [<a href=\"https:\/\/agora.xtec.cat\/iessalvadorespriu-salt\/eso\/eso-3\/erasmus-24-25-sostenibilitat-i-aprenentatge-compartit-entre-salt-i-sicilia-amb-alumnes-deso3\/\">news<\/a> \/ <a href=\"https:\/\/photos.app.goo.gl\/hYgRU22fe5FcYP3P8\">images here<\/a> \/ <a href=\"https:\/\/photos.app.goo.gl\/hYgRU22fe5FcYP3P8\">images there<\/a> \/ Projecte eTwinning \/ Fact Sheet ]<\/li>\n<\/ul>\n<\/li>\n<li><strong>Estades d&#8217;observaci\u00f3 acad\u00e8mica<\/strong> &#8220;job shadowing&#8221;<\/li>\n<li><strong>Cursos internacionals de formaci\u00f3<\/strong> de professorat, a Lisboa, Atenes, Xipre, Cro\u00e0cia, etc.<\/li>\n<\/ul>\n<\/li>\n<\/ul>\n<ul>\n<li><a href=\"https:\/\/agora.xtec.cat\/iessalvadorespriu-salt\/wp-content\/uploads\/usu2103\/2025\/01\/shadow.jpg\"><img loading=\"lazy\" decoding=\"async\" class=\"alignright wp-image-6113\" src=\"https:\/\/agora.xtec.cat\/iessalvadorespriu-salt\/wp-content\/uploads\/usu2103\/2025\/01\/shadow.jpg\" alt=\"\" width=\"342\" height=\"256\" srcset=\"https:\/\/agora.xtec.cat\/iessalvadorespriu-salt\/wp-content\/uploads\/usu2103\/2025\/01\/shadow.jpg 1024w, https:\/\/agora.xtec.cat\/iessalvadorespriu-salt\/wp-content\/uploads\/usu2103\/2025\/01\/shadow-300x225.jpg 300w, https:\/\/agora.xtec.cat\/iessalvadorespriu-salt\/wp-content\/uploads\/usu2103\/2025\/01\/shadow-768x576.jpg 768w, https:\/\/agora.xtec.cat\/iessalvadorespriu-salt\/wp-content\/uploads\/usu2103\/2025\/01\/shadow-200x150.jpg 200w\" sizes=\"auto, (max-width: 342px) 100vw, 342px\" \/><\/a><span style=\"color: #0000ff;\">Projecte 02 <\/span><strong><span style=\"color: #0000ff;\">&#8220;Becoming sustainable together&#8221;<\/span> (2023-25)<\/strong>: 2023-1-ES01-KA121-<strong>SCH-00014198 <\/strong>(pressupost: \u20ac38.699). <span style=\"color: #ff0000;\"><strong>Finalitzat<\/strong><\/span>\n<ul>\n<li><strong>Mobilitats d&#8217;estudiants <\/strong>amb centres educatius de:\n<ul>\n<li><strong>Praga<\/strong> (Tx\u00e8quia) [<a href=\"https:\/\/agora.xtec.cat\/iessalvadorespriu-salt\/eso\/eso-4\/erasmus-praga-salt-2024\/\" target=\"_blank\" rel=\"noopener\">news<\/a> \/ <a href=\"https:\/\/photos.app.goo.gl\/EwvaPGCiQNpQGHdk6\">images here<\/a> \/ <a href=\"https:\/\/photos.app.goo.gl\/F9GvPwqo26YHeWwt5\">images there<\/a> \/ <a href=\"https:\/\/school-education.ec.europa.eu\/en\/etwinning\/projects\/stem-sustainability-prague-and-salts-perspectives\/twinspace\">Projecte eTwinning<\/a>\u00a0\/ Fact Sheet ]<\/li>\n<li><strong>Brescia<\/strong> (Llombardia, It\u00e0lia) [<a href=\"https:\/\/agora.xtec.cat\/iessalvadorespriu-salt\/batxillerat\/erasmus-students-enjoy-a-unique-etwinning-experience-in-brescia\/\">news<\/a> \/ <a href=\"https:\/\/photos.app.goo.gl\/QfYZZySpDWVVpo4CA\">images here<\/a> \/ <a href=\"https:\/\/photos.app.goo.gl\/GjC7dFyVSm1gYDo58\">images there\u00a0<\/a> \/ <a href=\"https:\/\/school-education.ec.europa.eu\/en\/etwinning\/projects\/argonauti\/twinspace\">Projecte eTwinning<\/a>\u00a0&#8211; <a href=\"https:\/\/drive.google.com\/file\/d\/19sfoSYWLLnzzcXjHO_HvJKR-SrYo0HZS\/view?usp=drive_link\" target=\"_blank\" rel=\"noopener\">Fact Sheet<\/a> ]<\/li>\n<\/ul>\n<\/li>\n<li><strong>Estades d&#8217;observaci\u00f3 acad\u00e8mica<\/strong> &#8220;job shadowing&#8221;\n<ul>\n<li>a <a href=\"https:\/\/photos.app.goo.gl\/J7H4aWbCvHoGaG8N6\">Vantaa<\/a> (Finl\u00e1ndia)<\/li>\n<li>a <a href=\"https:\/\/photos.app.goo.gl\/EgqcoBi51P3C6DiB9\">Espoo<\/a> (Finl\u00e0ndia)<\/li>\n<\/ul>\n<\/li>\n<li><strong>Cursos internacionals de formaci\u00f3<\/strong> de professorat, a <a href=\"https:\/\/photos.app.goo.gl\/4tkzprfzEzUjMZ4eA\">Portugal1<\/a>, <a href=\"https:\/\/photos.app.goo.gl\/LTkXyCrzXzwb6eND6\">Gr\u00e8cia<\/a>, <a href=\"https:\/\/photos.app.goo.gl\/xR8TAQGu6NuGWNLU6\">Irlanda<\/a>,\u00a0 <a href=\"https:\/\/photos.app.goo.gl\/4bDST5jSAfauFJ2C7\">Xipre<\/a>, <a href=\"https:\/\/photos.app.goo.gl\/JkqLpzUawcHSWHF58\">It\u00e0lia<\/a>, <a href=\"https:\/\/photos.app.goo.gl\/mZ9bKof5SUBNoMXh9\">Portugal2<\/a>.<\/li>\n<li><strong>Visites d&#8217;experts<\/strong> des de Guer (Bretanya, Fran\u00e7a), <a href=\"https:\/\/photos.app.goo.gl\/NxeJR78JJ8shNyn5A\">a Salt<\/a><\/li>\n<\/ul>\n<\/li>\n<\/ul>\n<ul style=\"text-align: left;\">\n<li><span style=\"color: #0000ff;\">Projecte 01 <strong>&#8220;Same &amp; Different, Peace &amp; Justice&#8221;<span style=\"color: #000000;\"> (2022-24)<\/span><\/strong><\/span>: 2022-1-ES01-KA121-<strong>SCH-000057623 <\/strong>(pressupost: \u20ac49.790). <span style=\"color: #ff0000;\"><strong>Finalitzat<\/strong><\/span>\n<ul style=\"text-align: left;\">\n<li><strong>Mobilitats de grups d&#8217;alumnes <\/strong>amb centres educatius:\n<ul>\n<li><strong>Guer<\/strong> (Bretanya, Fran\u00e7a)<\/li>\n<li><strong>Bre<a href=\"https:\/\/agora.xtec.cat\/iessalvadorespriu-salt\/wp-content\/uploads\/usu2103\/2025\/07\/Imatge-003.jpg\"><img loading=\"lazy\" decoding=\"async\" class=\"alignright wp-image-6821\" src=\"https:\/\/agora.xtec.cat\/iessalvadorespriu-salt\/wp-content\/uploads\/usu2103\/2025\/07\/Imatge-003-300x300.jpg\" alt=\"\" width=\"339\" height=\"339\" srcset=\"https:\/\/agora.xtec.cat\/iessalvadorespriu-salt\/wp-content\/uploads\/usu2103\/2025\/07\/Imatge-003-300x300.jpg 300w, https:\/\/agora.xtec.cat\/iessalvadorespriu-salt\/wp-content\/uploads\/usu2103\/2025\/07\/Imatge-003-150x150.jpg 150w, https:\/\/agora.xtec.cat\/iessalvadorespriu-salt\/wp-content\/uploads\/usu2103\/2025\/07\/Imatge-003.jpg 743w\" sizes=\"auto, (max-width: 339px) 100vw, 339px\" \/><\/a>scia<\/strong> (Llombardia, It\u00e1lia)\n<ul>\n<li><a href=\"https:\/\/agora.xtec.cat\/iessalvadorespriu-salt\/portada\/brescia-guer-and-salt-students-mobilities\/\" target=\"_blank\" rel=\"noopener\">de Guer (Bretanya, FR) i de Brescia (Llombardia, IT)<\/a>, a Salt<\/li>\n<\/ul>\n<\/li>\n<li><a href=\"https:\/\/agora.xtec.cat\/iessalvadorespriu-salt\/batxillerat\/lalumnat-de-1r-de-batxillerat-a-italia-un-erasmus-genial\/\" target=\"_blank\" rel=\"noopener\"><strong>Ferrandina<\/strong> (Basilicata, IT)<\/a>\u00a0\u00a0[news &#8211; <a href=\"https:\/\/photos.app.goo.gl\/kDGyKr227yb9Str77\">images there<\/a>]\n<ul>\n<li>des de Ferrandina-Bernalda (Basilicata, IT), a Salt [news &#8211; <a href=\"https:\/\/photos.app.goo.gl\/od4Eu6EmabahVCS18\">images here<\/a>]<\/li>\n<\/ul>\n<\/li>\n<\/ul>\n<\/li>\n<li><strong>Estades d&#8217;observaci\u00f3 acad\u00e8mica<\/strong> &#8220;job shadowing&#8221; <a href=\"https:\/\/agora.xtec.cat\/iessalvadorespriu-salt\/portada\/job-shadowing-a-brescia\/\" target=\"_blank\" rel=\"noopener\">a Brescia (Llombardia, IT)<\/a><\/li>\n<li><strong>Cursos internacionals de formaci\u00f3<\/strong> de professorat a Alem\u00e0nia, Irlanda, Cro\u00e0cia i Gr\u00e8cia<\/li>\n<li>Recepci\u00f3 de professionals en &#8220;job shadowing&#8221; (des de Praga i des de Brescia)<\/li>\n<\/ul>\n<\/li>\n<\/ul>\n<p><span style=\"color: #0000ff;\"><strong>Criteris d&#8217;ordenaci\u00f3 i prioritzaci\u00f3<\/strong><\/span><strong><br \/>\n<\/strong><\/p>\n<ul style=\"text-align: left;\">\n<li style=\"list-style-type: none;\">\n<ul>\n<li><a href=\"https:\/\/drive.google.com\/file\/d\/1N2iHJqEbK-ZlOyQX1ni07Zw6bxXYTY2N\/view?usp=drive_link\" target=\"_blank\" rel=\"noopener\">mobilitats alumnat<\/a><\/li>\n<li><a href=\"https:\/\/drive.google.com\/file\/d\/1ScFGOOsB6V9fqaQ0RnbM8QIJjXHBgU6v\/view?usp=drive_link\" target=\"_blank\" rel=\"noopener\">acompanyament d&#8217;alumnat<\/a> (professionals)<\/li>\n<li><a href=\"https:\/\/drive.google.com\/file\/d\/1sSvhqblIVjdwZqeRSqC91RxmFTIOk-Xd\/view?usp=drive_link\" target=\"_blank\" rel=\"noopener\">job shadowing<\/a> (professionals)<\/li>\n<li><a href=\"https:\/\/drive.google.com\/file\/d\/1SHWodNGqRllscjKdAJGMlU_d2P1bFB4Y\/view?usp=drive_link\" target=\"_blank\" rel=\"noopener\">cursos de formaci\u00f3<\/a> per a docents<\/li>\n<\/ul>\n<\/li>\n<\/ul>\n<p><strong><span style=\"color: #0000ff;\">Annex informatiu i refer\u00e8ncies<\/span><br \/>\n<\/strong><\/p>\n<ul>\n<li style=\"text-align: left;\"><a href=\"https:\/\/op.europa.eu\/en\/publication-detail\/-\/publication\/ff1edfdf-8bca-11eb-b85c-01aa75ed71a1\/language-en\" target=\"_blank\" rel=\"noopener\">Qu\u00e8 \u00e9s Erasmus+<\/a>? <em>Fact sheet<\/em> breu (<a href=\"https:\/\/drive.google.com\/file\/d\/1AeHQSgDf9Gy7SBu0LWfolHzzfMJiY-Qe\/view?usp=drive_link\" target=\"_blank\" rel=\"noopener\">en castell\u00e0<\/a> &#8211; <a href=\"https:\/\/drive.google.com\/file\/d\/1AeVnDLozum4nu7Bs4mV_i7O4xJffHIyk\/view?usp=drive_link\" target=\"_blank\" rel=\"noopener\">en angl\u00e8s<\/a>). Descripci\u00f3 <a href=\"https:\/\/drive.google.com\/file\/d\/1uFEgKx_eWsn2MspN--cW5RdPUEcZiC44\/view?usp=drive_link\">dels beneficis<\/a>.<\/li>\n<li style=\"text-align: left;\"><a href=\"https:\/\/agora.xtec.cat\/iessalvadorespriu-salt\/wp-content\/uploads\/usu2103\/2025\/07\/Imatge-004.jpg\"><img loading=\"lazy\" decoding=\"async\" class=\"alignright wp-image-6819\" src=\"https:\/\/agora.xtec.cat\/iessalvadorespriu-salt\/wp-content\/uploads\/usu2103\/2025\/07\/Imatge-004-300x140.jpg\" alt=\"\" width=\"334\" height=\"156\" srcset=\"https:\/\/agora.xtec.cat\/iessalvadorespriu-salt\/wp-content\/uploads\/usu2103\/2025\/07\/Imatge-004-300x140.jpg 300w, https:\/\/agora.xtec.cat\/iessalvadorespriu-salt\/wp-content\/uploads\/usu2103\/2025\/07\/Imatge-004-768x358.jpg 768w, https:\/\/agora.xtec.cat\/iessalvadorespriu-salt\/wp-content\/uploads\/usu2103\/2025\/07\/Imatge-004.jpg 815w\" sizes=\"auto, (max-width: 334px) 100vw, 334px\" \/><\/a>La informaci\u00f3 general dels projectes Erasmus+ est\u00e0 disponible al <a href=\"http:\/\/sepie.es\/\" target=\"_blank\" rel=\"noopener\">SEPIE<\/a>, especialment a<a href=\"http:\/\/sepie.es\/educacion-escolar\/index.html\" target=\"_blank\" rel=\"noopener\"> la pestanya de l&#8217;Educaci\u00f3 escolar<\/a>.<\/li>\n<li style=\"text-align: left;\">A l&#8217;Institut s&#8217;organitzen els <strong>&#8220;Erasmus Days&#8221;<\/strong>. Per exemple, el <a href=\"https:\/\/agora.xtec.cat\/iessalvadorespriu-salt\/general\/erasmus-days-a-lespriu\/\" target=\"_blank\" rel=\"noopener\">2022-2023.<\/a><\/li>\n<li style=\"text-align: left;\">Es publiquen <strong>activitats i mobilitats<\/strong> a <a href=\"https:\/\/agora.xtec.cat\/iessalvadorespriu-salt\/categoria\/erasmus\/\" target=\"_blank\" rel=\"noopener\">la secci\u00f3 de Not\u00edcies<\/a><\/li>\n<li style=\"text-align: left;\"><strong>Els projectes difosos a <\/strong>eTwinning, i en premiats com a\u00a0<em>Twin Spaces<\/em> s\u00f3n <a href=\"https:\/\/school-education.ec.europa.eu\/en\/etwinning\/projects\/same-different-peace-justice\" target=\"_blank\" rel=\"noopener\">&#8220;Same &amp; Different, Peace &amp; Justice&#8221;<\/a>,o <a href=\"https:\/\/school-education.ec.europa.eu\/en\/etwinning\/projects\/argonauti-supportive-and-effective-learning-ai-digital-environment\" target=\"_blank\" rel=\"noopener\">&#8220;ARGONAUTI &#8211; Supportive and effective learning in a AI digital environment&#8221;<\/a>, entre d&#8217;altres<\/li>\n<li style=\"text-align: left;\"><strong>Informaci\u00f3<\/strong> sobre <a href=\"https:\/\/drive.google.com\/file\/d\/1qpxSHB6AXJv3mQjXc_XyHpau21vN2lZW\/view?usp=share_link\" target=\"_blank\" rel=\"noopener\">la plataforma eTwinning<\/a><\/li>\n<li style=\"text-align: left;\">M\u00e9s info?: <a href=\"https:\/\/learning-corner.learning.europa.eu\/learning-materials\/eu-me_en\" target=\"_blank\" rel=\"noopener\">UE Learning corner<\/a><\/li>\n<\/ul>\n<hr \/>\n<p><span style=\"color: #0000ff;\">V01-25 (28\/7\/25). CINT-DIR<\/span><\/p>\n<\/div>\n","protected":false},"excerpt":{"rendered":"<p><a href=\"https:\/\/agora.xtec.cat\/iessalvadorespriu-salt\/wp-content\/uploads\/usu2103\/2022\/11\/logo_nat.png\"><\/a><br \/>\n&nbsp;<br \/>\n&nbsp;<\/p>\n<ul>\n<li>\n<a href=\"https:\/\/sites.google.com\/espriusalt.cat\/erasmus\" target=\"_blank\" rel=\"noopener\">Google Sites dels Erasmus+<\/a> del centre.\n<\/li>\n<li>\n<a href=\"https:\/\/drive.google.com\/file\/d\/1AeVnDLozum4nu7Bs4mV_i7O4xJffHIyk\/view\" target=\"_blank\" rel=\"noopener\">Qu\u00e8 \u00e9s<\/a> Erasmus+?\n<\/li>\n<li>\n<a href=\"https:\/\/agora.xtec.cat\/iessalvadorespriu-salt\/international\/erasmus\/\" target=\"_blank\" rel=\"noopener\">About our School<\/a>, and more!\n<\/li>\n<\/ul>\n<p><a href=\"https:\/\/agora.xtec.cat\/iessalvadorespriu-salt\/wp-content\/uploads\/usu2103\/2025\/07\/Imatge-008.jpg\"><\/a><br \/>\n<a href=\"https:\/\/agora.xtec.cat\/iessalvadorespriu-salt\/wp-content\/uploads\/usu2103\/2024\/12\/Imatge-013.jpg\"><\/a><\/p>\n<p>\ud83d\udcccNOT\u00cdCIES D&#8217;ACTUALITAT<\/p>\n<p><a style=\"background-color: rgb(248 42 127); font-size: 12pt; line-height: 22px; border-radius: 4px; cursor: pointer; text-align: center; color: white !important; padding: 5px 50px;&hellip;  <a href=\"https:\/\/agora.xtec.cat\/iessalvadorespriu-salt\/estudis\/projectes\/erasmus\/\" title=\"Read Projectes Erasmus+\">Llegeix m\u00e9s\u00bb<\/a><\/p>\n","protected":false},"author":10,"featured_media":0,"parent":57,"menu_order":3,"comment_status":"closed","ping_status":"closed","template":"page-templates\/side-menu.php","meta":{"_bbp_topic_count":0,"_bbp_reply_count":0,"_bbp_total_topic_count":0,"_bbp_total_reply_count":0,"_bbp_voice_count":0,"_bbp_anonymous_reply_count":0,"_bbp_topic_count_hidden":0,"_bbp_reply_count_hidden":0,"_bbp_forum_subforum_count":0,"footnotes":""},"class_list":["post-572","page","type-page","status-publish","hentry"],"post_mailing_queue_ids":[],"_links":{"self":[{"href":"https:\/\/agora.xtec.cat\/iessalvadorespriu-salt\/wp-json\/wp\/v2\/pages\/572","targetHints":{"allow":["GET"]}}],"collection":[{"href":"https:\/\/agora.xtec.cat\/iessalvadorespriu-salt\/wp-json\/wp\/v2\/pages"}],"about":[{"href":"https:\/\/agora.xtec.cat\/iessalvadorespriu-salt\/wp-json\/wp\/v2\/types\/page"}],"author":[{"embeddable":true,"href":"https:\/\/agora.xtec.cat\/iessalvadorespriu-salt\/wp-json\/wp\/v2\/users\/10"}],"replies":[{"embeddable":true,"href":"https:\/\/agora.xtec.cat\/iessalvadorespriu-salt\/wp-json\/wp\/v2\/comments?post=572"}],"version-history":[{"count":7,"href":"https:\/\/agora.xtec.cat\/iessalvadorespriu-salt\/wp-json\/wp\/v2\/pages\/572\/revisions"}],"predecessor-version":[{"id":7419,"href":"https:\/\/agora.xtec.cat\/iessalvadorespriu-salt\/wp-json\/wp\/v2\/pages\/572\/revisions\/7419"}],"up":[{"embeddable":true,"href":"https:\/\/agora.xtec.cat\/iessalvadorespriu-salt\/wp-json\/wp\/v2\/pages\/57"}],"wp:attachment":[{"href":"https:\/\/agora.xtec.cat\/iessalvadorespriu-salt\/wp-json\/wp\/v2\/media?parent=572"}],"curies":[{"name":"wp","href":"https:\/\/api.w.org\/{rel}","templated":true}]}}