{"id":558,"date":"2020-10-19T00:31:33","date_gmt":"2020-10-18T22:31:33","guid":{"rendered":"https:\/\/agora.xtec.cat\/iessalvadorespriu-salt\/?page_id=558"},"modified":"2025-10-22T20:02:52","modified_gmt":"2025-10-22T18:02:52","slug":"atencio","status":"publish","type":"page","link":"https:\/\/agora.xtec.cat\/iessalvadorespriu-salt\/linstitut\/atencio\/","title":{"rendered":"Atenci\u00f3 a la comunitat educativa i els suggeriments"},"content":{"rendered":"<p><a href=\"https:\/\/agora.xtec.cat\/iessalvadorespriu-salt\/wp-content\/uploads\/usu2103\/2022\/11\/Thank-you-ok.jpg\"><img loading=\"lazy\" decoding=\"async\" class=\"alignright wp-image-3717\" src=\"https:\/\/agora.xtec.cat\/iessalvadorespriu-salt\/wp-content\/uploads\/usu2103\/2022\/11\/Thank-you-ok-300x145.jpg\" alt=\"\" width=\"461\" height=\"223\" srcset=\"https:\/\/agora.xtec.cat\/iessalvadorespriu-salt\/wp-content\/uploads\/usu2103\/2022\/11\/Thank-you-ok-300x145.jpg 300w, https:\/\/agora.xtec.cat\/iessalvadorespriu-salt\/wp-content\/uploads\/usu2103\/2022\/11\/Thank-you-ok.jpg 740w\" sizes=\"auto, (max-width: 461px) 100vw, 461px\" \/><\/a>L&#8217;actual Projecte de Direcci\u00f3 de l&#8217;Espriu, en sintonia amb el que ser\u00e0 el nou projecte Educatiu (PEC), actualment en revisi\u00f3,<strong> pret\u00e9n que la comunicaci\u00f3 amb els membres de la comunitat educativa sigui ben fluida<\/strong>.<\/p>\n<p>Podeu <strong>accedir<\/strong> a una <a href=\"https:\/\/docs.google.com\/spreadsheets\/d\/e\/2PACX-1vRVgau9k7tuf2LGkqY0WjO7fItNf13r6MdbCxIP88L0mtUSSQ37ip22KYSPEu7Xdz0YubyThhPld8bz\/pubhtml\">informaci\u00f3 FAQ-PMF, relativa a <strong>preguntes molt freq\u00fcents<\/strong><\/a>.<\/p>\n<p>Partim d&#8217;un <strong>principi de treball<\/strong> que consisteix en el fet que:<\/p>\n<ol>\n<li style=\"list-style-type: none;\">\n<ol style=\"list-style-type: lower-alpha;\">\n<li>sempre que s&#8217;exposa un problema o queixa<strong> hi ha un fonament real<\/strong>, que cal explicar b\u00e9;<\/li>\n<li>perqu\u00e8 una lamentaci\u00f3 no sigui inoperativa, se suggereix <strong>afegir tamb\u00e9 una o m\u00e9s l\u00ednies de possible soluci\u00f3<\/strong>;<\/li>\n<li>si es tracta d&#8217;una q\u00fcesti\u00f3 que exigeix un tractament <strong>especial<\/strong> o b\u00e9 t\u00e9 <strong>conseq\u00fc\u00e8ncies<\/strong> que poden anar m\u00e9s enll\u00e0 de l&#8217;\u00e0mbit exclusivament pedag\u00f2gic, es pot <strong>assenyalar al q\u00fcestionari<\/strong>;<\/li>\n<li>finalment, l&#8217;Equip directiu intentar\u00e0 que es pugui estudiar, analitzar i proposar una resposta <strong>en un temps raonablement breu<\/strong>.<\/li>\n<\/ol>\n<\/li>\n<\/ol>\n<p>S&#8217;agraeix l&#8217;inter\u00e8s, la bona voluntat i la claredat en l&#8217;exposici\u00f3 de<strong> les propostes de canvi i millora que es vulguin fer.<\/strong><\/p>\n<ul>\n<li style=\"list-style-type: none;\">\n<ul>\n<li><a href=\"https:\/\/docs.google.com\/forms\/d\/e\/1FAIpQLSfCnPshRrnak__4-AogYDeXDt-8uw9p9pdpvJjNlhzjblniXw\/viewform\" target=\"_blank\" rel=\"noopener noreferrer\"><span style=\"color: #3366ff;\">Acc\u00e9s al <\/span><strong><span style=\"color: #3366ff;\">formulari<\/span><\/strong><\/a>\u00a0(admet suggeriments, queixes i agra\u00efments)<\/li>\n<li>Sol\u00b7licitud <strong>d&#8217;entrevista amb la Direcci\u00f3<\/strong>: <a href=\"mailto:xavier.serra@espriusalt.cat\" target=\"_blank\" rel=\"noopener noreferrer\">email<\/a>.<\/li>\n<\/ul>\n<\/li>\n<\/ul>\n<p><span style=\"color: #0000ff;\"><strong>Altres<\/strong> <strong>informacions<\/strong><\/span><\/p>\n<ul>\n<li style=\"list-style-type: none;\">\n<ul>\n<li><a href=\"https:\/\/padlet.com\/espriusalt\/qbzwrexuslyvqnrw\" target=\"_blank\" rel=\"noopener noreferrer\">Taulell p\u00fablic d&#8217;anuncis<\/a><\/li>\n<li><a href=\"http:\/\/EspriuSalt.cat\/ara\" target=\"_blank\" rel=\"noopener noreferrer\">Pantalles de TV informatives<\/a> del centre<\/li>\n<li><a href=\"https:\/\/forms.gle\/G6JcVEALJacyBZtRA\" target=\"_blank\" rel=\"noopener\">Propostes de m\u00fasica<\/a> per als passadissos i patis del centre:<\/li>\n<\/ul>\n<\/li>\n<\/ul>\n<hr \/>\n<p><span style=\"color: #0000ff;\"><strong>Refer\u00e8ncia<\/strong>: versi\u00f3 1.1 (20\/4\/22). DIR. Aquesta p\u00e0gina pot quedar obsoleta un cop impresa<\/span><\/p>\n","protected":false},"excerpt":{"rendered":"<p><a href=\"https:\/\/agora.xtec.cat\/iessalvadorespriu-salt\/wp-content\/uploads\/usu2103\/2022\/11\/Thank-you-ok.jpg\"><\/a>L&#8217;actual Projecte de Direcci\u00f3 de l&#8217;Espriu, en sintonia amb el que ser\u00e0 el nou projecte Educatiu (PEC), actualment en revisi\u00f3, pret\u00e9n que la comunicaci\u00f3 amb els membres de la comunitat educativa sigui ben fluida.<br \/>\nPodeu accedir a una <a href=\"https:\/\/docs.google.com\/spreadsheets\/d\/e\/2PACX-1vRVgau9k7tuf2LGkqY0WjO7fItNf13r6MdbCxIP88L0mtUSSQ37ip22KYSPEu7Xdz0YubyThhPld8bz\/pubhtml\">informaci\u00f3 FAQ-PMF, relativa a preguntes molt&hellip;  <a href=\"https:\/\/agora.xtec.cat\/iessalvadorespriu-salt\/linstitut\/atencio\/\" title=\"Read Atenci\u00f3 a la comunitat educativa i els suggeriments\">Llegeix m\u00e9s\u00bb<\/a><\/p>\n","protected":false},"author":10,"featured_media":0,"parent":19,"menu_order":28,"comment_status":"closed","ping_status":"closed","template":"page-templates\/side-menu.php","meta":{"_bbp_topic_count":0,"_bbp_reply_count":0,"_bbp_total_topic_count":0,"_bbp_total_reply_count":0,"_bbp_voice_count":0,"_bbp_anonymous_reply_count":0,"_bbp_topic_count_hidden":0,"_bbp_reply_count_hidden":0,"_bbp_forum_subforum_count":0,"footnotes":""},"class_list":["post-558","page","type-page","status-publish","hentry"],"post_mailing_queue_ids":[],"_links":{"self":[{"href":"https:\/\/agora.xtec.cat\/iessalvadorespriu-salt\/wp-json\/wp\/v2\/pages\/558","targetHints":{"allow":["GET"]}}],"collection":[{"href":"https:\/\/agora.xtec.cat\/iessalvadorespriu-salt\/wp-json\/wp\/v2\/pages"}],"about":[{"href":"https:\/\/agora.xtec.cat\/iessalvadorespriu-salt\/wp-json\/wp\/v2\/types\/page"}],"author":[{"embeddable":true,"href":"https:\/\/agora.xtec.cat\/iessalvadorespriu-salt\/wp-json\/wp\/v2\/users\/10"}],"replies":[{"embeddable":true,"href":"https:\/\/agora.xtec.cat\/iessalvadorespriu-salt\/wp-json\/wp\/v2\/comments?post=558"}],"version-history":[{"count":7,"href":"https:\/\/agora.xtec.cat\/iessalvadorespriu-salt\/wp-json\/wp\/v2\/pages\/558\/revisions"}],"predecessor-version":[{"id":6983,"href":"https:\/\/agora.xtec.cat\/iessalvadorespriu-salt\/wp-json\/wp\/v2\/pages\/558\/revisions\/6983"}],"up":[{"embeddable":true,"href":"https:\/\/agora.xtec.cat\/iessalvadorespriu-salt\/wp-json\/wp\/v2\/pages\/19"}],"wp:attachment":[{"href":"https:\/\/agora.xtec.cat\/iessalvadorespriu-salt\/wp-json\/wp\/v2\/media?parent=558"}],"curies":[{"name":"wp","href":"https:\/\/api.w.org\/{rel}","templated":true}]}}