{"id":556,"date":"2020-10-19T00:31:07","date_gmt":"2020-10-18T22:31:07","guid":{"rendered":"https:\/\/agora.xtec.cat\/iessalvadorespriu-salt\/?page_id=556"},"modified":"2023-06-15T17:03:42","modified_gmt":"2023-06-15T15:03:42","slug":"emergencia","status":"publish","type":"page","link":"https:\/\/agora.xtec.cat\/iessalvadorespriu-salt\/linstitut\/emergencia\/","title":{"rendered":"Pla d&#8217;emerg\u00e8ncia"},"content":{"rendered":"<p><span style=\"font-weight: 400;\">Els centres docents, com altres edificis, estan sotmesos a uns riscos que poden venir de dins de l\u2019edifici (el cas d\u2019un incendi) o de l\u2019exterior (contaminaci\u00f3 qu\u00edmica, inundaci\u00f3&#8230;).\u00a0<\/span><\/p>\n<p><span style=\"font-weight: 400;\">Per aix\u00f2, el centre disposa d\u2019un <\/span><b>pla d\u2019emerg\u00e8ncia<\/b><span style=\"font-weight: 400;\"> on es recullen totes les actuacions que han de dur a terme el professorat, el PAE, el PAS i l\u2019alumnat davant d\u2019una emerg\u00e8ncia. Aquest document \u00e9s una eina que ha de servir per vetllar per la seguretat i la protecci\u00f3 de tot el col\u00b7lectiu. En aquest sentit, el pla d\u2019emerg\u00e8ncia es dona a con\u00e8ixer a tot el personal i alumnat del centre perqu\u00e8 s\u00e0piguen les seves funcions i responsabilitats, i les actuacions a seguir en cas d\u2019emerg\u00e8ncia. D\u2019aquesta manera s\u2019intenta reduir la improvisaci\u00f3 en cas que es produ\u00eds qualsevol accident.\u00a0<\/span><\/p>\n<p><b>Un pla d\u2019emerg\u00e8ncia<\/b><span style=\"font-weight: 400;\">, com a m\u00ednim, ha de donar resposta a les preguntes seg\u00fcents:<\/span><\/p>\n<p><strong>Qu\u00e8 pot passar?\u00a0<\/strong><\/p>\n<p><span style=\"font-weight: 400;\">El pla d\u2019emerg\u00e8ncia ha d\u2019analitzar el risc existent en el centre docent i el seu entorn, per a prevenir-lo.\u00a0<\/span><\/p>\n<p><strong>Qu\u00e8 cal fer i com cal fer-ho?\u00a0<\/strong><\/p>\n<p><span style=\"font-weight: 400;\">El pla d\u2019emerg\u00e8ncia ha de determinar quan cal evacuar el centre i quan cal confinar-s\u2019hi, i com s\u2019ha de dur a terme l\u2019evacuaci\u00f3 o el confinament.\u00a0<\/span><\/p>\n<p><strong>Com cal organitzar-se?\u00a0<\/strong><\/p>\n<p><span style=\"font-weight: 400;\">El pla d\u2019emerg\u00e8ncia ha d\u2019establir qu\u00e8 faran la direcci\u00f3 del centre, el professorat, el personal no docent i l\u2019alumnat en cas d\u2019emerg\u00e8ncia.<\/span><\/p>\n<p><span style=\"font-weight: 400;\">A continuaci\u00f3 adjuntem un seguit d\u2019<\/span><b>informacions b\u00e0siques<\/b><span style=\"font-weight: 400;\"> que poden ser \u00fatils per a qualsevol persona que es trobi al centre en el moment de detectar-se una emerg\u00e8ncia. <\/span><\/p>\n<p><a href=\"https:\/\/agora.xtec.cat\/iessalvadorespriu-salt\/wp-content\/uploads\/usu2103\/2023\/04\/planol-planta-baixa.jpg\" target=\"_blank\" rel=\"noopener\">Pl\u00e0nol d&#8217;evacuaci\u00f3 planta baixa<\/a><\/p>\n<p><a href=\"https:\/\/agora.xtec.cat\/iessalvadorespriu-salt\/wp-content\/uploads\/usu2103\/2023\/04\/Panol-devacuacio.jpg\" target=\"_blank\" rel=\"noopener\">Pl\u00e0nol d&#8217;evacuaci\u00f3 primera planta<\/a><\/p>\n<p><a href=\"https:\/\/agora.xtec.cat\/iessalvadorespriu-salt\/wp-content\/uploads\/usu2103\/2023\/06\/Annex-I.-Manual-dus-dun-extintor-1.pdf\" target=\"_blank\" rel=\"noopener\">Manual d\u2019\u00fas d\u2019un extintor<\/a><\/p>\n<hr \/>\n<p><span style=\"color: #0000ff;\"><strong>Refer\u00e8ncia<\/strong>: versi\u00f3 2.1 (15\/06\/23). CPRL, CCOM. Aquesta p\u00e0gina pot quedar obsoleta un cop impresa<\/span><\/p>\n<p>&nbsp;<\/p>\n","protected":false},"excerpt":{"rendered":"<p>Els centres docents, com altres edificis, estan sotmesos a uns riscos que poden venir de dins de l\u2019edifici (el cas d\u2019un incendi) o de l\u2019exterior (contaminaci\u00f3 qu\u00edmica, inundaci\u00f3&#8230;).\u00a0<br \/>\nPer aix\u00f2, el centre disposa d\u2019un pla d\u2019emerg\u00e8ncia on es recullen totes les actuacions que han de dur&hellip;  <a href=\"https:\/\/agora.xtec.cat\/iessalvadorespriu-salt\/linstitut\/emergencia\/\" title=\"Read Pla d&#8217;emerg\u00e8ncia\">Llegeix m\u00e9s\u00bb<\/a><\/p>\n","protected":false},"author":10,"featured_media":0,"parent":19,"menu_order":26,"comment_status":"closed","ping_status":"closed","template":"page-templates\/side-menu.php","meta":{"_bbp_topic_count":0,"_bbp_reply_count":0,"_bbp_total_topic_count":0,"_bbp_total_reply_count":0,"_bbp_voice_count":0,"_bbp_anonymous_reply_count":0,"_bbp_topic_count_hidden":0,"_bbp_reply_count_hidden":0,"_bbp_forum_subforum_count":0,"footnotes":""},"class_list":["post-556","page","type-page","status-publish","hentry"],"post_mailing_queue_ids":[],"_links":{"self":[{"href":"https:\/\/agora.xtec.cat\/iessalvadorespriu-salt\/wp-json\/wp\/v2\/pages\/556","targetHints":{"allow":["GET"]}}],"collection":[{"href":"https:\/\/agora.xtec.cat\/iessalvadorespriu-salt\/wp-json\/wp\/v2\/pages"}],"about":[{"href":"https:\/\/agora.xtec.cat\/iessalvadorespriu-salt\/wp-json\/wp\/v2\/types\/page"}],"author":[{"embeddable":true,"href":"https:\/\/agora.xtec.cat\/iessalvadorespriu-salt\/wp-json\/wp\/v2\/users\/10"}],"replies":[{"embeddable":true,"href":"https:\/\/agora.xtec.cat\/iessalvadorespriu-salt\/wp-json\/wp\/v2\/comments?post=556"}],"version-history":[{"count":4,"href":"https:\/\/agora.xtec.cat\/iessalvadorespriu-salt\/wp-json\/wp\/v2\/pages\/556\/revisions"}],"predecessor-version":[{"id":4468,"href":"https:\/\/agora.xtec.cat\/iessalvadorespriu-salt\/wp-json\/wp\/v2\/pages\/556\/revisions\/4468"}],"up":[{"embeddable":true,"href":"https:\/\/agora.xtec.cat\/iessalvadorespriu-salt\/wp-json\/wp\/v2\/pages\/19"}],"wp:attachment":[{"href":"https:\/\/agora.xtec.cat\/iessalvadorespriu-salt\/wp-json\/wp\/v2\/media?parent=556"}],"curies":[{"name":"wp","href":"https:\/\/api.w.org\/{rel}","templated":true}]}}