{"id":541,"date":"2020-10-19T00:27:29","date_gmt":"2020-10-18T22:27:29","guid":{"rendered":"https:\/\/agora.xtec.cat\/iessalvadorespriu-salt\/?page_id=541"},"modified":"2021-12-04T12:48:49","modified_gmt":"2021-12-04T11:48:49","slug":"composicio","status":"publish","type":"page","link":"https:\/\/agora.xtec.cat\/iessalvadorespriu-salt\/associacions\/consesc\/composicio\/","title":{"rendered":"Composici\u00f3"},"content":{"rendered":"<p>El Consell escolar \u00e9s l\u2019\u00f2rgan de govern, supervisi\u00f3 i aprovaci\u00f3 de temes generals: pressupost, calendaris, horaris, activitats, disciplina, etc. Treballar\u00e0 en comissions i en gran grup. Les comissions de qu\u00e8 constar\u00e0 seran: comissi\u00f3 permanent i de conviv\u00e8ncia (r\u00e8gim disciplinari, decisions r\u00e0pides, etc.); comissi\u00f3 econ\u00f2mica i de serveis (pressupostos, menjador, transport, etc.); comissi\u00f3 de seguiment de la formaci\u00f3 en centres de treball (FCT) i d\u2019implantaci\u00f3 dels nous cicles formatius (seguiment de pr\u00e0ctiques). Aquestes comissions es constituiran cada vegada que es renovi el consell i, en cas de baixes d\u2019algun membre, amb nous representants de l\u2019estament corresponent. Periodicitat de reuni\u00f3 mensual o bimensual.<\/p>\n<p>Segons l\u2019article 148 de la LEC, corresponen al consell escolar les funcions seg\u00fcents:<\/p>\n<ul>\n<li>\u00a0\u00a0\u00a0 Aprovar el projecte educatiu i les modificacions corresponents per una majoria de tres cinquenes parts dels membres.<\/li>\n<li>\u00a0\u00a0\u00a0 Aprovar la programaci\u00f3 general anual del centre i avaluar-ne el desenvolupament i els resultats.<\/li>\n<li>\u00a0\u00a0\u00a0 Aprovar les propostes d\u2019acords de co-responsabilitat, convenis i altres acords de col\u00b7laboraci\u00f3 del centre amb entitats o institucions.<\/li>\n<li>\u00a0\u00a0\u00a0 Aprovar les normes d\u2019organitzaci\u00f3 i funcionament i les modificacions corresponents.<\/li>\n<li>\u00a0\u00a0\u00a0 Aprovar la carta de comprom\u00eds educatiu.<\/li>\n<li>\u00a0\u00a0\u00a0 Aprovar el pressupost del centre i el rendiment de comptes.<\/li>\n<li>\u00a0\u00a0\u00a0 Intervenir en el procediment d\u2019admissi\u00f3 d\u2019alumnes.<\/li>\n<li>\u00a0\u00a0\u00a0 Participar en el procediment de selecci\u00f3 i en la proposta de cessament del director o directora.<\/li>\n<li>\u00a0\u00a0\u00a0 Intervenir en la resoluci\u00f3 dels conflictes i, si escau, revisar les sancions als alumnes.<\/li>\n<li>\u00a0\u00a0\u00a0 Aprovar les directrius per a la programaci\u00f3 d\u2019activitats escolars complement\u00e0ries i d\u2019activitats extraescolars, i avaluar-ne el desenvolupament.<\/li>\n<li>\u00a0\u00a0\u00a0 Participar en les an\u00e0lisis i les avaluacions del funcionament general del centre i con\u00e8ixer l\u2019evoluci\u00f3 del rendiment escolar.<\/li>\n<li>\u00a0\u00a0\u00a0 Aprovar els criteris de col\u00b7laboraci\u00f3 amb altres centres i amb l\u2019entorn.<\/li>\n<li>\u00a0\u00a0\u00a0 Qualsevol altra que li sigui atribu\u00efda per les normes legals o reglament\u00e0ries.<\/li>\n<\/ul>\n<p>El consell escolar\u00a0 est\u00e0 integrat per:<\/p>\n<ul>\n<li>\u00a0\u00a0\u00a0 El director o directora, que el presideix.<\/li>\n<li>\u00a0\u00a0\u00a0 El cap o la cap d&#8217;estudis.<\/li>\n<li>\u00a0\u00a0\u00a0 Un o una representant de l&#8217;ajuntament de Salt<\/li>\n<li>\u00a0\u00a0\u00a0 El secretari o secret\u00e0ria del centre que assisteix amb veu i sense vot i exerceix la secretaria del consell.<\/li>\n<li>\u00a0\u00a0\u00a0 Els i les representants del professorat s&#8217;elegeixen pel claustre. ( 7 representants del professorat)<\/li>\n<li>\u00a0\u00a0\u00a0 Els i les representants de l&#8217;alumnat ( 4 representants de l&#8217;alumnat)<\/li>\n<li>\u00a0\u00a0\u00a0 Els i les representants dels pares i mares o tutors, elegits respectivament per ells i entre ells. ( 3 representants dels pares i mares + 1 representant de l&#8217;AMPA)<\/li>\n<li>\u00a0\u00a0\u00a0 Un o una representant del personal d&#8217;administraci\u00f3 i serveis, elegit per i entre aquest personal.<\/li>\n<\/ul>\n<p><span style=\"font-weight: 400;\">En el moment actual, <a href=\"https:\/\/docs.google.com\/spreadsheets\/u\/2\/d\/e\/2PACX-1vRcscYOZLPg3jCAkLWBPQAQM9ToUsLh4vXH14hfScnSExuD4dczmd1cdRJ2QkSBHU8kPEr_NyWCARrB\/pubhtml?gid=647921493&amp;single=true\" target=\"_blank\" rel=\"noopener\">aquests s\u00f3n membres del CONSESC de l\u2019Espriu<\/a>.<\/span><\/p>\n","protected":false},"excerpt":{"rendered":"<p>El Consell escolar \u00e9s l\u2019\u00f2rgan de govern, supervisi\u00f3 i aprovaci\u00f3 de temes generals: pressupost, calendaris, horaris, activitats, disciplina, etc. Treballar\u00e0 en comissions i en gran grup. Les comissions de qu\u00e8 constar\u00e0 seran: comissi\u00f3 permanent i de conviv\u00e8ncia (r\u00e8gim disciplinari, decisions r\u00e0pides, etc.); comissi\u00f3 econ\u00f2mica i&hellip;  <a href=\"https:\/\/agora.xtec.cat\/iessalvadorespriu-salt\/associacions\/consesc\/composicio\/\" title=\"Read Composici\u00f3\">Llegeix m\u00e9s\u00bb<\/a><\/p>\n","protected":false},"author":10,"featured_media":0,"parent":43,"menu_order":0,"comment_status":"closed","ping_status":"closed","template":"page-templates\/side-menu.php","meta":{"_bbp_topic_count":0,"_bbp_reply_count":0,"_bbp_total_topic_count":0,"_bbp_total_reply_count":0,"_bbp_voice_count":0,"_bbp_anonymous_reply_count":0,"_bbp_topic_count_hidden":0,"_bbp_reply_count_hidden":0,"_bbp_forum_subforum_count":0,"footnotes":""},"class_list":["post-541","page","type-page","status-publish","hentry"],"post_mailing_queue_ids":[],"_links":{"self":[{"href":"https:\/\/agora.xtec.cat\/iessalvadorespriu-salt\/wp-json\/wp\/v2\/pages\/541","targetHints":{"allow":["GET"]}}],"collection":[{"href":"https:\/\/agora.xtec.cat\/iessalvadorespriu-salt\/wp-json\/wp\/v2\/pages"}],"about":[{"href":"https:\/\/agora.xtec.cat\/iessalvadorespriu-salt\/wp-json\/wp\/v2\/types\/page"}],"author":[{"embeddable":true,"href":"https:\/\/agora.xtec.cat\/iessalvadorespriu-salt\/wp-json\/wp\/v2\/users\/10"}],"replies":[{"embeddable":true,"href":"https:\/\/agora.xtec.cat\/iessalvadorespriu-salt\/wp-json\/wp\/v2\/comments?post=541"}],"version-history":[{"count":3,"href":"https:\/\/agora.xtec.cat\/iessalvadorespriu-salt\/wp-json\/wp\/v2\/pages\/541\/revisions"}],"predecessor-version":[{"id":2618,"href":"https:\/\/agora.xtec.cat\/iessalvadorespriu-salt\/wp-json\/wp\/v2\/pages\/541\/revisions\/2618"}],"up":[{"embeddable":true,"href":"https:\/\/agora.xtec.cat\/iessalvadorespriu-salt\/wp-json\/wp\/v2\/pages\/43"}],"wp:attachment":[{"href":"https:\/\/agora.xtec.cat\/iessalvadorespriu-salt\/wp-json\/wp\/v2\/media?parent=541"}],"curies":[{"name":"wp","href":"https:\/\/api.w.org\/{rel}","templated":true}]}}