{"id":3948,"date":"2023-02-09T12:36:03","date_gmt":"2023-02-09T11:36:03","guid":{"rendered":"https:\/\/agora.xtec.cat\/iessalvadorespriu-salt\/?page_id=3948"},"modified":"2026-03-06T12:32:06","modified_gmt":"2026-03-06T11:32:06","slug":"projecte-2022-23","status":"publish","type":"page","link":"https:\/\/agora.xtec.cat\/iessalvadorespriu-salt\/estudis\/projectes\/erasmus\/projecte-2022-23\/","title":{"rendered":"Projecte 2022-23"},"content":{"rendered":"<h4><b><span style=\"color: #0000ff;\">Per a estudiants<\/span><br \/>\n<\/b><\/h4>\n<p><a href=\"https:\/\/school-education.ec.europa.eu\/en\/etwinning\/projects\/same-different-peace-justice\/twinspace\" target=\"_blank\" rel=\"noopener\"><img loading=\"lazy\" decoding=\"async\" class=\"alignright size-medium wp-image-4092\" src=\"https:\/\/agora.xtec.cat\/iessalvadorespriu-salt\/wp-content\/uploads\/usu2103\/2023\/03\/Image-014-300x262.jpg\" alt=\"\" width=\"300\" height=\"262\" srcset=\"https:\/\/agora.xtec.cat\/iessalvadorespriu-salt\/wp-content\/uploads\/usu2103\/2023\/03\/Image-014-300x262.jpg 300w, https:\/\/agora.xtec.cat\/iessalvadorespriu-salt\/wp-content\/uploads\/usu2103\/2023\/03\/Image-014.jpg 485w\" sizes=\"auto, (max-width: 300px) 100vw, 300px\" \/><\/a>Aquest curs treballarem en el projecte Erasmus+ anomenat<b> \u201cSame &amp; Different, Peace &amp; Justice\u201d<\/b> creat amb <strong>l&#8217;Institut franc\u00e8s <a href=\"https:\/\/citescolairebroceliande.fr\/\"><i>Cit\u00e9 Scolaire Br\u00f3celiande<\/i><\/a><\/strong> i amb <strong>l&#8217;Institut itali\u00e0 <a href=\"https:\/\/www.liceogambara.edu.it\/\"><i>Liceo Gambara<\/i><\/a>. <\/strong>Hi participa <b>tot l\u2019alumnat de 1r de Batxillerat<\/b> a trav\u00e9s de la plataforma <b>eTwinning, <\/b>creada per la Uni\u00f3 Europea per a la realitzaci\u00f3 de projectes internacionals. El nostre projecte <a href=\"https:\/\/school-education.ec.europa.eu\/en\/etwinning\/projects\/same-different-peace-justice\/twinspace\" target=\"_blank\" rel=\"noopener\">t\u00e9 una p\u00e0gina web<\/a> (<b>TwinSpace<\/b>) a dins de la plataforma eTwinning, un entorn virtual d&#8217;aprenentatge segur.<\/p>\n<p><b>S\u00edntesi dels objectius i activitats<\/b><\/p>\n<p>Les activitats digitals del projecte es duen a terme al <b>TwinSpace del projecte <\/b>a les mat\u00e8ries d\u2019<b>angl\u00e8s i filosofia (comunes)<\/b>; s\u2019hi dediquen algunes sessions espec\u00edfiques. Hi haur\u00e0 activitats <b>extraordin\u00e0ries<\/b> en el centre quan vinguin els nostres socis europeus a visitar el centre (data prevista: del 10 al 15 d&#8217;abril).<\/p>\n<p>Entre els principals <b>objectius<\/b>, que seran certificats a final de curs, hi ha: reflexionar sobre els ODS 4, 16 i 17; habilitats comunicatives; capacitat per al treball en equip; foment de la creativitat; etc., a m\u00e9s de la pr\u00e0ctica de lleng\u00fces estrangeres i el creixement en les seg\u00fcents compet\u00e8ncies clau: digital; personal, social i aprendre a aprendre; ciutadana; i en consci\u00e8ncia i expressions culturals.<\/p>\n<p><b>Mobilitat a Fran\u00e7a i criteris de selecci\u00f3 de l\u2019alumnat<\/b><\/p>\n<p>Un element clau del projecte, i contingut concret de la subvenci\u00f3, \u00e9s la visita al centres europeus col\u00b7laboradors del projecte durant <b>una setmana<\/b>. Aquests centres s\u00f3n la Cit\u00e9 Scolaire Br\u00f3celiande, a Guer, a la Bretanya francesa, el el Liceo Gambara, a Brescia, It\u00e0lia. Els nostres alumnes s\u2019allotjaran amb els alumnes francesos i les seves fam\u00edlies preferiblement. La data prevista per aquesta mobilitat \u00e9s del<b> 26 de mar\u00e7 a l\u20191 d\u2019abril<\/b>. Tot l\u2019alumnat que hi desitgi participar ser\u00e0 ordenat <b>segons els criteris per les mobilitats<\/b> que t\u00e9 l&#8217;Institut: un d\u2019ells \u00e9s implicaci\u00f3 en el projecte, testimoniada per les <b>activitats al TwinSpace<\/b>. Aquests criteris de selecci\u00f3 s\u00f3n p\u00fablics i transparents i estan publicats al taulell p\u00fablic d&#8217;anuncis del nostre centre.<\/p>\n<p><strong>Documentaci\u00f3<\/strong><\/p>\n<ul>\n<li><a href=\"https:\/\/drive.google.com\/file\/d\/1PxBuWxhRhhpBqkDAQHsBdRp6kgyKFitZ\/view?usp=share_link\" target=\"_blank\" rel=\"noopener\"><em>Fact Sheet<\/em> projecte<\/a><\/li>\n<li><a href=\"https:\/\/drive.google.com\/file\/d\/16i8cBYAc63AwvGn2K8bWuqpy40AF8kGm\/view?usp=share_link\" target=\"_blank\" rel=\"noopener\">Criteris d&#8217;ordenaci\u00f3 per a les mobilitats<\/a><\/li>\n<\/ul>\n<h4><span style=\"color: #0000ff;\"><strong>Per a docents<br \/>\n<\/strong><\/span><\/h4>\n<ul>\n<li>Job shadowing<\/li>\n<li>Cursos<\/li>\n<\/ul>\n<hr \/>\n<p><span style=\"color: #0000ff;\">[Conveni 2022-1-ES01-KA121-SCH-000057623]<\/span><\/p>\n<p><span style=\"color: #0000ff;\">Version 1.1 (9\/2\/23). CINT<\/span><\/p>\n<p>&nbsp;<\/p>\n<p>&nbsp;<\/p>\n","protected":false},"excerpt":{"rendered":"<p>Per a estudiants Aquest curs treballarem en el projecte Erasmus+ anomenat \u201cSame &amp; Different, Peace &amp; Justice\u201d creat amb l&#8217;Institut franc\u00e8s Cit\u00e9 Scolaire Br\u00f3celiande i amb l&#8217;Institut itali\u00e0 Liceo Gambara. Hi participa tot l\u2019alumnat de 1r de Batxillerat a trav\u00e9s de la plataforma eTwinning, creada per la Uni\u00f3 Europea per a la realitzaci\u00f3 de projectes [&hellip;]<\/p>\n","protected":false},"author":7,"featured_media":0,"parent":572,"menu_order":0,"comment_status":"closed","ping_status":"closed","template":"page-templates\/side-menu.php","meta":{"_bbp_topic_count":0,"_bbp_reply_count":0,"_bbp_total_topic_count":0,"_bbp_total_reply_count":0,"_bbp_voice_count":0,"_bbp_anonymous_reply_count":0,"_bbp_topic_count_hidden":0,"_bbp_reply_count_hidden":0,"_bbp_forum_subforum_count":0,"site-sidebar-layout":"default","site-content-layout":"","ast-site-content-layout":"","site-content-style":"default","site-sidebar-style":"default","ast-global-header-display":"","ast-banner-title-visibility":"","ast-main-header-display":"","ast-hfb-above-header-display":"","ast-hfb-below-header-display":"","ast-hfb-mobile-header-display":"","site-post-title":"","ast-breadcrumbs-content":"","ast-featured-img":"","footer-sml-layout":"","theme-transparent-header-meta":"","adv-header-id-meta":"","stick-header-meta":"","header-above-stick-meta":"","header-main-stick-meta":"","header-below-stick-meta":"","astra-migrate-meta-layouts":"default","ast-page-background-enabled":"default","ast-page-background-meta":{"desktop":{"background-color":"var(--ast-global-color-4)","background-image":"","background-repeat":"repeat","background-position":"center center","background-size":"auto","background-attachment":"scroll","background-type":"","background-media":"","overlay-type":"","overlay-color":"","overlay-opacity":"","overlay-gradient":""},"tablet":{"background-color":"","background-image":"","background-repeat":"repeat","background-position":"center center","background-size":"auto","background-attachment":"scroll","background-type":"","background-media":"","overlay-type":"","overlay-color":"","overlay-opacity":"","overlay-gradient":""},"mobile":{"background-color":"","background-image":"","background-repeat":"repeat","background-position":"center center","background-size":"auto","background-attachment":"scroll","background-type":"","background-media":"","overlay-type":"","overlay-color":"","overlay-opacity":"","overlay-gradient":""}},"ast-content-background-meta":{"desktop":{"background-color":"var(--ast-global-color-5)","background-image":"","background-repeat":"repeat","background-position":"center center","background-size":"auto","background-attachment":"scroll","background-type":"","background-media":"","overlay-type":"","overlay-color":"","overlay-opacity":"","overlay-gradient":""},"tablet":{"background-color":"var(--ast-global-color-5)","background-image":"","background-repeat":"repeat","background-position":"center center","background-size":"auto","background-attachment":"scroll","background-type":"","background-media":"","overlay-type":"","overlay-color":"","overlay-opacity":"","overlay-gradient":""},"mobile":{"background-color":"var(--ast-global-color-5)","background-image":"","background-repeat":"repeat","background-position":"center center","background-size":"auto","background-attachment":"scroll","background-type":"","background-media":"","overlay-type":"","overlay-color":"","overlay-opacity":"","overlay-gradient":""}},"footnotes":""},"class_list":["post-3948","page","type-page","status-publish","hentry"],"post_mailing_queue_ids":[],"_links":{"self":[{"href":"https:\/\/agora.xtec.cat\/iessalvadorespriu-salt\/wp-json\/wp\/v2\/pages\/3948","targetHints":{"allow":["GET"]}}],"collection":[{"href":"https:\/\/agora.xtec.cat\/iessalvadorespriu-salt\/wp-json\/wp\/v2\/pages"}],"about":[{"href":"https:\/\/agora.xtec.cat\/iessalvadorespriu-salt\/wp-json\/wp\/v2\/types\/page"}],"author":[{"embeddable":true,"href":"https:\/\/agora.xtec.cat\/iessalvadorespriu-salt\/wp-json\/wp\/v2\/users\/7"}],"replies":[{"embeddable":true,"href":"https:\/\/agora.xtec.cat\/iessalvadorespriu-salt\/wp-json\/wp\/v2\/comments?post=3948"}],"version-history":[{"count":3,"href":"https:\/\/agora.xtec.cat\/iessalvadorespriu-salt\/wp-json\/wp\/v2\/pages\/3948\/revisions"}],"predecessor-version":[{"id":4098,"href":"https:\/\/agora.xtec.cat\/iessalvadorespriu-salt\/wp-json\/wp\/v2\/pages\/3948\/revisions\/4098"}],"up":[{"embeddable":true,"href":"https:\/\/agora.xtec.cat\/iessalvadorespriu-salt\/wp-json\/wp\/v2\/pages\/572"}],"wp:attachment":[{"href":"https:\/\/agora.xtec.cat\/iessalvadorespriu-salt\/wp-json\/wp\/v2\/media?parent=3948"}],"curies":[{"name":"wp","href":"https:\/\/api.w.org\/{rel}","templated":true}]}}

<h4><b><span style="color: #0000ff;">Per a estudiants</span><br />
</b></h4>
<p><a href="https://school-education.ec.europa.eu/en/etwinning/projects/same-different-peace-justice/twinspace" target="_blank" rel="noopener"><img loading="lazy" decoding="async" class="alignright size-medium wp-image-4092" src="https://agora.xtec.cat/iessalvadorespriu-salt/wp-content/uploads/usu2103/2023/03/Image-014-300x262.jpg" alt="" width="300" height="262" srcset="https://agora.xtec.cat/iessalvadorespriu-salt/wp-content/uploads/usu2103/2023/03/Image-014-300x262.jpg 300w, https://agora.xtec.cat/iessalvadorespriu-salt/wp-content/uploads/usu2103/2023/03/Image-014.jpg 485w" sizes="auto, (max-width: 300px) 100vw, 300px" /></a>Aquest curs treballarem en el projecte Erasmus+ anomenat<b> “Same &amp; Different, Peace &amp; Justice”</b> creat amb <strong>l&#8217;Institut francès <a href="https://citescolairebroceliande.fr/"><i>Cité Scolaire Bróceliande</i></a></strong> i amb <strong>l&#8217;Institut italià <a href="https://www.liceogambara.edu.it/"><i>Liceo Gambara</i></a>. </strong>Hi participa <b>tot l’alumnat de 1r de Batxillerat</b> a través de la plataforma <b>eTwinning, </b>creada per la Unió Europea per a la realització de projectes internacionals. El nostre projecte <a href="https://school-education.ec.europa.eu/en/etwinning/projects/same-different-peace-justice/twinspace" target="_blank" rel="noopener">té una pàgina web</a> (<b>TwinSpace</b>) a dins de la plataforma eTwinning, un entorn virtual d&#8217;aprenentatge segur.</p>
<p><b>Síntesi dels objectius i activitats</b></p>
<p>Les activitats digitals del projecte es duen a terme al <b>TwinSpace del projecte </b>a les matèries d’<b>anglès i filosofia (comunes)</b>; s’hi dediquen algunes sessions específiques. Hi haurà activitats <b>extraordinàries</b> en el centre quan vinguin els nostres socis europeus a visitar el centre (data prevista: del 10 al 15 d&#8217;abril).</p>
<p>Entre els principals <b>objectius</b>, que seran certificats a final de curs, hi ha: reflexionar sobre els ODS 4, 16 i 17; habilitats comunicatives; capacitat per al treball en equip; foment de la creativitat; etc., a més de la pràctica de llengües estrangeres i el creixement en les següents competències clau: digital; personal, social i aprendre a aprendre; ciutadana; i en consciència i expressions culturals.</p>
<p><b>Mobilitat a França i criteris de selecció de l’alumnat</b></p>
<p>Un element clau del projecte, i contingut concret de la subvenció, és la visita al centres europeus col·laboradors del projecte durant <b>una setmana</b>. Aquests centres són la Cité Scolaire Bróceliande, a Guer, a la Bretanya francesa, el el Liceo Gambara, a Brescia, Itàlia. Els nostres alumnes s’allotjaran amb els alumnes francesos i les seves famílies preferiblement. La data prevista per aquesta mobilitat és del<b> 26 de març a l’1 d’abril</b>. Tot l’alumnat que hi desitgi participar serà ordenat <b>segons els criteris per les mobilitats</b> que té l&#8217;Institut: un d’ells és implicació en el projecte, testimoniada per les <b>activitats al TwinSpace</b>. Aquests criteris de selecció són públics i transparents i estan publicats al taulell públic d&#8217;anuncis del nostre centre.</p>
<p><strong>Documentació</strong></p>
<ul>
<li><a href="https://drive.google.com/file/d/1PxBuWxhRhhpBqkDAQHsBdRp6kgyKFitZ/view?usp=share_link" target="_blank" rel="noopener"><em>Fact Sheet</em> projecte</a></li>
<li><a href="https://drive.google.com/file/d/16i8cBYAc63AwvGn2K8bWuqpy40AF8kGm/view?usp=share_link" target="_blank" rel="noopener">Criteris d&#8217;ordenació per a les mobilitats</a></li>
</ul>
<h4><span style="color: #0000ff;"><strong>Per a docents<br />
</strong></span></h4>
<ul>
<li>Job shadowing</li>
<li>Cursos</li>
</ul>
<hr />
<p><span style="color: #0000ff;">[Conveni 2022-1-ES01-KA121-SCH-000057623]</span></p>
<p><span style="color: #0000ff;">Version 1.1 (9/2/23). CINT</span></p>
<p>&nbsp;</p>
<p>&nbsp;</p>

<p>Per a estudiants Aquest curs treballarem en el projecte Erasmus+ anomenat “Same &amp; Different, Peace &amp; Justice” creat amb l&#8217;Institut francès Cité Scolaire Bróceliande i amb l&#8217;Institut italià Liceo Gambara. Hi participa tot l’alumnat de 1r de Batxillerat a través de la plataforma eTwinning, creada per la Unió Europea per a la realització de projectes [&hellip;]</p>
