{"id":195,"date":"2014-09-22T10:39:39","date_gmt":"2014-09-22T10:39:39","guid":{"rendered":"http:\/\/agora.xtec.cat\/iessalvadorespriu-salt\/?page_id=195"},"modified":"2025-12-23T13:51:31","modified_gmt":"2025-12-23T12:51:31","slug":"estudis","status":"publish","type":"page","link":"https:\/\/agora.xtec.cat\/iessalvadorespriu-salt\/estudis\/","title":{"rendered":"Estudis i oferta educativa"},"content":{"rendered":"<p><strong><a href=\"https:\/\/agora.xtec.cat\/iessalvadorespriu-salt\/wp-content\/uploads\/usu2103\/2021\/02\/DSC_0028.jpg\"><img loading=\"lazy\" decoding=\"async\" class=\"alignright wp-image-1346\" src=\"https:\/\/agora.xtec.cat\/iessalvadorespriu-salt\/wp-content\/uploads\/usu2103\/2021\/02\/DSC_0028-1024x678.jpg\" alt=\"\" width=\"449\" height=\"298\" srcset=\"https:\/\/agora.xtec.cat\/iessalvadorespriu-salt\/wp-content\/uploads\/usu2103\/2021\/02\/DSC_0028-1024x678.jpg 1024w, https:\/\/agora.xtec.cat\/iessalvadorespriu-salt\/wp-content\/uploads\/usu2103\/2021\/02\/DSC_0028-300x199.jpg 300w, https:\/\/agora.xtec.cat\/iessalvadorespriu-salt\/wp-content\/uploads\/usu2103\/2021\/02\/DSC_0028-768x509.jpg 768w\" sizes=\"auto, (max-width: 449px) 100vw, 449px\" \/><\/a>A l&#8217;Espriu ning\u00fa es queda enrere!<\/strong> Mirem de no deixar sol ning\u00fa.<br \/>\nCada estudiant, cada fam\u00edlia i, per descomptat, cada docent, som \u00fanics, i molt singulars. Mereixem <strong>ser tractats com a persones<\/strong>, no com a n\u00fameros d&#8217;identificaci\u00f3, i poder aix\u00ed cr\u00e9ixer en una societat igualit\u00e0ria i lliure. \u00c9s clar que <strong>cal voler-hi col\u00b7labora<\/strong>r!<\/p>\n<p>Per aix\u00f2, mirem sempre d&#8217;aplicar <strong>criteris proactius de conviv\u00e8ncia i d&#8217;exig\u00e8ncia acad\u00e8mica<\/strong> que permetin treure el millor de cadasc\u00fa. Des del 2020, un dels lemes que ens repetim &#8211; i ens creiem &#8211; \u00e9s <a href=\"http:\/\/twitter.com\/espriusalt\" target=\"_blank\" rel=\"noopener noreferrer\">#SomriuEspriu<\/a>, i aix\u00ed volem que sigui l&#8217;educaci\u00f3, amable i encoratjadora. Tamb\u00e9 hem optat per <a href=\"https:\/\/agora.xtec.cat\/iessalvadorespriu-salt\/linstitut\/atencio\/\" target=\"_blank\" rel=\"noopener noreferrer\">la transpar\u00e8ncia i la comunicaci\u00f3<\/a>. Per aix\u00f2, aqu\u00ed podeu consultar <a href=\"https:\/\/docs.google.com\/spreadsheets\/u\/1\/d\/e\/2PACX-1vTbxxORUUm-oP4aKXqW-bQYra3FGz6nKEASzUU7da7C_d5qFNe_ptF9_jlQUGtovgD1N46vcaK3SleF\/pubhtml\" target=\"_blank\" rel=\"noopener\">els continguts b\u00e0sics i indicadors d&#8217;avaluaci\u00f3 de totes les nostres assignatures i m\u00f2duls<\/a> (cal fer atenci\u00f3 a la data i versi\u00f3).<\/p>\n<p>L&#8217;Institut ofereix aquests <strong>estudis<\/strong>:<\/p>\n<ul>\n<li style=\"list-style-type: none;\">\n<ul>\n<li><a href=\"https:\/\/agora.xtec.cat\/iessalvadorespriu-salt\/linstitut\/estudis\/eso\/\">ESO<\/a><\/li>\n<li><a href=\"https:\/\/agora.xtec.cat\/iessalvadorespriu-salt\/linstitut\/estudis\/batxillerat\/\">Batxillerat<\/a> (Human\u00edstic, Social, Cient\u00edfic i Tecnol\u00f2gic)<\/li>\n<li><a href=\"https:\/\/agora.xtec.cat\/iessalvadorespriu-salt\/linstitut\/estudis\/professional\/\" target=\"_blank\" rel=\"noopener noreferrer\">Cicles formatius<\/a> (Inform\u00e0tica, Jardineria, GUIAMN i PFI)<\/li>\n<\/ul>\n<\/li>\n<\/ul>\n<p>Amb relaci\u00f3 <strong>al contingut i criteris d&#8217;avaluaci\u00f3<\/strong> de <strong>les assignatures o m\u00f2duls <\/strong>que s&#8217;ofereixen, <a href=\"https:\/\/docs.google.com\/spreadsheets\/d\/e\/2PACX-1vTbxxORUUm-oP4aKXqW-bQYra3FGz6nKEASzUU7da7C_d5qFNe_ptF9_jlQUGtovgD1N46vcaK3SleF\/pubhtml\" target=\"_blank\" rel=\"noopener noreferrer\">podeu consultar aquest quadre.<\/a><\/p>\n<p>Podeu consultar les <strong>presentacions de les reunions presencials per a fam\u00edlies 2022-23<\/strong> en <a href=\"https:\/\/agora.xtec.cat\/iessalvadorespriu-salt\/eso\/families-coneixen-institut\/\" target=\"_blank\" rel=\"noopener\">aquest article<\/a>.<\/p>\n<p>Per a consultar curr\u00edculums anteriors als que aqu\u00ed s&#8217;ofereixen en la versi\u00f3 m\u00e9s actualitzada (acc\u00e9s a cursos previs, etc.) cal <a href=\"https:\/\/agora.xtec.cat\/iessalvadorespriu-salt\/local\/\" target=\"_blank\" rel=\"noopener\">adre\u00e7ar-se a les Oficines de l&#8217;institut<\/a>.<\/p>\n<p>El Departament d&#8217;Educaci\u00f3 est\u00e0 prioritzant l&#8217;adquisici\u00f3 de compet\u00e8ncies b\u00e0siques en diferents \u00e0mbits. <a href=\"http:\/\/educacio.gencat.cat\/ca\/departament\/publicacions\/colleccions\/competencies-basiques\/eso\/\" target=\"_blank\" rel=\"noopener noreferrer\">Es pot consultar aqu\u00ed<\/a>. I aqu\u00ed hi ha un esquema m\u00ednim, breu de les compet\u00e8ncies <a href=\"https:\/\/drive.google.com\/file\/d\/1pZZhg2Vlk1AbN7ynNTKIL6JjyKnYyXxY\/view?usp=sharing\" target=\"_blank\" rel=\"noopener noreferrer\">social <\/a>i <a href=\"https:\/\/drive.google.com\/file\/d\/1p_bnGKIORcRWO92NZ_npO_ORBfilrhoH\/view?usp=sharing\" target=\"_blank\" rel=\"noopener noreferrer\">digital<\/a>.<em><br \/>\n<\/em><\/p>\n<div class=\"entry-content\">\n<p>Per a informaci\u00f3 m\u00e9s general, podeu consultar tamb\u00e9 la web &#8220;Estudiar a Catalunya&#8221;. Cliqueu\u00a0 <a href=\"http:\/\/queestudiar.gencat.cat\/ca\/estudis\/secundaria\/\" target=\"_blank\" rel=\"noopener noreferrer\">aqu\u00ed<\/a>.<\/p>\n<\/div>\n<hr \/>\n<p><span style=\"color: #0000ff;\"><strong>Refer\u00e8ncia<\/strong>: V01-24 (16\/10\/24). CP. Pot quedar obsolet un cop descarregat o impr\u00e8s.<br \/>\n<\/span><\/p>\n","protected":false},"excerpt":{"rendered":"<p><a href=\"https:\/\/agora.xtec.cat\/iessalvadorespriu-salt\/wp-content\/uploads\/usu2103\/2021\/02\/DSC_0028.jpg\"><\/a>A l&#8217;Espriu ning\u00fa es queda enrere! Mirem de no deixar sol ning\u00fa.<br \/>\nCada estudiant, cada fam\u00edlia i, per descomptat, cada docent, som \u00fanics, i molt singulars. Mereixem ser tractats com a persones, no com a n\u00fameros d&#8217;identificaci\u00f3, i poder aix\u00ed cr\u00e9ixer en una societat igualit\u00e0ria&hellip;  <a href=\"https:\/\/agora.xtec.cat\/iessalvadorespriu-salt\/estudis\/\" title=\"Read Estudis i oferta educativa\">Llegeix m\u00e9s\u00bb<\/a><\/p>\n","protected":false},"author":1,"featured_media":0,"parent":0,"menu_order":12,"comment_status":"closed","ping_status":"closed","template":"page-templates\/side-menu.php","meta":{"_bbp_topic_count":0,"_bbp_reply_count":0,"_bbp_total_topic_count":0,"_bbp_total_reply_count":0,"_bbp_voice_count":0,"_bbp_anonymous_reply_count":0,"_bbp_topic_count_hidden":0,"_bbp_reply_count_hidden":0,"_bbp_forum_subforum_count":0,"footnotes":""},"class_list":["post-195","page","type-page","status-publish","hentry"],"post_mailing_queue_ids":[],"_links":{"self":[{"href":"https:\/\/agora.xtec.cat\/iessalvadorespriu-salt\/wp-json\/wp\/v2\/pages\/195","targetHints":{"allow":["GET"]}}],"collection":[{"href":"https:\/\/agora.xtec.cat\/iessalvadorespriu-salt\/wp-json\/wp\/v2\/pages"}],"about":[{"href":"https:\/\/agora.xtec.cat\/iessalvadorespriu-salt\/wp-json\/wp\/v2\/types\/page"}],"author":[{"embeddable":true,"href":"https:\/\/agora.xtec.cat\/iessalvadorespriu-salt\/wp-json\/wp\/v2\/users\/1"}],"replies":[{"embeddable":true,"href":"https:\/\/agora.xtec.cat\/iessalvadorespriu-salt\/wp-json\/wp\/v2\/comments?post=195"}],"version-history":[{"count":7,"href":"https:\/\/agora.xtec.cat\/iessalvadorespriu-salt\/wp-json\/wp\/v2\/pages\/195\/revisions"}],"predecessor-version":[{"id":7194,"href":"https:\/\/agora.xtec.cat\/iessalvadorespriu-salt\/wp-json\/wp\/v2\/pages\/195\/revisions\/7194"}],"wp:attachment":[{"href":"https:\/\/agora.xtec.cat\/iessalvadorespriu-salt\/wp-json\/wp\/v2\/media?parent=195"}],"curies":[{"name":"wp","href":"https:\/\/api.w.org\/{rel}","templated":true}]}}