{"id":1069,"date":"2021-02-05T17:13:34","date_gmt":"2021-02-05T16:13:34","guid":{"rendered":"https:\/\/agora.xtec.cat\/iessalvadorespriu-salt\/?page_id=1069"},"modified":"2026-03-02T13:22:11","modified_gmt":"2026-03-02T12:22:11","slug":"matricula","status":"publish","type":"page","link":"https:\/\/agora.xtec.cat\/iessalvadorespriu-salt\/secretaria\/matricula\/","title":{"rendered":"Matr\u00edcula"},"content":{"rendered":"<p>Proc\u00e9s ordinari tancat.<\/p>\n<p><a style=\"background-color: #ff0000; font-size: 12pt; line-height: 22px; border-radius: 4px; cursor: pointer; text-align: center; padding: 5px 50px; margin: 10px; display: inline-block; text-decoration: none; color: white !important;\" href=\"https:\/\/agora.xtec.cat\/iessalvadorespriu-salt\/secretaria\/matricula\/complecio-cfgm\/\" rel=\"noopener\"><strong>PROC\u00c9S DE COMPLECI\u00d3 CFGM<br \/>\n<\/strong><\/a><br \/>\n<!--\n\n\n<div class=\"entry-content\">\n\n<span style=\"color: #0000ff;\"><em><strong>Conv\u00e9 veure aquesta p\u00e0gina amb una pantalla d'ordinador<\/strong> (a m\u00f2bils o tauletes la navegaci\u00f3 no est\u00e0 adaptada)<\/em><\/span>\n\n<\/div>\n\n\n\n\n<div class=\"entry-content\">\n\n\n<table style=\"height: 363px; width: 0%;\">\n\n\n<tbody>\n\n\n<tr style=\"height: 125px;\">\n\n\n<td style=\"width: 4.75066%; text-align: center; height: 125px;\"><strong><a style=\"background-color: #ff6600; font-size: 12pt; line-height: 22px; border-radius: 4px; cursor: pointer; text-align: center; padding: 5px 50px; margin: 10px; display: inline-block; text-decoration: none; color: white !important;\" href=\"https:\/\/agora.xtec.cat\/iessalvadorespriu-salt\/secretaria\/matricula\/matricula-eso\/\" rel=\"noopener\"><strong>ESO\n<\/strong><\/a><\/strong><\/td>\n\n\n\n\n<td style=\"width: 14.0227%; text-align: center; height: 125px;\"><a style=\"background-color: #6c4675; font-size: 12pt; line-height: 18px; border-radius: 4px; cursor: pointer; text-align: center; padding: 5px 50px; margin: 10px; display: inline-block; text-decoration: none; color: white !important;\" href=\"https:\/\/agora.xtec.cat\/iessalvadorespriu-salt\/secretaria\/matricula\/matricula-bat\/\" rel=\"noopener\"><strong>BAT\n<\/strong><\/a><\/td>\n\n\n\n\n<td style=\"width: 21.4554%; text-align: center; height: 125px;\"><a style=\"background-color: #ff0000; font-size: 12pt; line-height: 18px; border-radius: 4px; cursor: pointer; text-align: center; padding: 5px 50px; margin: 10px; display: inline-block; text-decoration: none; color: white !important;\" href=\"https:\/\/agora.xtec.cat\/iessalvadorespriu-salt\/secretaria\/matricula\/matricula-smx-sistemes-microinformatics-i-xarxes\/\" rel=\"noopener\"><strong>SMX\n<\/strong><\/a><\/td>\n\n\n\n\n<td style=\"width: 14.7825%; text-align: center; height: 125px;\"><a style=\"background-color: #00913f; font-size: 12pt; line-height: 18px; border-radius: 4px; cursor: pointer; text-align: center; padding: 5px 50px; margin: 10px; display: inline-block; text-decoration: none; color: white !important;\" href=\"https:\/\/agora.xtec.cat\/iessalvadorespriu-salt\/secretaria\/matricula\/matricula-jardineria\/\" rel=\"noopener\"><strong>JAR\n<\/strong><\/a><\/td>\n\n\n\n\n<td style=\"width: 10.6203%; text-align: center; height: 125px;\"><a style=\"background-color: #0000ff; font-size: 12pt; line-height: 18px; border-radius: 4px; cursor: pointer; text-align: center; padding: 5px 50px; margin: 10px; display: inline-block; text-decoration: none; color: white !important;\" href=\"https:\/\/agora.xtec.cat\/iessalvadorespriu-salt\/secretaria\/matricula\/matricula-GUIAMN\/\" rel=\"noopener\"><strong>GUIAMN<\/strong><\/a><\/td>\n\n\n\n\n<td style=\"width: 20.962%; text-align: center; height: 125px;\"><a style=\"background-color: #ffcc00; font-size: 12pt; line-height: 18px; border-radius: 4px; cursor: pointer; text-align: center; padding: 5px 50px; margin: 10px; display: inline-block; text-decoration: none; color: white !important;\" href=\"https:\/\/agora.xtec.cat\/iessalvadorespriu-salt\/secretaria\/matricula\/matricula-PFI\/\" rel=\"noopener\"><strong>PFI\n<\/strong><\/a><\/td>\n\n\n<\/tr>\n\n\n\n\n<tr style=\"height: 45px;\">\n\n\n<td style=\"width: 86.5936%; text-align: center; height: 45px;\" colspan=\"6\"><b>CALENDARI<\/b><b>\n<\/b><\/td>\n\n\n<\/tr>\n\n\n\n\n<tr style=\"height: 33px;\">\n\n\n<td style=\"width: 4.75066%; text-align: center; height: 212px;\" rowspan=\"5\"><b>Del 25 al 3 de juliol<\/b>\n<b>\n<\/b><b>\n<\/b><b>\n<\/b><b>\n<\/b><\/td>\n\n\n\n\n<td style=\"width: 14.0227%; text-align: center; height: 212px;\" rowspan=\"5\"><b>Del 20 al 30 de juny<\/b>\n<b>\n<\/b><b>\n<\/b><b>\n<\/b><b>\n<\/b><\/td>\n\n\n\n\n<td style=\"width: 46.8582%; text-align: center; height: 33px;\" colspan=\"3\"><b>Calendari Cicles de Grau Mitj\u00e0<\/b><\/td>\n\n\n\n\n<td style=\"width: 20.962%; text-align: center; height: 212px;\" rowspan=\"5\">&nbsp;\n\n<b>Del 7 al 11 de juliol<\/b>\n<b>\n<\/b><b>\n<\/b><b>\n<\/b><b>\n<\/b><\/td>\n\n\n<\/tr>\n\n\n\n\n<tr style=\"height: 80px;\">\n\n\n<td style=\"width: 21.4554%; text-align: center; height: 80px;\"><b>Tanda<\/b><\/td>\n\n\n\n\n<td style=\"width: 14.7825%; text-align: center; height: 80px;\"><b>Confirmaci\u00f3 de matr\u00edcula d'assignacions<\/b><\/td>\n\n\n\n\n<td style=\"width: 10.6203%; text-align: center; height: 80px;\"><b>Completar la matr\u00edcula<\/b><\/td>\n\n\n<\/tr>\n\n\n\n\n<tr style=\"height: 33px;\">\n\n\n<td style=\"width: 21.4554%; text-align: center; height: 33px;\"><b>Primera<\/b><\/td>\n\n\n\n\n<td style=\"width: 14.7825%; text-align: center; height: 33px;\">De l'11 al 14 de juliol<\/td>\n\n\n\n\n<td style=\"width: 10.6203%; text-align: center; height: 33px;\">De l'11 al 23 de juliol<\/td>\n\n\n<\/tr>\n\n\n\n\n<tr style=\"height: 33px;\">\n\n\n<td style=\"width: 21.4554%; text-align: center; height: 33px;\"><b>Segona<\/b><\/td>\n\n\n\n\n<td style=\"width: 14.7825%; text-align: center; height: 33px;\">21 i 22 de juliol<\/td>\n\n\n\n\n<td style=\"width: 10.6203%; text-align: center; height: 33px;\">Del 21 al 23 de juliol<\/td>\n\n\n<\/tr>\n\n\n\n\n<tr style=\"height: 33px;\">\n\n\n<td style=\"width: 21.4554%; text-align: center; height: 33px;\"><b>Tercera<\/b><\/td>\n\n\n\n\n<td style=\"width: 14.7825%; text-align: center; height: 33px;\">30 i 31 de juliol<\/td>\n\n\n\n\n<td style=\"width: 10.6203%; text-align: center; height: 33px;\">Del 30 i 31 de juliol i de l'1 al 4 de setembre<\/td>\n\n\n<\/tr>\n\n\n<\/tbody>\n\n\n<\/table>\n\n\n<\/div>\n\n\n\n\n<div class=\"entry-content\">\n\n\n<div class=\"entry-content\">\n\nPer a resoldre <strong>dubtes,<\/strong> contacti amb <a href=\"https:\/\/agora.xtec.cat\/iessalvadorespriu-salt\/secretaria\/\" target=\"_blank\" rel=\"noopener noreferrer\">les nostres Oficines<\/a>.\n\nV01-25 (2\/10\/25). DIR-SEC. Aquestes dates poden variar, en cas de dubte, consulteu la <a href=\"https:\/\/preinscripcio.gencat.cat\/ca\/inici\/\" target=\"_blank\" rel=\"noopener\">p\u00e0gina del departament d'Educaci\u00f3<\/a>.\n\n<\/div>\n\n\n<\/div>\n\n\n--><\/p>\n","protected":false},"excerpt":{"rendered":"<p>Proc\u00e9s ordinari tancat.<br \/>\n<a style=\"background-color: #ff0000; font-size: 12pt; line-height: 22px; border-radius: 4px; cursor: pointer; text-align: center; padding: 5px 50px; margin: 10px; display: inline-block; text-decoration: none; color: white !important;\" href=\"https:\/\/agora.xtec.cat\/iessalvadorespriu-salt\/secretaria\/matricula\/complecio-cfgm\/\" rel=\"noopener\">PROC\u00c9S DE COMPLECI\u00d3 CFGM<br \/>\n<\/a><\/p>\n","protected":false},"author":10,"featured_media":0,"parent":81,"menu_order":14,"comment_status":"closed","ping_status":"closed","template":"page-templates\/side-menu.php","meta":{"_bbp_topic_count":0,"_bbp_reply_count":0,"_bbp_total_topic_count":0,"_bbp_total_reply_count":0,"_bbp_voice_count":0,"_bbp_anonymous_reply_count":0,"_bbp_topic_count_hidden":0,"_bbp_reply_count_hidden":0,"_bbp_forum_subforum_count":0,"footnotes":""},"class_list":["post-1069","page","type-page","status-publish","hentry"],"post_mailing_queue_ids":[],"_links":{"self":[{"href":"https:\/\/agora.xtec.cat\/iessalvadorespriu-salt\/wp-json\/wp\/v2\/pages\/1069","targetHints":{"allow":["GET"]}}],"collection":[{"href":"https:\/\/agora.xtec.cat\/iessalvadorespriu-salt\/wp-json\/wp\/v2\/pages"}],"about":[{"href":"https:\/\/agora.xtec.cat\/iessalvadorespriu-salt\/wp-json\/wp\/v2\/types\/page"}],"author":[{"embeddable":true,"href":"https:\/\/agora.xtec.cat\/iessalvadorespriu-salt\/wp-json\/wp\/v2\/users\/10"}],"replies":[{"embeddable":true,"href":"https:\/\/agora.xtec.cat\/iessalvadorespriu-salt\/wp-json\/wp\/v2\/comments?post=1069"}],"version-history":[{"count":10,"href":"https:\/\/agora.xtec.cat\/iessalvadorespriu-salt\/wp-json\/wp\/v2\/pages\/1069\/revisions"}],"predecessor-version":[{"id":7337,"href":"https:\/\/agora.xtec.cat\/iessalvadorespriu-salt\/wp-json\/wp\/v2\/pages\/1069\/revisions\/7337"}],"up":[{"embeddable":true,"href":"https:\/\/agora.xtec.cat\/iessalvadorespriu-salt\/wp-json\/wp\/v2\/pages\/81"}],"wp:attachment":[{"href":"https:\/\/agora.xtec.cat\/iessalvadorespriu-salt\/wp-json\/wp\/v2\/media?parent=1069"}],"curies":[{"name":"wp","href":"https:\/\/api.w.org\/{rel}","templated":true}]}}