{"id":565,"date":"2021-07-20T08:56:56","date_gmt":"2021-07-20T06:56:56","guid":{"rendered":"https:\/\/agora.xtec.cat\/iesrovira-forns\/?page_id=565"},"modified":"2023-06-21T12:50:11","modified_gmt":"2023-06-21T10:50:11","slug":"preinscripcio-i-matricula-batxillerat","status":"publish","type":"page","link":"https:\/\/agora.xtec.cat\/iesrovira-forns\/preinscripcio-i-matricula-batxillerat\/","title":{"rendered":"Matr\u00edcula ESO 23\/24"},"content":{"rendered":"<h1 style=\"text-align: center;\"><span style=\"text-decoration: underline;\"><strong>MATRICULACI\u00d3 ESO<\/strong><\/span><\/h1>\n<h1 style=\"text-align: center;\"><span style=\"text-decoration: underline;\"><strong>CURS 2023\/24<\/strong><\/span><\/h1>\n<p><strong>\u00a0<\/strong><\/p>\n<h4><span style=\"text-decoration: underline;\"><strong>Dates de la matricula:<\/strong><\/span><\/h4>\n<ul>\n<li><strong>Del 20 al 28 de juny de 2023 (ambd\u00f3s inclosos)<\/strong><\/li>\n<li><strong>El proc\u00e9s de matriculaci\u00f3 es far\u00e0 de manera presencial i cal que demaneu cita pr\u00e8via.<\/strong><\/li>\n<\/ul>\n<h4><span style=\"text-decoration: underline;\"><strong>Documentaci\u00f3 necess\u00e0ria per la matriculaci\u00f3:<\/strong><\/span><\/h4>\n<table style=\"border-collapse: collapse; width: 100%; height: 741px;\">\n<tbody>\n<tr style=\"height: 62px;\">\n<td style=\"width: 50%; height: 62px;\">\n<ul style=\"font-size: 16px; font-family: 'Helvetica Neue', Helvetica, Helvetica, Arial, sans-serif;\">\n<li>1\u00a0<strong>fotografia mida carnet, recent<\/strong>, indicant nom i cognoms al darrera.<\/li>\n<\/ul>\n<\/td>\n<td style=\"width: 50%; height: 62px;\"><\/td>\n<\/tr>\n<tr style=\"height: 62px;\">\n<td style=\"width: 50%; height: 62px;\">\n<ul style=\"font-size: 16px; font-family: 'Helvetica Neue', Helvetica, Helvetica, Arial, sans-serif;\">\n<li><strong>Fotoc\u00f2pia i original Targeta individual sanit\u00e0ria de l\u2019alumne.<\/strong><\/li>\n<\/ul>\n<\/td>\n<td style=\"width: 50%; height: 62px;\"><\/td>\n<\/tr>\n<tr style=\"height: 62px;\">\n<td style=\"width: 50%; height: 62px;\">\n<ul style=\"font-size: 16px; font-family: 'Helvetica Neue', Helvetica, Helvetica, Arial, sans-serif;\">\n<li><strong>Fotoc\u00f2pia i original DNI o NIE de l\u2019alumne (obligatori a partir de 3r ESO).<\/strong><\/li>\n<\/ul>\n<\/td>\n<td style=\"width: 50%; height: 62px;\"><\/td>\n<\/tr>\n<tr style=\"height: 50px;\">\n<td style=\"width: 50%; height: 50px;\">\n<ul>\n<li><strong style=\"font-size: 16px; background-color: #ffffff;\">Fotoc\u00f2pia i original carnet de vacunacions o<\/strong><span style=\"font-size: 16px; background-color: #ffffff;\"><strong>n constin les dosis de vacunes rebudes i les dates corresponents<\/strong><\/span><\/li>\n<\/ul>\n<ul>\n<li style=\"list-style-type: none;\"><\/li>\n<\/ul>\n<\/td>\n<td style=\"width: 50%; height: 50px;\">\n<ul style=\"margin-bottom: 0px; margin-left: 1.25em; font-size: 16px; font-family: 'Helvetica Neue', Helvetica, Helvetica, Arial, sans-serif; background-color: #ffffff;\">\n<li>Si no es t\u00e9 carnet de vacunacions cal presentar un certificat m\u00e8dic oficial o el carnet de salut amb les dosis de vacuna rebudes i les dates corresponents.<\/li>\n<li>Si el noi o la noia no han estat vacunats per indicaci\u00f3 m\u00e8dica o per altres circumst\u00e0ncies, cal presentar un certificat m\u00e8dic oficial justificatiu.<\/li>\n<\/ul>\n<\/td>\n<\/tr>\n<tr style=\"height: 32px;\">\n<td style=\"width: 50%; height: 32px;\">\n<ul style=\"font-size: 16px; font-family: 'Helvetica Neue', Helvetica, Helvetica, Arial, sans-serif;\">\n<li><strong>Quotes material centre (AEO alumnat a partir de 3r de l\u2019ESO)<\/strong><\/li>\n<\/ul>\n<\/td>\n<td style=\"width: 50%; height: 32px;\">\n<ul>\n<li>Es far\u00e0 mitjan\u00e7ant l\u2019aplicaci\u00f3 \u201cTPV Escola\u201d. Es lliuraran les credencials per fer el pagaments al formalitzar la matr\u00edcula.<\/li>\n<li><strong><a href=\"https:\/\/agora.xtec.cat\/iesrovira-forns\/wp-content\/uploads\/usu2519\/2023\/01\/3.1.-Quota-material-centre-1.doc\">Informaci\u00f3 quota material<\/a><\/strong><\/li>\n<\/ul>\n<\/td>\n<\/tr>\n<tr style=\"height: 32px;\">\n<td style=\"width: 50%; height: 32px;\">\n<ul style=\"font-size: 16px; font-family: 'Helvetica Neue', Helvetica, Helvetica, Arial, sans-serif;\">\n<li><strong>Formulari inscripci\u00f3 i quota de l&#8217;AMPA<\/strong><\/li>\n<\/ul>\n<\/td>\n<td style=\"width: 50%; height: 32px;\">\n<ul>\n<li><strong><a href=\"https:\/\/docs.google.com\/forms\/d\/e\/1FAIpQLSfbvEV5zY581iZSrCD208NAs2Js02N6t4vAlhsHYAT1ujEteA\/viewform\">Acc\u00e9s Formulari<\/a><\/strong><\/li>\n<li><strong><a href=\"https:\/\/agora.xtec.cat\/iesrovira-forns\/wp-content\/uploads\/usu2519\/2023\/01\/3.2.-Quota-AMPA.docx\">Quota AMPA<\/a><\/strong><\/li>\n<\/ul>\n<\/td>\n<\/tr>\n<tr style=\"height: 32px;\">\n<td style=\"width: 50%; height: 32px;\">\n<ul>\n<li><strong style=\"font-family: inherit; font-size: 1em;\">Full petici\u00f3 religi\u00f3 \/ alternativa a la religi\u00f3<\/strong><\/li>\n<\/ul>\n<\/td>\n<td style=\"width: 50%; height: 32px;\">\n<ul>\n<li><strong><a href=\"https:\/\/agora.xtec.cat\/iesrovira-forns\/wp-content\/uploads\/usu2519\/2023\/01\/11.-MODEL-TRIA-RELIGIO-Alternatives.docx\">Full petici\u00f3<\/a><\/strong><\/li>\n<\/ul>\n<\/td>\n<\/tr>\n<tr style=\"height: 72px;\">\n<td style=\"width: 50%; height: 72px;\">\n<ul>\n<li><strong>Optatives alumnat 1r,2n i 3r d&#8217;ES<\/strong><\/li>\n<\/ul>\n<\/td>\n<td style=\"width: 50%; height: 72px;\">\n<ul>\n<li><strong>Recollir el document de descripci\u00f3 de les optatives i el full de sol\u00b7licitud a l&#8217;administraci\u00f3 del centre entre els dies 27 i 29 de juny.<\/strong><\/li>\n<\/ul>\n<\/td>\n<\/tr>\n<tr style=\"height: 32px;\">\n<td style=\"width: 50%; height: 32px;\">\n<ul style=\"font-size: 16px; font-family: 'Helvetica Neue', Helvetica, Helvetica, Arial, sans-serif;\">\n<li><strong>Optatives alumnat<\/strong>\u00a0<strong><span style=\"text-decoration: underline;\">4t ESO<\/span><\/strong><\/li>\n<\/ul>\n<\/td>\n<td style=\"width: 50%; height: 32px;\">\n<ul>\n<li><a href=\"https:\/\/agora.xtec.cat\/iesrovira-forns\/wp-content\/uploads\/usu2519\/2023\/01\/Optatives-4t-ESO-2023-24.pdf\"><strong>Full elecci\u00f3 <\/strong><\/a><\/li>\n<\/ul>\n<\/td>\n<\/tr>\n<tr style=\"height: 32px;\">\n<td style=\"width: 50%; height: 32px;\">\n<ul style=\"font-size: 16px; font-family: 'Helvetica Neue', Helvetica, Helvetica, Arial, sans-serif;\">\n<li><strong>Certificat o darrer butllet\u00ed de qualificacions (2n, 3r i 4t d\u2019ESO)<\/strong><\/li>\n<\/ul>\n<\/td>\n<td style=\"width: 50%; height: 32px;\"><\/td>\n<\/tr>\n<tr style=\"height: 62px;\">\n<td style=\"width: 50%; height: 62px;\">\n<ul style=\"font-size: 16px; font-family: 'Helvetica Neue', Helvetica, Helvetica, Arial, sans-serif;\">\n<li><strong>Autoritzaci\u00f3 activitats complement\u00e0ries<\/strong><\/li>\n<\/ul>\n<\/td>\n<td style=\"width: 50%; height: 62px;\">\n<ul>\n<li><a href=\"https:\/\/agora.xtec.cat\/iesrovira-forns\/wp-content\/uploads\/usu2519\/2023\/01\/5.-autoritzacio-sortides-complementaries.doc\"><strong>Autoritzaci\u00f3<\/strong><\/a><\/li>\n<\/ul>\n<\/td>\n<\/tr>\n<tr style=\"height: 62px;\">\n<td style=\"width: 50%; height: 62px;\">\n<ul style=\"font-size: 16px; font-family: 'Helvetica Neue', Helvetica, Helvetica, Arial, sans-serif;\">\n<li><strong>Full autoritzaci\u00f3 del dret imatge.<\/strong><\/li>\n<\/ul>\n<\/td>\n<td style=\"width: 50%; height: 62px;\">\n<ul style=\"font-size: 16px; font-family: 'Helvetica Neue', Helvetica, Helvetica, Arial, sans-serif;\">\n<li><a href=\"https:\/\/agora.xtec.cat\/iesrovira-forns\/wp-content\/uploads\/usu2519\/2023\/01\/12.1.-Dret-dimatges-14anys.pdf\"><strong>Menors de 14 anys<\/strong><\/a><\/li>\n<li><a href=\"https:\/\/agora.xtec.cat\/iesrovira-forns\/wp-content\/uploads\/usu2519\/2023\/01\/12.2.-Dret-dimatges14anys.pdf\"><strong>M\u00e9s de 14 anys<\/strong><\/a><\/li>\n<\/ul>\n<\/td>\n<\/tr>\n<tr style=\"height: 87px;\">\n<td style=\"width: 50%; height: 87px;\">\n<ul style=\"font-size: 16px; font-family: 'Helvetica Neue', Helvetica, Helvetica, Arial, sans-serif;\">\n<li><strong>Full autoritzaci\u00f3 per a l\u2019\u00fas de serveis i recursos Internet.<\/strong><\/li>\n<\/ul>\n<\/td>\n<td style=\"width: 50%; height: 87px;\">\n<ul style=\"font-size: 16px; font-family: 'Helvetica Neue', Helvetica, Helvetica, Arial, sans-serif;\">\n<li><a href=\"https:\/\/agora.xtec.cat\/iesrovira-forns\/wp-content\/uploads\/usu2519\/2023\/01\/8a.-autoritzacio-14-ALTA-omplert.pdf\"><strong>Menors de 14 anys<\/strong><\/a><\/li>\n<li><a href=\"https:\/\/agora.xtec.cat\/iesrovira-forns\/wp-content\/uploads\/usu2519\/2023\/01\/8b.autoritzacio14-alta-omplert-1.pdf\"><strong>M\u00e9s de 14 anys<\/strong><\/a><\/li>\n<\/ul>\n<\/td>\n<\/tr>\n<tr style=\"height: 62px;\">\n<td style=\"width: 50%; height: 62px;\">\n<ul style=\"font-size: 16px; font-family: 'Helvetica Neue', Helvetica, Helvetica, Arial, sans-serif;\">\n<li><strong>Carta de Comprom\u00eds Educatiu<\/strong><\/li>\n<\/ul>\n<\/td>\n<td style=\"width: 50%; height: 62px;\">\n<ul>\n<li><a href=\"https:\/\/agora.xtec.cat\/iesrovira-forns\/wp-content\/uploads\/usu2519\/2023\/01\/Cartade-compromis.pdf\"><strong>Carta<\/strong><\/a><\/li>\n<\/ul>\n<\/td>\n<\/tr>\n<\/tbody>\n<\/table>\n<p><strong>\u00a0<\/strong><strong>\u00a0<\/strong><\/p>\n<h4><span style=\"text-decoration: underline;\"><strong>Informacions pel proper curs:<\/strong><\/span><\/h4>\n<table style=\"border-collapse: collapse; width: 100%; height: 258px;\">\n<tbody>\n<tr style=\"height: 62px;\">\n<td style=\"width: 50%; height: 63px;\">\n<ul style=\"font-size: 16px; font-family: 'Helvetica Neue', Helvetica, Helvetica, Arial, sans-serif;\">\n<li><strong>Informaci\u00f3 i inscripci\u00f3 menjador.<\/strong><\/li>\n<\/ul>\n<\/td>\n<td style=\"width: 50%; height: 63px;\">\n<ul>\n<li><a href=\"https:\/\/agora.xtec.cat\/iesrovira-forns\/wp-content\/uploads\/usu2519\/2023\/01\/7.-INSCRIPCIO-MENJADOR_2324.rtf\"><strong>Inscripci\u00f3 menjador<\/strong><\/a><\/li>\n<\/ul>\n<\/td>\n<\/tr>\n<tr style=\"height: 56px;\">\n<td style=\"width: 50%; height: 56px;\">\n<ul>\n<li><strong>Llistat material inici de curs 1r ESO<\/strong><\/li>\n<\/ul>\n<\/td>\n<td style=\"width: 50%; height: 56px;\">\n<ul>\n<li><a href=\"https:\/\/agora.xtec.cat\/iesrovira-forns\/wp-content\/uploads\/usu2519\/2023\/01\/15a-Llistat-material-inici-curs-1r-ESO-complert.pdf\"><strong>Material<\/strong><\/a><\/li>\n<\/ul>\n<\/td>\n<\/tr>\n<tr style=\"height: 75px;\">\n<td style=\"width: 50%; height: 75px;\">\n<ul>\n<li><strong style=\"font-size: 16px; background-color: #ffffff;\">Llistat de llibres (pendent de publicar)<\/strong><\/li>\n<\/ul>\n<\/td>\n<td style=\"width: 50%; height: 75px;\">\n<ul style=\"font-size: 16px; font-family: 'Helvetica Neue', Helvetica, Helvetica, Arial, sans-serif;\">\n<li><a href=\"https:\/\/agora.xtec.cat\/iesrovira-forns\/wp-content\/uploads\/usu2519\/2023\/01\/Llibres-1r-ESO-23-24-1.pdf\"><strong>1r ESO<\/strong><\/a><\/li>\n<li><strong>2n ESO<\/strong><\/li>\n<li><strong>3r ESO<\/strong><\/li>\n<li><strong>4t ESO<\/strong><\/li>\n<\/ul>\n<\/td>\n<\/tr>\n<tr style=\"height: 32px;\">\n<td style=\"width: 50%; height: 32px;\">\n<ul style=\"font-size: 16px; font-family: 'Helvetica Neue', Helvetica, Helvetica, Arial, sans-serif; background-color: #f9f9f9;\">\n<li><strong>Llibres digitals i PC port\u00e0tils<\/strong><\/li>\n<\/ul>\n<\/td>\n<td style=\"width: 50%; height: 32px;\">\n<ul>\n<li><a href=\"https:\/\/agora.xtec.cat\/iesrovira-forns\/wp-content\/uploads\/usu2519\/2023\/01\/14a-.-Informacio-PC-i-llibres-digitals.pdf\"><strong>Digital<\/strong><\/a><\/li>\n<\/ul>\n<\/td>\n<\/tr>\n<tr style=\"height: 32px;\">\n<td style=\"width: 50%; height: 32px;\">\n<ul style=\"font-size: 16px; font-family: 'Helvetica Neue', Helvetica, Helvetica, Arial, sans-serif;\">\n<li><strong>Reutilitzaci\u00f3 de llibres Iddink (Projecte AMPA)<\/strong><\/li>\n<\/ul>\n<\/td>\n<td style=\"width: 50%; height: 32px;\">\n<ul>\n<li><a href=\"https:\/\/agora.xtec.cat\/iesrovira-forns\/wp-content\/uploads\/usu2519\/2023\/01\/Iddink-23_24.pdf\"><strong>IDDINK<\/strong><\/a><\/li>\n<\/ul>\n<\/td>\n<\/tr>\n<\/tbody>\n<\/table>\n","protected":false},"excerpt":{"rendered":"<p>MATRICULACI\u00d3 ESO<br \/>\nCURS 2023\/24<br \/>\n\u00a0<br \/>\nDates de la matricula:<\/p>\n<ul>\n<li>Del 20 al 28 de juny de 2023 (ambd\u00f3s inclosos)<\/li>\n<li>El proc\u00e9s de matriculaci\u00f3 es far\u00e0 de manera presencial i cal que demaneu cita pr\u00e8via.<\/li>\n<\/ul>\n<p>Documentaci\u00f3 necess\u00e0ria per la matriculaci\u00f3:<\/p>\n<ul style=\"font-size: 16px; font-family: 'Helvetica Neue', Helvetica, Helvetica, Arial, sans-serif;\">\n<li>1\u00a0fotografia mida carnet, recent,&hellip;  <a href=\"https:\/\/agora.xtec.cat\/iesrovira-forns\/preinscripcio-i-matricula-batxillerat\/\" title=\"Read Matr\u00edcula ESO 23\/24\">Llegeix m\u00e9s\u00bb<\/a><br \/>\n","protected":false},"author":1,"featured_media":0,"parent":0,"menu_order":0,"comment_status":"closed","ping_status":"closed","template":"","meta":{"_bbp_topic_count":0,"_bbp_reply_count":0,"_bbp_total_topic_count":0,"_bbp_total_reply_count":0,"_bbp_voice_count":0,"_bbp_anonymous_reply_count":0,"_bbp_topic_count_hidden":0,"_bbp_reply_count_hidden":0,"_bbp_forum_subforum_count":0,"footnotes":""},"class_list":["post-565","page","type-page","status-publish","hentry"],"post_mailing_queue_ids":[],"_links":{"self":[{"href":"https:\/\/agora.xtec.cat\/iesrovira-forns\/wp-json\/wp\/v2\/pages\/565","targetHints":{"allow":["GET"]}}],"collection":[{"href":"https:\/\/agora.xtec.cat\/iesrovira-forns\/wp-json\/wp\/v2\/pages"}],"about":[{"href":"https:\/\/agora.xtec.cat\/iesrovira-forns\/wp-json\/wp\/v2\/types\/page"}],"author":[{"embeddable":true,"href":"https:\/\/agora.xtec.cat\/iesrovira-forns\/wp-json\/wp\/v2\/users\/1"}],"replies":[{"embeddable":true,"href":"https:\/\/agora.xtec.cat\/iesrovira-forns\/wp-json\/wp\/v2\/comments?post=565"}],"version-history":[{"count":4,"href":"https:\/\/agora.xtec.cat\/iesrovira-forns\/wp-json\/wp\/v2\/pages\/565\/revisions"}],"predecessor-version":[{"id":2385,"href":"https:\/\/agora.xtec.cat\/iesrovira-forns\/wp-json\/wp\/v2\/pages\/565\/revisions\/2385"}],"wp:attachment":[{"href":"https:\/\/agora.xtec.cat\/iesrovira-forns\/wp-json\/wp\/v2\/media?parent=565"}],"curies":[{"name":"wp","href":"https:\/\/api.w.org\/{rel}","templated":true}]}}